--
-- Host: localhost    Database: CWZ_dev
-- ------------------------------------------------------


--
-- Table structure for table `Account`
--

CREATE TABLE `Account` (
  `id` int NOT NULL AUTO_INCREMENT,
  `login` varchar(32) NOT NULL,
  `passwd` char(40) NOT NULL,
  `email` varchar(128) DEFAULT NULL,
  `joined` datetime DEFAULT NULL,
  `lastlog` datetime DEFAULT NULL,
  `tier` int DEFAULT NULL,
  `slots` int DEFAULT NULL,
  `codes` int DEFAULT NULL,
  `flags` varchar(400) DEFAULT NULL,
  `sess` varchar(400) DEFAULT NULL,
  PRIMARY KEY (`id`)
) ENGINE=InnoDB AUTO_INCREMENT=9 DEFAULT CHARSET=utf8mb4 COLLATE=utf8mb4_0900_ai_ci;

--
-- Dumping data for table `Account`
--

INSERT INTO `Account` VALUES (1,'cwzwhodi','54a270f9f25c325cbfdd52cdec9aeb89fcc0a945','aabad777@gmail.com','2022-02-19 00:49:19','2022-02-19 00:49:19',100,25,10,NULL,NULL),(2,'vader','34bcdf98deb05825ee8f40bad4b5912df89b0b95','darkvader0@live.com','2022-02-19 00:54:34','2022-02-19 00:54:34',100,25,10,NULL,'con_lastmsg:991,aid:0,sid:0,chat_lastmsg:1,pid:211,pg:squad.cgi,charnm:Chill11,slots:25,login_id:2,chat_chan:1,slot:11,created:2022-06-30 21,squadnm:'),(6,'blu','fed8e0354adeaf7975ced5ca0c229e8222eaa95b','blu','2022-03-10 04:59:34','2022-03-10 04:59:34',1,1,0,NULL,NULL),(7,'fat','f684bcac2f0d38e3fcce2ae3309f7ff1eabcbfbe','aabad777@gmail.com','2022-03-10 14:45:41','2022-03-10 14:45:41',1,1,0,NULL,NULL),(8,'mcoons','2ef0ce7930e5588c5cdd5bce45882ba5c446763c','mc','2022-03-30 22:17:14','2022-03-30 22:17:14',1,1,0,NULL,NULL);

--
-- Table structure for table `Chat`
--

CREATE TABLE `Chat` (
  `id` int NOT NULL AUTO_INCREMENT,
  `ts` datetime DEFAULT NULL,
  `chan` int DEFAULT NULL,
  `aid` int DEFAULT NULL,
  `sid` int DEFAULT NULL,
  `pid` int DEFAULT NULL,
  `msg` varchar(255) DEFAULT NULL,
  PRIMARY KEY (`id`)
) ENGINE=InnoDB AUTO_INCREMENT=55 DEFAULT CHARSET=utf8mb4 COLLATE=utf8mb4_0900_ai_ci;

--
-- Dumping data for table `Chat`
--

INSERT INTO `Chat` VALUES (1,'2022-05-24 22:15:29',1,NULL,NULL,NULL,'Test Message');

--
-- Table structure for table `Console`
--

CREATE TABLE `Console` (
  `id` int NOT NULL AUTO_INCREMENT,
  `ts` datetime DEFAULT NULL,
  `chan` int DEFAULT NULL,
  `aid` int DEFAULT NULL,
  `sid` int DEFAULT NULL,
  `pid` int DEFAULT NULL,
  `msg` varchar(255) DEFAULT NULL,
  PRIMARY KEY (`id`)
) ENGINE=InnoDB AUTO_INCREMENT=1005 DEFAULT CHARSET=utf8mb4 COLLATE=utf8mb4_0900_ai_ci;

--
-- Dumping data for table `Console`
--

INSERT INTO `Console` VALUES (1,'2022-06-30 17:20:38',0,0,0,0,'Test Message'),(479,'2022-06-30 21:50:50',4,0,0,207,'You\'ve increased your Funding by 34! Your Investors collect $235,000.00 in cash!   '),(480,'2022-06-30 22:13:17',4,0,0,207,'You\'ve increased your Funding by 28! Your Investors collect $235,000.00 in cash!   '),(481,'2022-06-30 21:50:51',4,0,0,207,'You\'ve increased your Funding by 28! Your Investors collect $235,000.00 in cash!   '),(482,'2022-06-30 21:50:52',4,0,0,207,'You\'ve increased your Funding by 12! Your Investors collect $235,000.00 in cash!   '),(483,'2022-06-30 21:50:52',4,0,0,207,'You\'ve increased your Funding by 20! Your Investors collect $235,000.00 in cash!   '),(484,'2022-06-30 21:50:52',4,0,0,207,'You\'ve increased your Funding by 28! Your Investors collect $235,000.00 in cash!   '),(485,'2022-06-30 21:50:52',4,0,0,207,'You\'ve increased your Funding by 27! Your Investors collect $235,000.00 in cash!   '),(486,'2022-06-30 21:50:52',4,0,0,207,'You\'ve increased your Funding by 18! Your Investors collect $235,000.00 in cash!   '),(487,'2022-06-30 21:50:55',4,0,0,206,'You\'ve increased your Funding by 18! Your Investors collect $235,000.00 in cash!   '),(488,'2022-06-30 21:50:56',4,0,0,206,'You\'ve increased your Funding by 15! Your Investors collect $235,000.00 in cash!   '),(489,'2022-06-30 21:50:56',4,0,0,206,'You\'ve increased your Funding by 23! Your Investors collect $235,000.00 in cash!   '),(490,'2022-06-30 21:50:56',4,0,0,206,'You\'ve increased your Funding by 20! Your Investors collect $235,000.00 in cash!   '),(491,'2022-06-30 21:51:01',4,0,0,205,'You\'ve increased your Funding by 10! Your Investors collect $235,000.00 in cash!   '),(492,'2022-06-30 21:51:02',4,0,0,205,'You\'ve increased your Funding by 15! Your Investors collect $235,000.00 in cash!   '),(493,'2022-06-30 21:51:02',4,0,0,205,'You\'ve increased your Funding by 23! Your Investors collect $235,000.00 in cash!   '),(494,'2022-06-30 21:51:02',4,0,0,205,'You\'ve increased your Funding by 24! Your Investors collect $235,000.00 in cash!   '),(495,'2022-06-30 21:51:05',4,0,0,208,'You\'ve increased your Funding by 24! Your Investors collect $235,000.00 in cash!   '),(496,'2022-06-30 21:51:05',4,0,0,208,'You\'ve increased your Funding by 21! Your Investors collect $235,000.00 in cash!   '),(497,'2022-06-30 21:51:08',4,0,0,209,'You\'ve increased your Funding by 34! Your Investors collect $235,000.00 in cash!   '),(498,'2022-06-30 21:51:08',4,0,0,209,'You\'ve increased your Funding by 20! Your Investors collect $235,000.00 in cash!   '),(499,'2022-07-01 07:59:59',4,0,0,202,'You\'ve increased your Funding by 22! Your Investors collect $235,000.00 in cash!   '),(500,'2022-07-01 07:59:59',4,0,0,202,'You\'ve increased your Funding by 35! Your Investors collect $235,000.00 in cash!   '),(501,'2022-07-01 08:00:02',4,0,0,203,'You\'ve increased your Funding by 11! Your Investors collect $235,000.00 in cash!   '),(502,'2022-07-01 08:00:02',4,0,0,203,'You\'ve increased your Funding by 27! Your Investors collect $235,000.00 in cash!   '),(503,'2022-07-01 08:00:02',4,0,0,203,'You\'ve increased your Funding by 34! Your Investors collect $235,000.00 in cash!   '),(504,'2022-07-01 08:00:05',4,0,0,204,'You\'ve increased your Funding by 19! Your Investors collect $235,000.00 in cash!   '),(505,'2022-07-01 08:00:05',4,0,0,204,'You\'ve increased your Funding by 21! Your Investors collect $235,000.00 in cash!   '),(506,'2022-07-01 08:00:05',4,0,0,204,'You\'ve increased your Funding by 28! Your Investors collect $235,000.00 in cash!   '),(507,'2022-07-01 08:00:06',4,0,0,204,'You\'ve increased your Funding by 31! Your Investors collect $235,000.00 in cash!   '),(508,'2022-07-01 08:00:08',4,0,0,205,'You\'ve increased your Funding by 20! Your Investors collect $235,000.00 in cash!   '),(509,'2022-07-01 08:00:08',4,0,0,205,'You\'ve increased your Funding by 19! Your Investors collect $235,000.00 in cash!   '),(510,'2022-07-01 08:00:09',4,0,0,205,'You\'ve increased your Funding by 23! Your Investors collect $235,000.00 in cash!   '),(511,'2022-07-01 08:00:09',4,0,0,205,'You\'ve increased your Funding by 13! Your Investors collect $235,000.00 in cash!   '),(512,'2022-07-01 08:00:09',4,0,0,205,'You\'ve increased your Funding by 14! Your Investors collect $235,000.00 in cash!   '),(513,'2022-07-01 08:00:17',4,0,0,201,'You\'ve increased your Funding by 29! Your Investors collect $235,000.00 in cash!   '),(514,'2022-07-01 14:10:40',4,0,0,210,'You\'ve increased your Strength by 33! Your Investors collect $235,000.00 in cash!   '),(515,'2022-07-01 14:10:40',4,0,0,210,'You\'ve increased your Strength by 35! Your Investors collect $235,000.00 in cash!   '),(516,'2022-07-01 14:10:41',4,0,0,210,'You\'ve increased your Strength by 30! Your Investors collect $235,000.00 in cash!   '),(517,'2022-07-01 14:10:41',4,0,0,210,'You\'ve increased your Strength by 20! Your Investors collect $235,000.00 in cash!   '),(518,'2022-07-01 14:10:41',4,0,0,210,'You\'ve increased your Strength by 29! Your Investors collect $235,000.00 in cash!   '),(519,'2022-07-01 14:10:41',4,0,0,210,'You\'ve increased your Strength by 15! Your Investors collect $235,000.00 in cash!   '),(520,'2022-07-01 14:10:44',4,0,0,209,'You\'ve increased your Strength by 21! Your Investors collect $235,000.00 in cash!   '),(521,'2022-07-01 14:33:14',4,0,0,211,'You\'ve increased your Strength by 33! Your Investors collect $235,000.00 in cash!   '),(522,'2022-07-01 14:10:47',4,0,0,211,'You\'ve increased your Strength by 24! Your Investors collect $235,000.00 in cash!   '),(523,'2022-07-01 14:10:47',4,0,0,211,'You\'ve increased your Strength by 18! Your Investors collect $235,000.00 in cash!   '),(524,'2022-07-01 14:10:50',4,0,0,212,'You\'ve increased your Strength by 16! Your Investors collect $235,000.00 in cash!   '),(525,'2022-07-01 14:10:51',4,0,0,212,'You\'ve increased your Strength by 16! Your Investors collect $235,000.00 in cash!   '),(526,'2022-07-01 14:10:52',4,0,0,212,'You\'ve increased your Strength by 31! Your Investors collect $235,000.00 in cash!   '),(527,'2022-07-01 14:10:57',4,0,0,213,'You\'ve increased your Strength by 33! Your Investors collect $235,000.00 in cash!   '),(528,'2022-07-01 14:33:24',4,0,0,213,'You\'ve increased your Strength by 29! Your Investors collect $235,000.00 in cash!   '),(529,'2022-07-01 14:10:57',4,0,0,213,'You\'ve increased your Strength by 25! Your Investors collect $235,000.00 in cash!   '),(530,'2022-07-01 14:11:00',4,0,0,214,'You\'ve increased your Strength by 27! Your Investors collect $235,000.00 in cash!   '),(531,'2022-07-01 14:11:01',4,0,0,214,'You\'ve increased your Strength by 16! Your Investors collect $235,000.00 in cash!   '),(532,'2022-07-01 14:11:01',4,0,0,214,'You\'ve increased your Strength by 27! Your Investors collect $235,000.00 in cash!   '),(533,'2022-07-01 14:11:01',4,0,0,214,'You\'ve increased your Strength by 24! Your Investors collect $235,000.00 in cash!   '),(534,'2022-07-01 14:11:08',4,0,0,215,'You\'ve increased your Strength by 22! Your Investors collect $235,000.00 in cash!   '),(535,'2022-07-01 14:11:08',4,0,0,215,'You\'ve increased your Strength by 31! Your Investors collect $235,000.00 in cash!   '),(536,'2022-07-01 14:11:08',4,0,0,215,'You\'ve increased your Strength by 35! Your Investors collect $235,000.00 in cash!   '),(537,'2022-07-01 14:11:15',4,0,0,216,'You\'ve increased your Strength by 20! Your Investors collect $235,000.00 in cash!   '),(538,'2022-07-01 14:11:21',4,0,0,217,'You\'ve increased your Strength by 28! Your Investors collect $235,000.00 in cash!   '),(539,'2022-07-01 14:11:21',4,0,0,217,'You\'ve increased your Strength by 11! Your Investors collect $235,000.00 in cash!   '),(540,'2022-07-01 14:11:21',4,0,0,217,'You\'ve increased your Strength by 17! Your Investors collect $235,000.00 in cash!   '),(541,'2022-07-01 14:11:25',4,0,0,218,'You\'ve increased your Strength by 25! Your Investors collect $235,000.00 in cash!   '),(542,'2022-07-01 14:11:25',4,0,0,218,'You\'ve increased your Strength by 30! Your Investors collect $235,000.00 in cash!   '),(543,'2022-07-01 14:12:27',4,0,0,220,'You\'ve increased your Strength by 27! Your Investors collect $235,000.00 in cash!   '),(544,'2022-07-01 14:34:54',4,0,0,220,'You\'ve increased your Strength by 34! Your Investors collect $235,000.00 in cash!   '),(545,'2022-07-01 14:12:27',4,0,0,220,'You\'ve increased your Strength by 11! Your Investors collect $235,000.00 in cash!   '),(546,'2022-07-01 14:12:30',4,0,0,221,'You\'ve increased your Strength by 27! Your Investors collect $235,000.00 in cash!   '),(547,'2022-07-01 14:12:31',4,0,0,221,'You\'ve increased your Strength by 24! Your Investors collect $235,000.00 in cash!   '),(548,'2022-07-01 14:12:31',4,0,0,221,'You\'ve increased your Strength by 24! Your Investors collect $235,000.00 in cash!   '),(549,'2022-07-01 14:12:37',4,0,0,221,'You\'ve increased your Strength by 11! Your Investors collect $235,000.00 in cash!   '),(550,'2022-07-01 14:12:37',4,0,0,221,'You\'ve increased your Strength by 14! Your Investors collect $235,000.00 in cash!   '),(551,'2022-07-01 14:12:37',4,0,0,221,'You\'ve increased your Strength by 25! Your Investors collect $235,000.00 in cash!   '),(552,'2022-07-01 14:35:04',4,0,0,221,'You\'ve increased your Strength by 13! Your Investors collect $235,000.00 in cash!   '),(553,'2022-07-01 14:12:37',4,0,0,221,'You\'ve increased your Strength by 24! Your Investors collect $235,000.00 in cash!   '),(554,'2022-07-01 14:12:37',4,0,0,221,'You\'ve increased your Strength by 20! Your Investors collect $235,000.00 in cash!   '),(555,'2022-07-01 14:12:37',4,0,0,221,'You\'ve increased your Strength by 11! Your Investors collect $235,000.00 in cash!   '),(556,'2022-07-01 14:12:38',4,0,0,221,'You\'ve increased your Strength by 19! Your Investors collect $235,000.00 in cash!   '),(557,'2022-07-01 14:12:38',4,0,0,221,'You\'ve increased your Strength by 25! Your Investors collect $235,000.00 in cash!   '),(558,'2022-07-01 14:12:38',4,0,0,221,'You\'ve increased your Strength by 30! Your Investors collect $235,000.00 in cash!   '),(559,'2022-07-01 14:12:38',4,0,0,221,'You\'ve increased your Strength by 12! Your Investors collect $235,000.00 in cash!   '),(560,'2022-07-01 14:12:38',4,0,0,221,'You\'ve increased your Strength by 12! Your Investors collect $235,000.00 in cash!   '),(561,'2022-07-01 14:12:38',4,0,0,221,'You\'ve increased your Strength by 22! Your Investors collect $235,000.00 in cash!   '),(562,'2022-07-01 14:12:41',4,0,0,222,'You\'ve increased your Strength by 33! Your Investors collect $235,000.00 in cash!   '),(563,'2022-07-01 14:12:42',4,0,0,222,'You\'ve increased your Strength by 18! Your Investors collect $235,000.00 in cash!   '),(564,'2022-07-01 14:12:42',4,0,0,222,'You\'ve increased your Strength by 19! Your Investors collect $235,000.00 in cash!   '),(565,'2022-07-01 14:12:42',4,0,0,222,'You\'ve increased your Strength by 33! Your Investors collect $235,000.00 in cash!   '),(566,'2022-07-01 14:12:42',4,0,0,222,'You\'ve increased your Strength by 28! Your Investors collect $235,000.00 in cash!   '),(567,'2022-07-01 14:12:42',4,0,0,222,'You\'ve increased your Strength by 32! Your Investors collect $235,000.00 in cash!   '),(568,'2022-07-01 14:12:42',4,0,0,222,'You\'ve increased your Strength by 29! Your Investors collect $235,000.00 in cash!   '),(569,'2022-07-01 14:12:42',4,0,0,222,'You\'ve increased your Strength by 27! Your Investors collect $235,000.00 in cash!   '),(570,'2022-07-01 14:12:43',4,0,0,222,'You\'ve increased your Strength by 27! Your Investors collect $235,000.00 in cash!   '),(571,'2022-07-01 14:12:45',4,0,0,223,'You\'ve increased your Strength by 15! Your Investors collect $235,000.00 in cash!   '),(572,'2022-07-01 14:12:45',4,0,0,223,'You\'ve increased your Strength by 11! Your Investors collect $235,000.00 in cash!   '),(573,'2022-07-01 14:12:45',4,0,0,223,'You\'ve increased your Strength by 11! Your Investors collect $235,000.00 in cash!   '),(574,'2022-07-01 14:12:46',4,0,0,223,'You\'ve increased your Strength by 14! Your Investors collect $235,000.00 in cash!   '),(575,'2022-07-01 14:12:46',4,0,0,223,'You\'ve increased your Strength by 17! Your Investors collect $235,000.00 in cash!   '),(576,'2022-07-01 14:12:46',4,0,0,223,'You\'ve increased your Strength by 14! Your Investors collect $235,000.00 in cash!   '),(577,'2022-07-01 14:12:46',4,0,0,223,'You\'ve increased your Strength by 33! Your Investors collect $235,000.00 in cash!   '),(578,'2022-07-01 14:12:46',4,0,0,223,'You\'ve increased your Strength by 16! Your Investors collect $235,000.00 in cash!   '),(579,'2022-07-01 14:12:46',4,0,0,223,'You\'ve increased your Strength by 11! Your Investors collect $235,000.00 in cash!   '),(580,'2022-07-01 15:10:18',4,0,0,219,'You\'ve increased your Strength by 31! Your Investors collect $235,000.00 in cash!   '),(581,'2022-07-01 15:32:45',4,0,0,219,'You\'ve increased your Strength by 32! Your Investors collect $235,000.00 in cash!   '),(582,'2022-07-06 22:14:47',4,0,1,201,'You sell all your coins for $111,468,087.00!'),(583,'2022-07-06 22:19:04',4,0,1,201,'You sell all your coins for $111,666,555.00!'),(584,'2022-07-06 22:19:04',4,0,1,201,'Transaction complete.  You purchase 670 units of Bitcoin for $0.00!'),(585,'2022-07-06 22:20:42',4,0,1,201,'You sell all your coins for $223,333,110.00!'),(586,'2022-07-06 22:43:24',4,0,1,201,'Transaction complete.  You purchase 1340 units of Bitcoin for $446,666,220.00!'),(587,'2022-07-06 22:21:05',4,0,1,201,'You sell all your coins for $446,666,220.00!'),(588,'2022-07-06 22:21:05',4,0,1,201,'Transaction complete.  You purchase 1340 units of Bitcoin for $446,666,220.00!'),(589,'2022-07-06 22:21:25',4,0,1,201,'You sell all your coins for $446,666,220.00!'),(590,'2022-07-06 22:21:25',4,0,1,201,'Transaction complete.  You purchase 1340 units of Bitcoin Warz for $446,666,220.00!'),(591,'2022-07-06 22:21:32',4,0,1,201,'You sell all your coins for $446,666,220.00!'),(592,'2022-07-06 22:21:32',4,0,1,201,'Transaction complete.  You purchase 211807 units of Fethereum for $446,700,963.00!'),(593,'2022-07-06 22:23:52',4,0,1,201,'You sell all your coins for $446,700,963.00!'),(594,'2022-07-06 22:23:52',4,0,1,201,'Transaction complete.  You purchase 211807 units of Fethereum for $446,700,963.00!'),(595,'2022-07-06 22:48:20',4,0,1,201,'You sell all your cryptocurrency for $446,700,963.00!'),(596,'2022-07-06 22:48:31',4,0,1,201,'Transaction complete.  You purchase 6115027 units of Trinance for $446,702,722.35!'),(597,'2022-07-06 22:50:50',4,0,1,201,'Transaction complete.  You purchase 1523 units of Bitcoin for $507,666,159.00!'),(598,'2022-07-06 22:51:00',4,0,1,201,'Transaction complete.  You purchase 6115027 units of Trinance for $507,852,992.35!'),(599,'2022-07-06 22:51:08',4,0,1,201,'Transaction complete.  You purchase 41055216 units of Gamelink for $507,853,021.92!'),(600,'2022-07-06 22:51:15',4,0,1,201,'Transaction complete.  You purchase 1523 units of Bitcoin Warz for $507,666,159.00!'),(601,'2022-07-06 22:52:10',4,0,1,201,'Transaction complete.  You purchase 1523 units of Bitcoin for $507,666,159.00!'),(602,'2022-07-08 10:16:29',4,0,1,202,'You\'ve increased your Strength by 264! Your Investors collect $2,350,000.00 in cash!   '),(603,'2022-07-08 10:16:30',4,0,1,202,'You\'ve increased your Strength by 346! Your Investors collect $2,350,000.00 in cash!   '),(604,'2022-07-08 10:16:31',4,0,1,202,'You\'ve increased your Strength by 236! Your Investors collect $2,350,000.00 in cash!   '),(605,'2022-07-08 10:16:31',4,0,1,202,'You\'ve increased your Strength by 323! Your Investors collect $2,350,000.00 in cash!   '),(606,'2022-07-08 10:16:50',4,0,1,202,'Transaction complete.  You purchase 10 units of Fethereum for $21,090.00!'),(607,'2022-07-08 10:17:02',4,0,1,202,'Transaction complete.  You purchase 10 units of Bitcoin Warz for $3,333,330.00!'),(608,'2022-07-08 10:17:13',4,0,1,202,'Transaction complete.  You purchase 10 units of Bitcoin for $3,333,330.00!'),(609,'2022-07-08 10:17:24',4,0,1,202,'Transaction complete.  You purchase 10 units of Logecoin for $0.72!'),(610,'2022-07-08 13:59:05',4,0,1,203,'Transaction complete.  You purchase 334 units of Fethereum for $704,406.00!'),(611,'2022-07-08 14:39:04',4,0,1,204,'Transaction complete.  You purchase 13146853 units of Logecoin for $939,999.99!'),(612,'2022-07-08 14:39:51',4,0,1,204,'Transaction complete.  You purchase 13146853 units of Logecoin for $939,999.99!'),(613,'2022-07-08 15:02:32',4,0,1,204,'Transaction complete.  You purchase 13146853 units of Logecoin for $939,999.99!'),(614,'2022-07-08 14:40:32',4,0,1,204,'Transaction complete.  You purchase 13146853 units of Logecoin for $939,999.99!'),(615,'2022-07-08 14:41:58',4,0,1,205,'Transaction complete.  You purchase 6 units of Bitcoin for $1,999,998.00!'),(616,'2022-07-08 14:43:10',4,0,1,206,'Transaction complete.  You purchase 75990 units of Gamelink for $939,996.30!'),(617,'2022-07-20 21:57:31',4,0,1,201,'You\'ve increased your Strength by 328! Your Investors collect $2,350,000.00 in cash!   '),(618,'2022-07-20 21:57:31',4,0,1,201,'You\'ve increased your Strength by 191! Your Investors collect $2,350,000.00 in cash!   '),(619,'2022-07-20 21:57:32',4,0,1,201,'You\'ve increased your Strength by 362! Your Investors collect $2,350,000.00 in cash!   '),(620,'2022-07-20 21:57:38',4,0,1,203,'You\'ve increased your Strength by 395! Your Investors collect $2,350,000.00 in cash!   '),(621,'2022-07-20 21:57:38',4,0,1,203,'You\'ve increased your Strength by 392! Your Investors collect $2,350,000.00 in cash!   '),(622,'2022-07-20 21:57:39',4,0,1,203,'You\'ve increased your Strength by 343! Your Investors collect $2,350,000.00 in cash!   '),(623,'2022-07-20 21:57:42',4,0,1,204,'You\'ve increased your Strength by 253! Your Investors collect $2,350,000.00 in cash!   '),(624,'2022-07-20 21:57:42',4,0,1,204,'You\'ve increased your Strength by 338! Your Investors collect $2,350,000.00 in cash!   '),(625,'2022-07-20 21:57:42',4,0,1,204,'You\'ve increased your Strength by 284! Your Investors collect $2,350,000.00 in cash!   '),(626,'2022-07-20 21:57:45',4,0,1,205,'You\'ve increased your Strength by 264! Your Investors collect $2,350,000.00 in cash!   '),(627,'2022-07-20 21:57:46',4,0,1,205,'You\'ve increased your Strength by 166! Your Investors collect $2,350,000.00 in cash!   '),(628,'2022-07-20 21:57:46',4,0,1,205,'You\'ve increased your Strength by 164! Your Investors collect $2,350,000.00 in cash!   '),(629,'2022-07-20 21:57:49',4,0,1,206,'You\'ve increased your Strength by 162! Your Investors collect $2,350,000.00 in cash!   '),(630,'2022-07-20 21:57:49',4,0,1,206,'You\'ve increased your Strength by 296! Your Investors collect $2,350,000.00 in cash!   '),(631,'2022-07-20 21:57:49',4,0,1,206,'You\'ve increased your Strength by 231! Your Investors collect $2,350,000.00 in cash!   '),(632,'2022-07-20 21:57:52',4,0,1,207,'You\'ve increased your Strength by 414! Your Investors collect $2,350,000.00 in cash!   '),(633,'2022-07-20 21:57:53',4,0,1,207,'You\'ve increased your Strength by 322! Your Investors collect $2,350,000.00 in cash!   '),(634,'2022-07-20 21:57:53',4,0,1,207,'You\'ve increased your Strength by 185! Your Investors collect $2,350,000.00 in cash!   '),(635,'2022-07-20 21:57:57',4,0,1,208,'You\'ve increased your Strength by 387! Your Investors collect $2,350,000.00 in cash!   '),(636,'2022-07-20 21:57:57',4,0,1,208,'You\'ve increased your Strength by 422! Your Investors collect $2,350,000.00 in cash!   '),(637,'2022-07-20 21:57:58',4,0,1,208,'You\'ve increased your Strength by 174! Your Investors collect $2,350,000.00 in cash!   '),(638,'2022-07-20 21:58:00',4,0,1,209,'You\'ve increased your Strength by 218! Your Investors collect $2,350,000.00 in cash!   '),(639,'2022-07-20 21:58:01',4,0,1,209,'You\'ve increased your Strength by 421! Your Investors collect $2,350,000.00 in cash!   '),(640,'2022-07-20 21:58:01',4,0,1,209,'You\'ve increased your Strength by 110! Your Investors collect $2,350,000.00 in cash!   '),(641,'2022-07-20 21:58:04',4,0,1,210,'You\'ve increased your Strength by 289! Your Investors collect $2,350,000.00 in cash!   '),(642,'2022-07-20 21:58:05',4,0,1,210,'You\'ve increased your Strength by 146! Your Investors collect $2,350,000.00 in cash!   '),(643,'2022-07-20 21:58:05',4,0,1,210,'You\'ve increased your Strength by 252! Your Investors collect $2,350,000.00 in cash!   '),(644,'2022-07-20 21:58:08',4,0,0,211,'You\'ve increased your Strength by 258! Your Investors collect $2,350,000.00 in cash!   '),(645,'2022-07-20 21:58:08',4,0,0,211,'You\'ve increased your Strength by 204! Your Investors collect $2,350,000.00 in cash!   '),(646,'2022-07-20 21:58:08',4,0,0,211,'You\'ve increased your Strength by 316! Your Investors collect $2,350,000.00 in cash!   '),(647,'2022-07-20 21:58:12',4,0,0,212,'You\'ve increased your Strength by 408! Your Investors collect $2,350,000.00 in cash!   '),(648,'2022-07-20 21:58:12',4,0,0,212,'You\'ve increased your Strength by 192! Your Investors collect $2,350,000.00 in cash!   '),(649,'2022-07-20 21:58:12',4,0,0,212,'You\'ve increased your Strength by 219! Your Investors collect $2,350,000.00 in cash!   '),(650,'2022-07-20 21:58:15',4,0,0,213,'You\'ve increased your Strength by 355! Your Investors collect $2,350,000.00 in cash!   '),(651,'2022-07-20 21:58:15',4,0,0,213,'You\'ve increased your Strength by 230! Your Investors collect $2,350,000.00 in cash!   '),(652,'2022-07-20 21:58:16',4,0,0,213,'You\'ve increased your Strength by 267! Your Investors collect $2,350,000.00 in cash!   '),(653,'2022-07-20 21:58:19',4,0,0,214,'You\'ve increased your Strength by 387! Your Investors collect $2,350,000.00 in cash!   '),(654,'2022-07-20 21:58:19',4,0,0,214,'You\'ve increased your Strength by 311! Your Investors collect $2,350,000.00 in cash!   '),(655,'2022-07-20 21:58:19',4,0,0,214,'You\'ve increased your Strength by 238! Your Investors collect $2,350,000.00 in cash!   '),(656,'2022-07-20 21:58:22',4,0,0,215,'You\'ve increased your Strength by 358! Your Investors collect $2,350,000.00 in cash!   '),(657,'2022-07-20 21:58:22',4,0,0,215,'You\'ve increased your Strength by 319! Your Investors collect $2,350,000.00 in cash!   '),(658,'2022-07-20 21:58:23',4,0,0,215,'You\'ve increased your Strength by 401! Your Investors collect $2,350,000.00 in cash!   '),(659,'2022-07-20 21:58:25',4,0,0,216,'You\'ve increased your Strength by 150! Your Investors collect $2,350,000.00 in cash!   '),(660,'2022-07-20 21:58:25',4,0,0,216,'You\'ve increased your Strength by 280! Your Investors collect $2,350,000.00 in cash!   '),(661,'2022-07-20 21:58:26',4,0,0,216,'You\'ve increased your Strength by 317! Your Investors collect $2,350,000.00 in cash!   '),(662,'2022-07-20 21:58:28',4,0,0,216,'You\'ve increased your Strength by 376! Your Investors collect $2,350,000.00 in cash!   '),(663,'2022-07-20 21:58:31',4,0,0,217,'You\'ve increased your Strength by 253! Your Investors collect $2,350,000.00 in cash!   '),(664,'2022-07-20 21:58:31',4,0,0,217,'You\'ve increased your Strength by 252! Your Investors collect $2,350,000.00 in cash!   '),(665,'2022-07-20 21:58:31',4,0,0,217,'You\'ve increased your Strength by 237! Your Investors collect $2,350,000.00 in cash!   '),(666,'2022-07-20 21:58:34',4,0,0,218,'You\'ve increased your Strength by 277! Your Investors collect $2,350,000.00 in cash!   '),(667,'2022-07-20 21:58:35',4,0,0,218,'You\'ve increased your Strength by 221! Your Investors collect $2,350,000.00 in cash!   '),(668,'2022-07-20 21:58:35',4,0,0,218,'You\'ve increased your Strength by 420! Your Investors collect $2,350,000.00 in cash!   '),(669,'2022-07-20 21:58:38',4,0,0,219,'You\'ve increased your Strength by 344! Your Investors collect $2,350,000.00 in cash!   '),(670,'2022-07-20 21:58:38',4,0,0,219,'You\'ve increased your Strength by 339! Your Investors collect $2,350,000.00 in cash!   '),(671,'2022-07-20 21:58:38',4,0,0,219,'You\'ve increased your Strength by 310! Your Investors collect $2,350,000.00 in cash!   '),(672,'2022-07-20 21:58:41',4,0,0,220,'You\'ve increased your Strength by 144! Your Investors collect $2,350,000.00 in cash!   '),(673,'2022-07-20 21:58:41',4,0,0,220,'You\'ve increased your Strength by 299! Your Investors collect $2,350,000.00 in cash!   '),(674,'2022-07-20 21:58:41',4,0,0,220,'You\'ve increased your Strength by 158! Your Investors collect $2,350,000.00 in cash!   '),(675,'2022-07-20 21:58:44',4,0,0,221,'You\'ve increased your Strength by 132! Your Investors collect $2,350,000.00 in cash!   '),(676,'2022-07-20 21:58:44',4,0,0,221,'You\'ve increased your Strength by 207! Your Investors collect $2,350,000.00 in cash!   '),(677,'2022-07-20 21:58:47',4,0,0,222,'You\'ve increased your Strength by 176! Your Investors collect $2,350,000.00 in cash!   '),(678,'2022-07-20 21:58:47',4,0,0,222,'You\'ve increased your Strength by 267! Your Investors collect $2,350,000.00 in cash!   '),(679,'2022-07-20 21:58:48',4,0,0,222,'You\'ve increased your Strength by 183! Your Investors collect $2,350,000.00 in cash!   '),(680,'2022-07-20 21:58:50',4,0,0,223,'You\'ve increased your Strength by 326! Your Investors collect $2,350,000.00 in cash!   '),(681,'2022-07-20 21:58:50',4,0,0,223,'You\'ve increased your Strength by 265! Your Investors collect $2,350,000.00 in cash!   '),(682,'2022-07-20 21:58:51',4,0,0,223,'You\'ve increased your Strength by 183! Your Investors collect $2,350,000.00 in cash!   '),(683,'2022-07-20 21:58:54',4,0,0,224,'You\'ve increased your Strength by 151! Your Investors collect $2,350,000.00 in cash!   '),(684,'2022-07-20 21:58:54',4,0,0,224,'You\'ve increased your Strength by 226! Your Investors collect $2,350,000.00 in cash!   '),(685,'2022-07-20 21:58:54',4,0,0,224,'You\'ve increased your Strength by 270! Your Investors collect $2,350,000.00 in cash!   '),(686,'2022-07-20 21:58:55',4,0,0,224,'You\'ve increased your Strength by 234! Your Investors collect $2,350,000.00 in cash!   '),(687,'2022-07-20 21:58:58',4,0,0,225,'You\'ve increased your Strength by 226! Your Investors collect $2,350,000.00 in cash!   '),(688,'2022-07-20 21:58:58',4,0,0,225,'You\'ve increased your Strength by 362! Your Investors collect $2,350,000.00 in cash!   '),(689,'2022-07-20 21:58:58',4,0,0,225,'You\'ve increased your Strength by 246! Your Investors collect $2,350,000.00 in cash!   '),(690,'2022-07-20 21:58:59',4,0,0,225,'You\'ve increased your Strength by 152! Your Investors collect $2,350,000.00 in cash!   '),(691,'2022-07-27 20:05:49',4,0,1,202,'Transaction complete.  You sell 10 units of Bitcoin Warz for $510,063.85!'),(692,'2022-07-27 20:22:51',4,0,1,202,'Transaction complete.  You purchase 10 units of Bitcoin Warz for $567,042.08!'),(693,'2022-07-27 20:25:08',4,0,1,202,'Transaction complete.  You purchase 1000 units of Astral for $155.08!'),(694,'2022-07-27 20:34:10',4,0,1,202,'Transaction complete.  You purchase 1000 units of Wave for $323.26!'),(695,'2022-07-27 20:35:46',4,0,1,201,'You\'ve increased your Strength by 1724! Your Investors collect $9,400,000.00 in cash!   '),(696,'2022-07-27 20:35:50',4,0,1,202,'You\'ve increased your Strength by 1968! Your Investors collect $9,400,000.00 in cash!   '),(697,'2022-07-27 20:35:53',4,0,1,203,'You\'ve increased your Strength by 2139! Your Investors collect $9,400,000.00 in cash!   '),(698,'2022-07-27 20:35:56',4,0,1,204,'You\'ve increased your Strength by 1124! Your Investors collect $9,400,000.00 in cash!   '),(699,'2022-07-27 20:35:59',4,0,1,205,'You\'ve increased your Strength by 1405! Your Investors collect $9,400,000.00 in cash!   '),(700,'2022-07-27 20:36:01',4,0,1,206,'You\'ve increased your Strength by 1747! Your Investors collect $9,400,000.00 in cash!   '),(701,'2022-07-27 20:36:03',4,0,1,207,'You\'ve increased your Strength by 2083! Your Investors collect $9,400,000.00 in cash!   '),(702,'2022-07-27 20:36:05',4,0,1,208,'You\'ve increased your Strength by 1964! Your Investors collect $9,400,000.00 in cash!   '),(703,'2022-07-27 20:36:07',4,0,1,209,'You\'ve increased your Strength by 2400! Your Investors collect $9,400,000.00 in cash!   '),(704,'2022-07-27 20:36:09',4,0,1,210,'You\'ve increased your Strength by 1181! Your Investors collect $9,400,000.00 in cash!   '),(705,'2022-07-27 20:36:12',4,0,0,211,'You\'ve increased your Strength by 1408! Your Investors collect $9,400,000.00 in cash!   '),(706,'2022-07-27 20:36:15',4,0,0,212,'You\'ve increased your Strength by 1659! Your Investors collect $9,400,000.00 in cash!   '),(707,'2022-07-27 20:36:18',4,0,0,213,'You\'ve increased your Strength by 1895! Your Investors collect $9,400,000.00 in cash!   '),(708,'2022-07-27 20:36:20',4,0,0,214,'You\'ve increased your Strength by 1880! Your Investors collect $9,400,000.00 in cash!   '),(709,'2022-07-27 20:36:23',4,0,0,215,'You\'ve increased your Strength by 1515! Your Investors collect $9,400,000.00 in cash!   '),(710,'2022-07-27 20:36:25',4,0,0,216,'You\'ve increased your Strength by 2198! Your Investors collect $9,400,000.00 in cash!   '),(711,'2022-07-27 20:36:28',4,0,0,217,'You\'ve increased your Strength by 2619! Your Investors collect $9,400,000.00 in cash!   '),(712,'2022-07-27 20:36:30',4,0,0,218,'You\'ve increased your Strength by 2378! Your Investors collect $9,400,000.00 in cash!   '),(713,'2022-07-27 20:36:32',4,0,0,219,'You\'ve increased your Strength by 1766! Your Investors collect $9,400,000.00 in cash!   '),(714,'2022-07-27 20:36:35',4,0,0,220,'You\'ve increased your Strength by 922! Your Investors collect $9,400,000.00 in cash!   '),(715,'2022-07-27 20:36:37',4,0,0,221,'You\'ve increased your Strength by 2435! Your Investors collect $9,400,000.00 in cash!   '),(716,'2022-07-27 20:36:40',4,0,0,222,'You\'ve increased your Strength by 1384! Your Investors collect $9,400,000.00 in cash!   '),(717,'2022-07-27 20:36:42',4,0,0,223,'You\'ve increased your Strength by 2435! Your Investors collect $9,400,000.00 in cash!   '),(718,'2022-07-27 20:36:44',4,0,0,224,'You\'ve increased your Strength by 1098! Your Investors collect $9,400,000.00 in cash!   '),(719,'2022-07-27 20:36:47',4,0,0,225,'You\'ve increased your Strength by 1452! Your Investors collect $9,400,000.00 in cash!   '),(720,'2022-07-27 20:38:09',4,0,0,225,'Transaction complete.  You purchase 501786 units of Unibrow for $18,799,973.06!'),(721,'2022-07-27 20:38:13',4,0,0,224,'Transaction complete.  You purchase 58009962 units of Wave for $18,799,999.83!'),(722,'2022-07-27 20:38:15',4,0,0,223,'Transaction complete.  You purchase 207338030 units of Logecoin for $18,564,999.97!'),(723,'2022-07-27 20:38:18',4,0,0,222,'Transaction complete.  You purchase 577133 units of Gamelink for $18,564,968.19!'),(724,'2022-07-27 20:38:21',4,0,0,221,'Transaction complete.  You purchase 555217 units of Gamelink for $17,859,983.65!'),(725,'2022-07-27 20:38:25',4,0,0,220,'Transaction complete.  You purchase 110483 units of Likecoin for $17,154,966.00!'),(726,'2022-07-27 21:01:13',4,0,0,219,'Transaction complete.  You purchase 108969 units of Likecoin for $16,919,883.51!'),(727,'2022-07-27 20:38:39',4,0,0,218,'Transaction complete.  You purchase 17415811 units of Bether for $16,919,999.75!'),(728,'2022-07-27 20:38:42',4,0,0,217,'Transaction complete.  You purchase 49773 units of Trinance for $17,154,904.38!'),(729,'2022-07-27 20:38:44',4,0,0,216,'Transaction complete.  You purchase 4706 units of Fethereum for $19,033,546.06!'),(730,'2022-07-27 20:38:49',4,0,0,215,'Transaction complete.  You purchase 4241 units of Fethereum for $17,152,840.81!'),(731,'2022-07-27 20:43:35',4,0,0,214,'Transaction complete.  You purchase 304 units of Bitcoin Warz for $17,353,012.13!'),(732,'2022-07-27 20:43:50',4,0,0,214,'Transaction complete.  You purchase 304 units of Bitcoin Warz for $17,353,012.13!'),(733,'2022-07-27 20:46:34',4,0,0,213,'Transaction complete.  You purchase 4229 units of Fethereum for $17,154,867.88!'),(734,'2022-07-27 20:46:40',4,0,0,212,'Transaction complete.  You purchase 49803 units of Trinance for $17,154,838.58!'),(735,'2022-07-27 20:46:50',4,0,0,211,'Transaction complete.  You purchase 17743363 units of Bether for $17,154,999.81!'),(736,'2022-07-27 20:58:10',4,0,1,202,'You\'ve increased your Funding by 1! Your Investors collect $23,500.00 in cash!   '),(737,'2022-07-29 01:29:24',4,0,0,225,'Transaction complete.  You purchase 180723 units of Gamelink for $6,367,043.47!'),(738,'2022-07-29 01:29:27',4,0,0,224,'Transaction complete.  You purchase 1632713 units of Gamelink for $57,522,034.50!'),(739,'2022-07-29 01:29:30',4,0,0,223,'Transaction complete.  You purchase 518640 units of Gamelink for $18,272,181.32!'),(740,'2022-07-29 01:29:33',4,0,0,222,'Transaction complete.  You purchase 577133 units of Gamelink for $20,332,945.43!'),(741,'2022-07-29 14:16:26',4,0,0,216,'Transaction complete.  You purchase 236549033 units of Astral for $30,584,996.86!'),(742,'2022-07-29 14:16:29',4,0,0,217,'Transaction complete.  You purchase 68942531 units of Astral for $8,914,038.11!'),(743,'2022-07-29 14:16:31',4,0,0,218,'Transaction complete.  You purchase 134696541 units of Astral for $17,415,811.14!'),(744,'2022-07-29 14:16:33',4,0,0,219,'Transaction complete.  You purchase 370807954 units of Astral for $47,944,225.21!'),(745,'2022-07-29 14:16:35',4,0,0,220,'Transaction complete.  You purchase 375959257 units of Astral for $48,610,271.41!'),(746,'2022-07-29 14:16:37',4,0,0,221,'Transaction complete.  You purchase 134421744 units of Astral for $17,380,280.81!'),(747,'2022-07-29 14:16:39',4,0,0,222,'Transaction complete.  You purchase 139727869 units of Astral for $18,066,344.98!'),(748,'2022-07-29 14:16:41',4,0,0,223,'Transaction complete.  You purchase 125566329 units of Astral for $16,235,305.34!'),(749,'2022-07-29 14:16:43',4,0,0,224,'Transaction complete.  You purchase 395290588 units of Astral for $51,109,747.70!'),(750,'2022-07-29 14:16:45',4,0,0,225,'Transaction complete.  You purchase 43754324 units of Astral for $5,657,287.39!'),(751,'2022-07-29 19:36:55',4,0,0,225,'Transaction complete.  You purchase 220461 units of Gamelink for $6,461,495.15!'),(752,'2022-07-29 19:46:39',4,0,1,210,'Transaction complete.  You purchase 120651866 units of Astral for $17,859,999.93!'),(753,'2022-07-29 19:46:41',4,0,0,211,'Transaction complete.  You purchase 119863935 units of Astral for $17,743,363.13!'),(754,'2022-07-29 19:46:43',4,0,0,212,'Transaction complete.  You purchase 47642723 units of Astral for $7,052,514.46!'),(755,'2022-07-29 19:46:46',4,0,0,213,'Transaction complete.  You purchase 228894315 units of Astral for $33,883,043.72!'),(756,'2022-07-29 19:46:47',4,0,0,214,'Transaction complete.  You purchase 64490027 units of Astral for $9,546,407.50!'),(757,'2022-07-29 19:46:50',4,0,0,215,'Transaction complete.  You purchase 229557505 units of Astral for $33,981,215.21!'),(758,'2022-07-29 19:46:52',4,0,0,216,'Transaction complete.  You purchase 236549033 units of Astral for $35,016,165.55!'),(759,'2022-07-30 08:51:34',4,0,0,216,'Transaction complete.  You purchase 3796250 units of Unibrow for $48,088,826.42!'),(760,'2022-07-30 08:51:37',4,0,0,217,'Transaction complete.  You purchase 1106422 units of Unibrow for $14,015,551.01!'),(761,'2022-07-30 08:51:39',4,0,0,218,'Transaction complete.  You purchase 2161673 units of Unibrow for $27,382,895.67!'),(762,'2022-07-30 08:51:42',4,0,0,219,'Transaction complete.  You purchase 5950900 units of Unibrow for $75,382,758.55!'),(763,'2022-07-30 08:51:44',4,0,0,220,'Transaction complete.  You purchase 6033571 units of Unibrow for $76,429,989.74!'),(764,'2022-07-30 08:51:46',4,0,0,221,'Transaction complete.  You purchase 2157263 units of Unibrow for $27,327,032.19!'),(765,'2022-07-30 08:51:49',4,0,0,222,'Transaction complete.  You purchase 2242418 units of Unibrow for $28,405,729.33!'),(766,'2022-07-30 08:51:52',4,0,0,223,'Transaction complete.  You purchase 2015147 units of Unibrow for $25,526,784.14!'),(767,'2022-07-30 08:51:55',4,0,0,224,'Transaction complete.  You purchase 6343809 units of Unibrow for $80,359,915.67!'),(768,'2022-07-30 08:51:58',4,0,0,225,'Transaction complete.  You purchase 437892 units of Unibrow for $5,546,977.25!'),(769,'2022-07-30 09:01:10',4,0,1,203,'Transaction complete.  You purchase 93707551 units of Astral for $19,128,939.34!'),(770,'2022-07-30 09:01:14',4,0,1,204,'Transaction complete.  You purchase 83284402 units of Astral for $17,001,215.55!'),(771,'2022-07-30 09:01:16',4,0,1,205,'Transaction complete.  You purchase 90944963 units of Astral for $18,564,999.95!'),(772,'2022-07-30 09:01:19',4,0,1,206,'Transaction complete.  You purchase 89938783 units of Astral for $18,359,603.95!'),(773,'2022-07-30 09:01:21',4,0,1,207,'Transaction complete.  You purchase 89793761 units of Astral for $18,329,999.97!'),(774,'2022-07-30 09:01:24',4,0,1,208,'Transaction complete.  You purchase 82886548 units of Astral for $16,919,999.85!'),(775,'2022-07-30 09:01:26',4,0,1,209,'Transaction complete.  You purchase 84037750 units of Astral for $17,154,999.83!'),(776,'2022-07-30 09:01:28',4,0,1,210,'Transaction complete.  You purchase 120651866 units of Astral for $24,629,202.24!'),(777,'2022-07-30 09:01:31',4,0,0,211,'Transaction complete.  You purchase 119863935 units of Astral for $24,468,358.38!'),(778,'2022-07-30 09:01:35',4,0,0,212,'Transaction complete.  You purchase 47642723 units of Astral for $9,725,521.03!'),(779,'2022-07-30 09:01:43',4,0,0,213,'Transaction complete.  You purchase 228894315 units of Astral for $46,725,214.98!'),(780,'2022-07-30 09:01:47',4,0,0,214,'Transaction complete.  You purchase 64490027 units of Astral for $13,164,636.16!'),(781,'2022-07-30 09:01:49',4,0,0,215,'Transaction complete.  You purchase 229557505 units of Astral for $46,860,594.91!'),(782,'2022-07-30 09:01:52',4,0,0,216,'Transaction complete.  You purchase 236065095 units of Astral for $48,189,018.21!'),(783,'2022-07-30 09:01:58',4,0,0,217,'Transaction complete.  You purchase 68801486 units of Astral for $14,044,753.47!'),(784,'2022-07-30 09:02:07',4,0,0,218,'Transaction complete.  You purchase 134347227 units of Astral for $27,444,114.59!'),(785,'2022-07-30 09:02:09',4,0,0,219,'Transaction complete.  You purchase 369846321 units of Astral for $75,551,278.89!'),(786,'2022-07-30 09:02:12',4,0,0,220,'Transaction complete.  You purchase 374984265 units of Astral for $76,600,845.20!'),(787,'2022-07-30 09:02:14',4,0,0,221,'Transaction complete.  You purchase 134073142 units of Astral for $27,388,125.19!'),(788,'2022-07-30 09:02:17',4,0,0,222,'Transaction complete.  You purchase 139365506 units of Astral for $28,469,236.04!'),(789,'2022-07-30 09:02:19',4,0,0,223,'Transaction complete.  You purchase 125240692 units of Astral for $25,583,854.46!'),(790,'2022-07-30 09:02:22',4,0,0,224,'Transaction complete.  You purchase 394265464 units of Astral for $80,539,560.17!'),(791,'2022-07-30 09:02:25',4,0,0,225,'Transaction complete.  You purchase 27214849 units of Astral for $5,559,381.10!'),(792,'2022-07-30 10:10:09',4,0,0,213,'Transaction complete.  You purchase 610000 units of Trinance for $48,242,733.34!'),(793,'2022-07-30 10:10:20',4,0,0,214,'Transaction complete.  You purchase 171865 units of Trinance for $13,592,192.40!'),(794,'2022-07-30 10:14:47',4,0,0,214,'Transaction complete.  You purchase 171865 units of Trinance for $13,612,293.77!'),(795,'2022-07-30 10:14:50',4,0,0,214,'Transaction complete.  You purchase 13612300 units of Bether for $13,612,300.00!'),(796,'2022-07-30 10:14:51',4,0,0,214,'Transaction complete.  You purchase 33393 units of Likecoin for $13,612,067.07!'),(797,'2022-07-30 10:14:53',4,0,0,214,'Transaction complete.  You purchase 26149632 units of Wave for $13,612,300.60!'),(798,'2022-07-30 10:14:55',4,0,0,214,'Transaction complete.  You purchase 324450887 units of Logecoin for $13,612,300.71!'),(799,'2022-07-30 14:38:22',4,0,0,221,'Transaction complete.  You purchase 714731193 units of Logecoin for $30,123,096.12!'),(800,'2022-07-30 14:38:27',4,0,0,222,'Transaction complete.  You purchase 742944283 units of Logecoin for $31,312,166.40!'),(801,'2022-07-30 14:38:29',4,0,0,223,'Transaction complete.  You purchase 667646241 units of Logecoin for $28,138,651.41!'),(802,'2022-07-30 14:38:32',4,0,0,224,'Transaction complete.  You purchase 2101791753 units of Logecoin for $88,582,218.91!'),(803,'2022-07-30 14:38:34',4,0,0,225,'Transaction complete.  You purchase 145079777 units of Logecoin for $6,114,539.44!'),(804,'2022-07-30 19:16:39',4,0,1,201,'You\'ve increased your Strength by 1386! Your Investors collect $9,400,000.00 in cash!   '),(805,'2022-07-30 19:16:43',4,0,1,202,'You\'ve increased your Strength by 1645! Your Investors collect $9,400,000.00 in cash!   '),(806,'2022-07-30 19:16:45',4,0,1,203,'You\'ve increased your Strength by 1564! Your Investors collect $9,400,000.00 in cash!   '),(807,'2022-07-30 19:16:48',4,0,1,204,'You\'ve increased your Strength by 2266! Your Investors collect $9,400,000.00 in cash!   '),(808,'2022-07-30 19:16:50',4,0,1,205,'You\'ve increased your Strength by 1277! Your Investors collect $9,400,000.00 in cash!   '),(809,'2022-07-30 19:16:53',4,0,1,206,'You\'ve increased your Strength by 852! Your Investors collect $9,400,000.00 in cash!   '),(810,'2022-07-30 19:16:56',4,0,1,207,'You\'ve increased your Strength by 1308! Your Investors collect $9,400,000.00 in cash!   '),(811,'2022-07-30 19:16:58',4,0,1,208,'You\'ve increased your Strength by 2069! Your Investors collect $9,400,000.00 in cash!   '),(812,'2022-07-30 19:17:01',4,0,1,209,'You\'ve increased your Strength by 2304! Your Investors collect $9,400,000.00 in cash!   '),(813,'2022-07-30 19:17:04',4,0,1,210,'You\'ve increased your Strength by 2716! Your Investors collect $9,400,000.00 in cash!   '),(814,'2022-07-30 19:17:07',4,0,0,211,'You\'ve increased your Strength by 2612! Your Investors collect $9,400,000.00 in cash!   '),(815,'2022-07-30 19:17:11',4,0,0,212,'You\'ve increased your Strength by 1717! Your Investors collect $9,400,000.00 in cash!   '),(816,'2022-07-30 19:17:14',4,0,0,213,'You\'ve increased your Strength by 1821! Your Investors collect $9,400,000.00 in cash!   '),(817,'2022-07-30 19:17:16',4,0,0,214,'You\'ve increased your Strength by 2246! Your Investors collect $9,400,000.00 in cash!   '),(818,'2022-07-30 19:17:19',4,0,0,215,'You\'ve increased your Strength by 736! Your Investors collect $9,400,000.00 in cash!   '),(819,'2022-07-30 19:17:21',4,0,0,216,'You\'ve increased your Strength by 1075! Your Investors collect $9,400,000.00 in cash!   '),(820,'2022-07-30 19:17:23',4,0,0,217,'You\'ve increased your Strength by 1933! Your Investors collect $9,400,000.00 in cash!   '),(821,'2022-07-30 19:17:26',4,0,0,218,'You\'ve increased your Strength by 2085! Your Investors collect $9,400,000.00 in cash!   '),(822,'2022-07-30 19:17:29',4,0,0,219,'You\'ve increased your Strength by 2743! Your Investors collect $9,400,000.00 in cash!   '),(823,'2022-07-30 19:17:31',4,0,0,220,'You\'ve increased your Strength by 2815! Your Investors collect $9,400,000.00 in cash!   '),(824,'2022-07-30 19:17:34',4,0,0,221,'You\'ve increased your Strength by 2429! Your Investors collect $9,400,000.00 in cash!   '),(825,'2022-07-30 19:17:36',4,0,0,222,'You\'ve increased your Strength by 2414! Your Investors collect $9,400,000.00 in cash!   '),(826,'2022-07-30 19:17:39',4,0,0,223,'You\'ve increased your Strength by 1932! Your Investors collect $9,400,000.00 in cash!   '),(827,'2022-07-30 19:17:42',4,0,0,224,'You\'ve increased your Strength by 1569! Your Investors collect $9,400,000.00 in cash!   '),(828,'2022-07-30 19:17:45',4,0,0,225,'You\'ve increased your Strength by 2291! Your Investors collect $9,400,000.00 in cash!   '),(829,'2022-07-30 19:19:04',4,0,0,225,'Transaction complete.  You purchase 2091 units of Fethereum for $16,145,094.71!'),(830,'2022-07-30 19:19:07',4,0,0,224,'Transaction complete.  You purchase 13873 units of Fethereum for $107,116,642.26!'),(831,'2022-07-30 19:19:10',4,0,0,223,'Transaction complete.  You purchase 5237 units of Fethereum for $40,436,088.48!'),(832,'2022-07-30 19:19:12',4,0,0,222,'Transaction complete.  You purchase 5691 units of Fethereum for $43,941,527.51!'),(833,'2022-07-30 19:19:15',4,0,0,221,'Transaction complete.  You purchase 5521 units of Fethereum for $42,628,918.18!'),(834,'2022-07-30 19:30:20',4,0,0,220,'Transaction complete.  You purchase 3526146 units of Gamelink for $96,122,602.20!'),(835,'2022-07-30 19:30:23',4,0,0,219,'Transaction complete.  You purchase 3482556 units of Gamelink for $94,934,340.51!'),(836,'2022-07-30 19:30:27',4,0,0,218,'Transaction complete.  You purchase 1484612 units of Gamelink for $40,470,465.12!'),(837,'2022-07-30 19:30:30',4,0,0,217,'Transaction complete.  You purchase 928531 units of Gamelink for $25,311,718.79!'),(838,'2022-07-30 19:30:32',4,0,0,216,'Transaction complete.  You purchase 2347574 units of Gamelink for $63,994,775.53!'),(839,'2022-07-30 19:49:53',4,0,0,220,'Transaction complete.  You purchase 12202 units of Fethereum for $97,047,881.39!'),(840,'2022-07-30 19:49:55',4,0,0,219,'Transaction complete.  You purchase 12052 units of Fethereum for $95,854,865.31!'),(841,'2022-07-30 19:49:58',4,0,0,218,'Transaction complete.  You purchase 5137 units of Fethereum for $40,856,824.02!'),(842,'2022-07-30 19:50:00',4,0,0,217,'Transaction complete.  You purchase 3213 units of Fethereum for $25,554,404.43!'),(843,'2022-07-30 19:50:03',4,0,0,216,'Transaction complete.  You purchase 8117 units of Fethereum for $64,618,386.97!'),(844,'2022-07-30 19:50:05',4,0,0,215,'Transaction complete.  You purchase 7860 units of Fethereum for $62,572,443.22!'),(845,'2022-07-30 19:50:07',4,0,0,214,'Transaction complete.  You purchase 3075 units of Fethereum for $24,479,677.21!'),(846,'2022-07-30 19:50:10',4,0,0,213,'Transaction complete.  You purchase 8148 units of Fethereum for $64,865,173.96!'),(847,'2022-07-30 19:50:12',4,0,0,212,'Transaction complete.  You purchase 2566 units of Fethereum for $20,427,594.06!'),(848,'2022-07-30 19:50:14',4,0,0,211,'Transaction complete.  You purchase 4668 units of Fethereum for $37,161,344.14!'),(849,'2022-07-30 20:23:19',4,0,0,211,'Transaction complete.  You purchase 2859460 units of Unibrow for $36,930,187.52!'),(850,'2022-07-30 20:23:22',4,0,0,212,'Transaction complete.  You purchase 1572338 units of Unibrow for $20,306,889.12!'),(851,'2022-07-30 20:23:24',4,0,0,213,'Transaction complete.  You purchase 4991417 units of Unibrow for $64,464,607.23!'),(852,'2022-07-30 20:23:26',4,0,0,214,'Transaction complete.  You purchase 1883897 units of Unibrow for $24,330,702.11!'),(853,'2022-07-30 20:23:29',4,0,0,215,'Transaction complete.  You purchase 4814415 units of Unibrow for $62,178,610.20!'),(854,'2022-07-30 20:23:31',4,0,0,216,'Transaction complete.  You purchase 4971992 units of Unibrow for $64,213,731.57!'),(855,'2022-07-30 20:23:33',4,0,0,217,'Transaction complete.  You purchase 1968257 units of Unibrow for $25,420,219.23!'),(856,'2022-07-30 20:23:35',4,0,0,218,'Transaction complete.  You purchase 3147014 units of Unibrow for $40,643,973.73!'),(857,'2022-07-30 20:23:38',4,0,0,219,'Transaction complete.  You purchase 7382160 units of Unibrow for $95,341,271.80!'),(858,'2022-07-30 20:23:40',4,0,0,220,'Transaction complete.  You purchase 7474562 units of Unibrow for $96,534,652.09!'),(859,'2022-07-30 20:23:56',4,0,0,221,'Transaction complete.  You purchase 1581870 units of Gamelink for $43,676,649.49!'),(860,'2022-07-30 20:23:58',4,0,0,222,'Transaction complete.  You purchase 1630544 units of Gamelink for $45,020,576.14!'),(861,'2022-07-30 20:24:01',4,0,0,223,'Transaction complete.  You purchase 1500634 units of Gamelink for $41,433,660.94!'),(862,'2022-07-30 20:24:03',4,0,0,224,'Transaction complete.  You purchase 3971170 units of Gamelink for $109,694,576.97!'),(863,'2022-07-30 20:24:06',4,0,0,225,'Transaction complete.  You purchase 598541 units of Gamelink for $16,533,339.49!'),(864,'2022-07-30 20:33:16',4,0,0,225,'Transaction complete.  You purchase 2103 units of Fethereum for $16,568,599.11!'),(865,'2022-07-30 20:33:18',4,0,0,224,'Transaction complete.  You purchase 13953 units of Fethereum for $109,929,464.29!'),(866,'2022-07-30 20:33:20',4,0,0,223,'Transaction complete.  You purchase 5272 units of Fethereum for $41,535,736.81!'),(867,'2022-07-30 20:33:22',4,0,0,222,'Transaction complete.  You purchase 5729 units of Fethereum for $45,136,236.00!'),(868,'2022-07-30 20:33:24',4,0,0,221,'Transaction complete.  You purchase 5558 units of Fethereum for $43,789,003.26!'),(869,'2022-07-30 20:59:19',4,0,1,203,'Transaction complete.  You purchase 1125480 units of Gamelink for $31,224,452.44!'),(870,'2022-07-30 20:59:22',4,0,1,204,'Transaction complete.  You purchase 1037980 units of Gamelink for $28,796,919.66!'),(871,'2022-07-30 20:59:24',4,0,1,205,'Transaction complete.  You purchase 1102289 units of Gamelink for $30,581,059.15!'),(872,'2022-07-30 20:59:27',4,0,1,206,'Transaction complete.  You purchase 1093842 units of Gamelink for $30,346,712.07!'),(873,'2022-07-30 20:59:30',4,0,1,207,'Transaction complete.  You purchase 1092625 units of Gamelink for $30,312,948.56!'),(874,'2022-07-30 20:59:32',4,0,1,208,'Transaction complete.  You purchase 1034640 units of Gamelink for $28,704,257.27!'),(875,'2022-07-30 20:59:34',4,0,1,209,'Transaction complete.  You purchase 1044304 units of Gamelink for $28,972,367.86!'),(876,'2022-07-30 20:59:38',4,0,1,210,'Transaction complete.  You purchase 1351674 units of Gamelink for $37,499,805.00!'),(877,'2022-07-30 21:05:17',4,0,0,211,'Transaction complete.  You purchase 1336044 units of Gamelink for $37,142,001.00!'),(878,'2022-07-30 21:05:20',4,0,0,212,'Transaction complete.  You purchase 734654 units of Gamelink for $20,423,368.99!'),(879,'2022-07-30 21:05:22',4,0,0,213,'Transaction complete.  You purchase 2332173 units of Gamelink for $64,834,370.65!'),(880,'2022-07-30 21:05:24',4,0,0,214,'Transaction complete.  You purchase 880226 units of Gamelink for $24,470,268.17!'),(881,'2022-07-30 21:05:27',4,0,0,215,'Transaction complete.  You purchase 2249471 units of Gamelink for $62,535,256.42!'),(882,'2022-07-30 21:37:05',4,0,0,216,'Transaction complete.  You purchase 1375973766 units of Logecoin for $64,582,057.47!'),(883,'2022-07-30 21:37:08',4,0,0,217,'Transaction complete.  You purchase 544705431 units of Logecoin for $25,566,037.90!'),(884,'2022-07-30 21:37:11',4,0,0,218,'Transaction complete.  You purchase 870920550 units of Logecoin for $40,877,117.28!'),(885,'2022-07-30 21:37:14',4,0,0,219,'Transaction complete.  You purchase 2042975811 units of Logecoin for $95,888,151.72!'),(886,'2022-07-30 21:59:58',4,0,0,220,'Transaction complete.  You purchase 2068547636 units of Logecoin for $97,088,378.87!'),(887,'2022-07-30 21:37:18',4,0,0,221,'Transaction complete.  You purchase 909640054 units of Logecoin for $42,694,437.71!'),(888,'2022-07-30 21:37:20',4,0,0,222,'Transaction complete.  You purchase 937630024 units of Logecoin for $44,008,161.78!'),(889,'2022-07-30 21:37:23',4,0,0,223,'Transaction complete.  You purchase 862928904 units of Logecoin for $40,502,025.15!'),(890,'2022-07-30 21:37:25',4,0,0,224,'Transaction complete.  You purchase 2283585417 units of Logecoin for $107,181,291.01!'),(891,'2022-07-30 21:37:27',4,0,0,225,'Transaction complete.  You purchase 344186033 units of Logecoin for $16,154,553.75!'),(892,'2022-07-30 21:59:39',4,0,1,203,'Transaction complete.  You purchase 4058 units of Fethereum for $31,371,884.36!'),(893,'2022-07-30 21:59:41',4,0,1,204,'Transaction complete.  You purchase 3742 units of Fethereum for $28,928,928.36!'),(894,'2022-07-30 21:59:44',4,0,1,205,'Transaction complete.  You purchase 3974 units of Fethereum for $30,722,490.99!'),(895,'2022-07-30 21:59:47',4,0,1,206,'Transaction complete.  You purchase 3944 units of Fethereum for $30,490,564.79!'),(896,'2022-07-30 21:59:50',4,0,1,207,'Transaction complete.  You purchase 3939 units of Fethereum for $30,451,910.42!'),(897,'2022-07-30 21:59:52',4,0,1,208,'Transaction complete.  You purchase 3730 units of Fethereum for $28,836,157.88!'),(898,'2022-07-30 21:59:55',4,0,1,209,'Transaction complete.  You purchase 3765 units of Fethereum for $29,106,738.45!'),(899,'2022-07-30 21:59:58',4,0,1,210,'Transaction complete.  You purchase 4873 units of Fethereum for $37,672,546.20!'),(900,'2022-07-30 22:23:34',4,0,1,201,'Transaction complete.  You purchase 18280 units of Bitcoin Warz for $533,686,761.80!'),(901,'2022-08-01 19:28:09',4,0,1,203,'Transaction complete.  You purchase 95202117 units of Astral for $32,498,650.94!'),(902,'2022-08-01 19:28:12',4,0,1,204,'Transaction complete.  You purchase 87800205 units of Astral for $29,971,898.79!'),(903,'2022-08-01 19:28:17',4,0,1,205,'Transaction complete.  You purchase 93240088 units of Astral for $31,828,883.32!'),(904,'2022-08-01 19:28:20',4,0,1,206,'Transaction complete.  You purchase 92525967 units of Astral for $31,585,107.55!'),(905,'2022-08-01 19:28:23',4,0,1,207,'Transaction complete.  You purchase 92422492 units of Astral for $31,549,784.83!'),(906,'2022-08-01 19:28:29',4,0,1,208,'Transaction complete.  You purchase 87517722 units of Astral for $29,875,469.04!'),(907,'2022-08-01 19:28:36',4,0,1,209,'Transaction complete.  You purchase 88335319 units of Astral for $30,154,567.87!'),(908,'2022-08-01 19:28:39',4,0,1,210,'Transaction complete.  You purchase 114334877 units of Astral for $39,029,901.60!'),(909,'2022-08-01 20:24:22',4,0,1,203,'Transaction complete.  You purchase 33305369 units of Bether for $33,305,369.00!'),(910,'2022-08-01 20:24:25',4,0,1,204,'Transaction complete.  You purchase 30715895 units of Bether for $30,715,895.00!'),(911,'2022-08-01 20:24:27',4,0,1,205,'Transaction complete.  You purchase 32618976 units of Bether for $32,618,976.00!'),(912,'2022-08-01 20:24:30',4,0,1,206,'Transaction complete.  You purchase 32369149 units of Bether for $32,369,149.00!'),(913,'2022-08-01 20:24:32',4,0,1,207,'Transaction complete.  You purchase 32332949 units of Bether for $32,332,949.00!'),(914,'2022-08-01 20:24:34',4,0,1,208,'Transaction complete.  You purchase 30617072 units of Bether for $30,617,072.00!'),(915,'2022-08-01 20:24:36',4,0,1,209,'Transaction complete.  You purchase 30903099 units of Bether for $30,903,099.00!'),(916,'2022-08-01 20:24:40',4,0,1,210,'Transaction complete.  You purchase 39998746 units of Bether for $39,998,746.00!'),(917,'2022-08-01 20:26:42',4,0,1,201,'You\'ve increased your Strength by 1468! Your Investors collect $7,050,000.00 in cash!   '),(918,'2022-08-01 20:26:45',4,0,1,202,'You\'ve increased your Strength by 1163! Your Investors collect $7,050,000.00 in cash!   '),(919,'2022-08-01 20:26:48',4,0,1,203,'You\'ve increased your Strength by 829! Your Investors collect $7,050,000.00 in cash!   '),(920,'2022-08-01 20:26:51',4,0,1,204,'You\'ve increased your Strength by 1408! Your Investors collect $7,050,000.00 in cash!   '),(921,'2022-08-01 20:26:53',4,0,1,205,'You\'ve increased your Strength by 774! Your Investors collect $7,050,000.00 in cash!   '),(922,'2022-08-01 20:26:56',4,0,1,206,'You\'ve increased your Strength by 1161! Your Investors collect $7,050,000.00 in cash!   '),(923,'2022-08-01 20:26:58',4,0,1,207,'You\'ve increased your Strength by 568! Your Investors collect $7,050,000.00 in cash!   '),(924,'2022-08-01 20:27:02',4,0,1,208,'You\'ve increased your Strength by 1303! Your Investors collect $7,050,000.00 in cash!   '),(925,'2022-08-01 20:27:04',4,0,1,209,'You\'ve increased your Strength by 1647! Your Investors collect $7,050,000.00 in cash!   '),(926,'2022-08-01 20:27:07',4,0,1,210,'You\'ve increased your Strength by 1133! Your Investors collect $7,050,000.00 in cash!   '),(927,'2022-08-01 20:27:10',4,0,0,211,'You\'ve increased your Strength by 466! Your Investors collect $7,050,000.00 in cash!   '),(928,'2022-08-01 20:27:14',4,0,0,212,'You\'ve increased your Strength by 1662! Your Investors collect $7,050,000.00 in cash!   '),(929,'2022-08-01 20:27:16',4,0,0,213,'You\'ve increased your Strength by 1297! Your Investors collect $7,050,000.00 in cash!   '),(930,'2022-08-01 20:27:19',4,0,0,214,'You\'ve increased your Strength by 989! Your Investors collect $7,050,000.00 in cash!   '),(931,'2022-08-01 20:27:22',4,0,0,215,'You\'ve increased your Strength by 1518! Your Investors collect $7,050,000.00 in cash!   '),(932,'2022-08-01 20:27:24',4,0,0,216,'You\'ve increased your Strength by 912! Your Investors collect $7,050,000.00 in cash!   '),(933,'2022-08-01 20:27:26',4,0,0,217,'You\'ve increased your Strength by 943! Your Investors collect $7,050,000.00 in cash!   '),(934,'2022-08-01 20:27:29',4,0,0,218,'You\'ve increased your Strength by 876! Your Investors collect $7,050,000.00 in cash!   '),(935,'2022-08-01 20:27:31',4,0,0,219,'You\'ve increased your Strength by 919! Your Investors collect $7,050,000.00 in cash!   '),(936,'2022-08-01 20:27:34',4,0,0,220,'You\'ve increased your Strength by 710! Your Investors collect $7,050,000.00 in cash!   '),(937,'2022-08-01 20:27:36',4,0,0,221,'You\'ve increased your Strength by 1331! Your Investors collect $7,050,000.00 in cash!   '),(938,'2022-08-01 20:27:39',4,0,0,222,'You\'ve increased your Strength by 832! Your Investors collect $7,050,000.00 in cash!   '),(939,'2022-08-01 20:27:41',4,0,0,223,'You\'ve increased your Strength by 1168! Your Investors collect $7,050,000.00 in cash!   '),(940,'2022-08-01 20:27:44',4,0,0,224,'You\'ve increased your Strength by 1395! Your Investors collect $7,050,000.00 in cash!   '),(941,'2022-08-01 20:27:47',4,0,0,225,'You\'ve increased your Strength by 906! Your Investors collect $7,050,000.00 in cash!   '),(942,'2022-08-01 20:28:34',4,0,0,211,'Transaction complete.  You purchase 1526546 units of Gamelink for $56,493,569.69!'),(943,'2022-08-01 20:28:41',4,0,0,212,'Transaction complete.  You purchase 34237670 units of Bether for $34,237,670.00!'),(944,'2022-08-01 20:28:43',4,0,0,213,'Transaction complete.  You purchase 93357768 units of Bether for $93,357,768.00!'),(945,'2022-08-01 20:28:46',4,0,0,214,'Transaction complete.  You purchase 39624919 units of Bether for $39,624,919.00!'),(946,'2022-08-01 20:28:48',4,0,0,215,'Transaction complete.  You purchase 90297188 units of Bether for $90,297,188.00!'),(947,'2022-08-01 20:51:34',4,0,0,216,'Transaction complete.  You purchase 83388587 units of Bether for $83,388,587.00!'),(948,'2022-08-01 20:28:54',4,0,0,217,'Transaction complete.  You purchase 37270084 units of Bether for $37,270,084.00!'),(949,'2022-08-01 20:28:56',4,0,0,218,'Transaction complete.  You purchase 55368395 units of Bether for $55,368,395.00!'),(950,'2022-08-01 20:28:58',4,0,0,219,'Transaction complete.  You purchase 120393648 units of Bether for $120,393,648.00!'),(951,'2022-08-01 20:29:00',4,0,0,220,'Transaction complete.  You purchase 121812365 units of Bether for $121,812,365.00!'),(952,'2022-08-01 20:29:06',4,0,0,221,'Transaction complete.  You purchase 57430442 units of Bether for $57,430,442.00!'),(953,'2022-08-01 20:29:07',4,0,0,222,'Transaction complete.  You purchase 58980668 units of Bether for $58,980,668.00!'),(954,'2022-08-01 20:29:10',4,0,0,223,'Transaction complete.  You purchase 54843344 units of Bether for $54,843,344.00!'),(955,'2022-08-01 20:29:12',4,0,0,224,'Transaction complete.  You purchase 133526449 units of Bether for $133,526,449.00!'),(956,'2022-08-01 20:29:14',4,0,0,225,'Transaction complete.  You purchase 26112754 units of Bether for $26,112,754.00!'),(957,'2022-08-01 20:30:04',4,0,0,211,'Transaction complete.  You purchase 56490557 units of Bether for $56,490,557.00!'),(958,'2022-08-04 19:56:12',4,0,1,201,'You\'ve increased your Strength by 2294! Your Investors collect $9,400,000.00 in cash!   '),(959,'2022-08-04 19:56:15',4,0,1,202,'You\'ve increased your Strength by 1744! Your Investors collect $9,400,000.00 in cash!   '),(960,'2022-08-04 19:56:17',4,0,1,203,'You\'ve increased your Strength by 2168! Your Investors collect $9,400,000.00 in cash!   '),(961,'2022-08-04 19:56:20',4,0,1,204,'You\'ve increased your Strength by 1454! Your Investors collect $9,400,000.00 in cash!   '),(962,'2022-08-04 19:56:22',4,0,1,205,'You\'ve increased your Strength by 1845! Your Investors collect $9,400,000.00 in cash!   '),(963,'2022-08-04 19:56:24',4,0,1,206,'You\'ve increased your Strength by 954! Your Investors collect $9,400,000.00 in cash!   '),(964,'2022-08-04 19:56:27',4,0,1,207,'You\'ve increased your Strength by 2008! Your Investors collect $9,400,000.00 in cash!   '),(965,'2022-08-04 19:56:29',4,0,1,208,'You\'ve increased your Strength by 1824! Your Investors collect $9,400,000.00 in cash!   '),(966,'2022-08-04 19:56:32',4,0,1,209,'You\'ve increased your Strength by 747! Your Investors collect $9,400,000.00 in cash!   '),(967,'2022-08-04 19:56:34',4,0,1,210,'You\'ve increased your Strength by 1474! Your Investors collect $9,400,000.00 in cash!   '),(968,'2022-08-04 19:56:36',4,0,0,211,'You\'ve increased your Strength by 2017! Your Investors collect $9,400,000.00 in cash!   '),(969,'2022-08-04 19:56:39',4,0,0,212,'You\'ve increased your Strength by 1569! Your Investors collect $9,400,000.00 in cash!   '),(970,'2022-08-04 19:56:41',4,0,0,213,'You\'ve increased your Strength by 1377! Your Investors collect $9,400,000.00 in cash!   '),(971,'2022-08-04 19:56:43',4,0,0,214,'You\'ve increased your Strength by 2210! Your Investors collect $9,400,000.00 in cash!   '),(972,'2022-08-04 19:56:46',4,0,0,215,'You\'ve increased your Strength by 904! Your Investors collect $9,400,000.00 in cash!   '),(973,'2022-08-04 19:56:48',4,0,0,216,'You\'ve increased your Strength by 1707! Your Investors collect $9,400,000.00 in cash!   '),(974,'2022-08-04 19:56:51',4,0,0,217,'You\'ve increased your Strength by 1419! Your Investors collect $9,400,000.00 in cash!   '),(975,'2022-08-04 19:56:53',4,0,0,218,'You\'ve increased your Strength by 1888! Your Investors collect $9,400,000.00 in cash!   '),(976,'2022-08-04 19:56:56',4,0,0,219,'You\'ve increased your Strength by 2034! Your Investors collect $9,400,000.00 in cash!   '),(977,'2022-08-04 19:56:58',4,0,0,220,'You\'ve increased your Strength by 1579! Your Investors collect $9,400,000.00 in cash!   '),(978,'2022-08-04 19:57:01',4,0,0,221,'You\'ve increased your Strength by 2167! Your Investors collect $9,400,000.00 in cash!   '),(979,'2022-08-04 19:57:03',4,0,0,222,'You\'ve increased your Strength by 1396! Your Investors collect $9,400,000.00 in cash!   '),(980,'2022-08-04 19:57:05',4,0,0,223,'You\'ve increased your Strength by 1981! Your Investors collect $9,400,000.00 in cash!   '),(981,'2022-08-04 19:57:08',4,0,0,224,'You\'ve increased your Strength by 2202! Your Investors collect $9,400,000.00 in cash!   '),(982,'2022-08-04 19:57:10',4,0,0,225,'You\'ve increased your Strength by 1506! Your Investors collect $9,400,000.00 in cash!   '),(983,'2022-08-07 00:25:16',4,0,1,201,'Transaction complete.  You purchase 6081218013 units of Wave for $1,090,026,687.42!'),(984,'2022-08-07 00:31:06',4,0,1,202,'Transaction complete.  You purchase 181003789 units of Logecoin for $41,882,891.50!'),(985,'2022-08-07 00:31:12',4,0,1,204,'Transaction complete.  You purchase 203835158 units of Logecoin for $47,165,895.56!'),(986,'2022-08-07 00:31:14',4,0,1,208,'Transaction complete.  You purchase 203408077 units of Logecoin for $47,067,072.28!'),(987,'2022-08-07 00:42:36',4,0,0,224,'Transaction complete.  You purchase 746833272010 units of Wave for $133,535,849,000.45!'),(988,'2022-08-12 18:41:20',4,0,1,201,'Transaction complete.  You purchase 6287649519 units of Logecoin for $1,084,336,713.38!'),(989,'2022-08-12 18:42:10',4,0,0,224,'Transaction complete.  You purchase 17494131 units of Fethereum for $133,167,186,021.41!'),(990,'2022-08-12 18:54:47',4,0,0,224,'Transaction complete.  You purchase 757592133205 units of Logecoin for $130,898,547,884.60!'),(991,'2022-09-01 20:38:26',4,0,0,211,'Transaction complete.  You purchase 317280184898 units of Wave for $56,499,957,000.56!'),(992,'2022-09-01 20:47:59',4,0,1,201,'Transaction complete.  You purchase 1175003 units of Bether for $1,175,003,000.00!'),(993,'2022-09-01 20:48:23',4,0,0,224,'Transaction complete.  You purchase 141593648 units of Bether for $141,593,648,000.00!'),(994,'2022-09-01 20:48:32',4,0,0,224,'Transaction complete.  You purchase 795130854983 units of Wave for $141,593,648,940.93!'),(995,'2022-09-04 13:57:37',4,0,0,224,'You\'ve increased your Funding by 18! Your Investors collect $2,350.00 in cash!   '),(996,'2022-09-04 13:57:40',4,0,0,224,'You\'ve increased your Funding by 18! Your Investors collect $2,350.00 in cash!   '),(997,'2022-09-04 13:57:41',4,0,0,224,'You\'ve increased your Funding by 20! Your Investors collect $2,350.00 in cash!   '),(998,'2022-09-04 13:57:41',4,0,0,224,'You\'ve increased your Funding by 11! Your Investors collect $2,350.00 in cash!   '),(999,'2022-09-04 13:57:41',4,0,0,224,'You\'ve increased your Funding by 20! Your Investors collect $2,350.00 in cash!   '),(1000,'2022-09-04 13:57:42',4,0,0,224,'You\'ve increased your Funding by 23! Your Investors collect $2,350.00 in cash!   '),(1001,'2022-09-04 13:57:42',4,0,0,224,'You\'ve increased your Funding by 11! Your Investors collect $2,350.00 in cash!   '),(1002,'2022-09-04 13:57:42',4,0,0,224,'You\'ve increased your Funding by 23! Your Investors collect $2,350.00 in cash!   '),(1003,'2022-09-04 13:57:42',4,0,0,224,'You\'ve increased your Funding by 18! Your Investors collect $2,350.00 in cash!   '),(1004,'2022-09-04 13:57:43',4,0,0,224,'You\'ve increased your Funding by 14! Your Investors collect $2,350.00 in cash!   ');

--
-- Table structure for table `Crypto_Game`
--

CREATE TABLE `Crypto_Game` (
  `cd` int NOT NULL,
  `shortnm` varchar(8) DEFAULT NULL,
  `longnm` varchar(20) DEFAULT NULL,
  `price_now` double DEFAULT NULL,
  `price_ref` double DEFAULT NULL,
  `price_min` double DEFAULT NULL,
  `price_max` double DEFAULT NULL,
  `delta_base` double DEFAULT NULL,
  `delta_fluc` double DEFAULT NULL,
  `unit_vol` bigint DEFAULT NULL,
  `unit_prev` bigint DEFAULT NULL,
  `unit_ref` bigint DEFAULT NULL,
  PRIMARY KEY (`cd`)
) ENGINE=InnoDB DEFAULT CHARSET=utf8mb4 COLLATE=utf8mb4_0900_ai_ci;

--
-- Dumping data for table `Crypto_Game`
--

INSERT INTO `Crypto_Game` VALUES (1,'BTCW','Bitcoin Warz',59831.303283987276,59615.941121754535,20000,69420,0.00044999899999999997,0,0,0,0),(2,'FETH','Fethereum',7840.92814111111,7777.715758309292,1337,8008,0.00073969708364368,0,0,0,0),(3,'TNT','Trinance',354.0229608961402,351.71201485861036,68.2,420.65,0.000549999,0,0,0,0),(4,'USDB','Bether',1000,1000,991,1100,0,0,1075821123,1075821123,1075821123),(5,'LKC','Likecoin',382.5538499456787,381.5313493241355,68.2,420.65,0.000249999,0,0,0,0),(6,'AST','Astral',0.6522164617251462,0.6502805633483637,0.1007,0.6942,0.0001,0,0,0,0),(7,'GINK','Gamelink',41.70537810082324,41.44494773868123,8.45,42.05,0.000666665,-0.000050023667857448725,0,0,0),(8,'LOGE','Logecoin',0.1842665604258114,0.1827986195772819,0.042,0.2325,0.000266666,0,588247024,588247024,588247024),(9,'XWP','Wave',0.1785204631604913,0.17811633268942612,0.1785,1.25,0.000283333,0,1112411039881,1112411039881,1112411039881),(10,'BROW','Unibrow',35.653227593044356,35.473366508001625,6.12,40.87,0.00046006005765577597,-0.00003475358381809388,0,0,0);

--
-- Table structure for table `Crypto_Hist`
--

CREATE TABLE `Crypto_Hist` (
  `id` int NOT NULL AUTO_INCREMENT,
  `ts` datetime DEFAULT NULL,
  `cd` int DEFAULT NULL,
  `price_then` double DEFAULT NULL,
  `units` bigint DEFAULT NULL,
  PRIMARY KEY (`id`)
) ENGINE=InnoDB DEFAULT CHARSET=utf8mb4 COLLATE=utf8mb4_0900_ai_ci;

--
-- Dumping data for table `Crypto_Hist`
--


--
-- Table structure for table `Crypto_Live`
--

CREATE TABLE `Crypto_Live` (
  `cd` int NOT NULL,
  `shortnm` varchar(8) DEFAULT NULL,
  `longnm` varchar(20) DEFAULT NULL,
  `price_now` double DEFAULT NULL,
  `price_ref` double DEFAULT NULL,
  `price_min` double DEFAULT NULL,
  `price_max` double DEFAULT NULL,
  `delta_base` double DEFAULT NULL,
  `delta_fluc` double DEFAULT NULL,
  `unit_vol` bigint DEFAULT NULL,
  `unit_prev` bigint DEFAULT NULL,
  `unit_ref` bigint DEFAULT NULL
) ENGINE=InnoDB DEFAULT CHARSET=utf8mb4 COLLATE=utf8mb4_0900_ai_ci;

--
-- Dumping data for table `Crypto_Live`
--

INSERT INTO `Crypto_Live` VALUES (11,'BTC','Bitcoin',333333,333333,30000,60000,0.01,NULL,0,NULL,NULL);

--
-- Table structure for table `Crypto_News`
--

CREATE TABLE `Crypto_News` (
  `id` int NOT NULL AUTO_INCREMENT,
  `news` varchar(2048) DEFAULT NULL,
  `wgt` int DEFAULT NULL,
  `efx` varchar(256) DEFAULT NULL,
  PRIMARY KEY (`id`)
) ENGINE=InnoDB AUTO_INCREMENT=33 DEFAULT CHARSET=utf8mb4 COLLATE=utf8mb4_0900_ai_ci;

--
-- Dumping data for table `Crypto_News`
--

INSERT INTO `Crypto_News` VALUES (3,'China announces that Bitcoin has been banned for the 420th time. Investors hands shatter as the entire crypto market plummets.',300,'BTCW:=-1.1*0.5,FETH:=-1.8,TNT:=-3.43,LKC:=-2.15,AST:=-1.83,GINK:-1*0.3,LOGE:=-7.35,XWP:=-5.7,BROW:=-3.1'),(4,'Melon Tusk tweeted \"If Logecoin hits $1 Million per token, I will eat my own genitals\" the coin has surged since his announcement.',100,'FETH:+0.25,LKC:=+0.34,AST:=+1.8,GINK:=+1.6,LOGE:+4.3,XWP:=-0.9'),(5,'South Parks future episode showed crypto prices in the year 2045. Already confused investors rave good reviews which as increase demand in the entire crypto space.',300,'BTCW:=+2.2,FETH:=+2.4*0.8,TNT:+1.7,LKC:=+1.3,AST:=+2.2,GINK:+2.2,LOGE:=+1.6,XWP:=+1.7,BROW:+1.1*1'),(6,'Ghost Hunters claim to have found the spirit of John McAfee next to a jar containing...a one-eyed trouser snake. Instead of leaving the spirit be, the hunters attempt to communicate. The spirit is restless and unwilling to participate. In a final attempt, the hunters grab the jar and the McAfee ghost unleashes his fury by taking everyones phone and tweeting \"Fethereum to 50k or I eat my phantom menace on GhostTube\".',200,'BTCW:=+0.14,FETH:=+4.2,TNT:=+1.6,LKC:=+0.78,AST:=+0.24,GINK:=+1.3,BROW:=+1.2'),(7,'Satoshi emerges for the first time. His git commit message states FUNDS ARE SAFU. The entire crypto market has paused.',399,'BTCW:=0,FETH:=0,TNT:=0,LKC:=0,AST:=0,GINK:=0,LOGE:=0,XWP:=0,BROW:=0'),(8,'As El Salvador becomes the next crypto utopia, President Bukele sets focus on his next target. He announces that they will use Meteor Power to mine Astral coin. The coin gains momentum. ',100,'AST:=+2.2*2,BROW:+0.6'),(9,'Gamelink has announced partnership with Google, Amazon, Apple, NASA, Walmart, Tesla, and the American Government, the price slightly goes up. ',100,'GINK:=+1'),(10,'Genius, billionaire, playboy, philanthropist Italik Bolderin, creator of Fethereum, has reported that he...is...Miner Man. Fethereum fans go wild and the price flies. ',100,'BTCW:+0.5,FETH:=+5.4*2,LKC:+0.2,AST:=+.6,GINK:+0.5'),(11,'Logecoin creator briefs reporter that people who invest in LOGE are idiots. As the report airs, people catch wind and buy more.',100,'FETH:-0.6,LOGE:=+0.8'),(12,'BTCW Spike',1,'BTCW:=+10*2'),(13,'FETH Spike',2,'FETH:=+10*2'),(14,'TNT Spike',3,'TNT:=+10*2'),(15,'USDB Spike',4,'USDB:=+10*2'),(16,'LKC Spike',5,'LKC:=+10*2'),(17,'AST Spike',6,'AST:=+10*2'),(18,'GINK Spike',7,'GINK:=+10*2'),(19,'LOGE Spike',8,'LOGE:=+10*2'),(20,'XWP Spike',9,'XWP:=+10*2'),(21,'BROW Spike',10,'BROW:=+10*2'),(22,'BROW Crash',-10,'BROW:=-10*2'),(23,'XWP Crash',-9,'XWP:=-10*2'),(24,'XWP Crash',-9,'XWP:=-10*2'),(25,'LOGE Crash',-8,'LOGE:=-10*2'),(26,'GINK Crash',-7,'GINK:=-10*2'),(27,'AST Crash',-6,'AST:=-10*2'),(28,'LKC Crash',-5,'LKC:=-10*2'),(29,'USDB Crash',-4,'USDB:=-10*2'),(30,'TNT Crash',-3,'TNT:=-10*2'),(31,'FETH Crash',-2,'FETH:=-10*2'),(32,'BTCW Crash',-1,'BTCW:=-10*2');

--
-- Table structure for table `Crypto_Reel`
--

CREATE TABLE `Crypto_Reel` (
  `id` int NOT NULL AUTO_INCREMENT,
  `ts` datetime DEFAULT NULL,
  `news_id` int DEFAULT NULL,
  PRIMARY KEY (`id`)
) ENGINE=InnoDB AUTO_INCREMENT=2288 DEFAULT CHARSET=utf8mb4 COLLATE=utf8mb4_0900_ai_ci;

--
-- Dumping data for table `Crypto_Reel`
--

INSERT INTO `Crypto_Reel` VALUES (1,'2022-07-27 22:41:42',3),(2,'2022-07-27 22:41:51',9),(3,'2022-07-27 22:42:04',8),(4,'2022-07-29 01:06:44',9),(5,'2022-07-29 01:21:01',9),(6,'2022-07-29 01:39:09',11),(7,'2022-07-29 02:14:01',3),(8,'2022-07-29 02:32:01',6),(9,'2022-07-29 03:16:01',4),(10,'2022-07-29 03:42:01',11),(11,'2022-07-29 04:09:01',6),(12,'2022-07-29 04:28:02',9),(13,'2022-07-29 04:29:01',4),(14,'2022-07-29 05:06:01',3),(15,'2022-07-29 05:19:01',8),(16,'2022-07-29 05:34:01',10),(17,'2022-07-29 06:01:01',10),(18,'2022-07-29 06:28:01',8),(19,'2022-07-29 06:54:01',5),(20,'2022-07-29 07:10:01',10),(21,'2022-07-29 07:18:02',9),(22,'2022-07-29 07:49:01',6),(23,'2022-07-29 07:58:01',10),(24,'2022-07-29 08:15:01',11),(25,'2022-07-29 08:20:01',3),(26,'2022-07-29 08:58:01',9),(27,'2022-07-29 09:15:02',10),(28,'2022-07-29 09:37:01',8),(29,'2022-07-29 09:43:01',8),(30,'2022-07-29 09:51:01',8),(31,'2022-07-29 10:07:01',3),(32,'2022-07-29 10:24:02',10),(33,'2022-07-29 10:33:01',8),(34,'2022-07-29 11:05:01',10),(35,'2022-07-29 11:44:01',8),(36,'2022-07-29 12:05:01',7),(37,'2022-07-29 12:07:01',10),(38,'2022-07-29 12:16:01',11),(39,'2022-07-29 12:40:02',11),(40,'2022-07-29 13:24:01',6),(41,'2022-07-29 14:01:01',6),(42,'2022-07-29 14:11:01',6),(43,'2022-07-29 14:32:01',10),(44,'2022-07-29 14:41:02',10),(45,'2022-07-29 15:00:01',3),(46,'2022-07-29 15:09:02',10),(47,'2022-07-29 15:23:01',11),(48,'2022-07-29 15:40:02',10),(49,'2022-07-29 15:59:01',10),(50,'2022-07-29 16:43:02',5),(51,'2022-07-29 17:09:01',11),(52,'2022-07-29 17:42:01',8),(53,'2022-07-29 17:51:01',4),(54,'2022-07-29 18:09:02',10),(55,'2022-07-29 18:22:01',11),(56,'2022-07-29 18:32:01',6),(57,'2022-07-29 18:54:02',6),(58,'2022-07-29 19:16:01',9),(59,'2022-07-29 19:41:02',5),(60,'2022-07-29 19:54:01',11),(61,'2022-07-29 20:15:01',5),(62,'2022-07-29 20:30:01',8),(63,'2022-07-29 20:39:02',8),(64,'2022-07-29 21:07:02',11),(65,'2022-07-29 21:27:01',11),(66,'2022-07-29 21:46:01',11),(67,'2022-07-29 22:31:02',6),(68,'2022-07-29 22:47:02',9),(69,'2022-07-29 23:09:01',11),(70,'2022-07-29 23:36:01',10),(71,'2022-07-29 23:56:02',7),(72,'2022-07-30 00:36:01',6),(73,'2022-07-30 00:42:01',7),(74,'2022-07-30 01:16:01',10),(75,'2022-07-30 01:28:01',8),(76,'2022-07-30 01:51:01',6),(77,'2022-07-30 02:14:01',9),(78,'2022-07-30 02:39:02',4),(79,'2022-07-30 03:20:01',9),(80,'2022-07-30 03:29:01',8),(81,'2022-07-30 03:41:01',10),(82,'2022-07-30 04:16:01',6),(83,'2022-07-30 04:50:42',6),(84,'2022-07-30 05:15:01',4),(85,'2022-07-30 05:20:01',11),(86,'2022-07-30 05:26:02',3),(87,'2022-07-30 06:01:01',9),(88,'2022-07-30 06:12:01',8),(89,'2022-07-30 06:18:01',10),(90,'2022-07-30 06:42:01',7),(91,'2022-07-30 07:04:01',11),(92,'2022-07-30 07:11:02',6),(93,'2022-07-30 07:26:01',11),(94,'2022-07-30 07:36:01',10),(95,'2022-07-30 07:56:01',6),(96,'2022-07-30 08:01:01',8),(97,'2022-07-30 08:35:01',5),(98,'2022-07-30 08:43:01',9),(99,'2022-07-30 09:15:02',6),(100,'2022-07-30 09:21:01',4),(101,'2022-07-30 10:00:01',6),(102,'2022-07-30 10:07:01',4),(103,'2022-07-30 10:46:01',9),(104,'2022-07-30 10:47:01',7),(105,'2022-07-30 11:19:01',11),(106,'2022-07-30 11:30:21',6),(107,'2022-07-30 11:46:01',10),(108,'2022-07-30 11:55:01',5),(109,'2022-07-30 12:39:02',11),(110,'2022-07-30 13:02:01',8),(111,'2022-07-30 13:25:01',10),(112,'2022-07-30 13:51:01',4),(113,'2022-07-30 14:10:02',4),(114,'2022-07-30 15:26:11',6),(115,'2022-07-30 15:32:17',8),(116,'2022-07-30 15:33:02',8),(117,'2022-07-30 15:34:01',10),(118,'2022-07-30 15:35:01',7),(119,'2022-07-30 15:36:01',7),(120,'2022-07-30 15:45:22',28),(121,'2022-07-30 16:22:43',31),(122,'2022-07-30 16:49:01',31),(123,'2022-07-30 17:46:01',31),(124,'2022-07-30 18:14:01',8),(125,'2022-07-30 18:32:02',10),(126,'2022-07-30 18:49:01',10),(127,'2022-07-30 19:17:01',10),(128,'2022-07-30 19:44:01',6),(129,'2022-07-30 20:16:02',31),(130,'2022-07-30 20:38:01',4),(131,'2022-07-30 20:49:01',7),(132,'2022-07-30 21:08:01',7),(133,'2022-07-30 21:36:25',11),(134,'2022-07-30 21:48:02',10),(135,'2022-07-30 21:53:01',6),(136,'2022-07-30 21:57:01',6),(137,'2022-07-30 22:24:01',10),(138,'2022-07-30 22:57:01',31),(139,'2022-07-30 23:19:01',6),(140,'2022-07-30 23:53:01',4),(141,'2022-07-31 00:13:01',31),(142,'2022-07-31 00:36:01',10),(143,'2022-07-31 00:42:02',9),(144,'2022-07-31 01:02:01',8),(145,'2022-07-31 01:35:01',31),(146,'2022-07-31 01:50:01',10),(147,'2022-07-31 02:15:01',4),(148,'2022-07-31 02:24:01',31),(149,'2022-07-31 02:45:01',9),(150,'2022-07-31 03:10:01',3),(151,'2022-07-31 03:37:02',8),(152,'2022-07-31 04:03:02',6),(153,'2022-07-31 04:42:01',9),(154,'2022-07-31 05:13:02',11),(155,'2022-07-31 05:26:01',11),(156,'2022-07-31 06:05:02',6),(157,'2022-07-31 06:37:01',3),(158,'2022-07-31 06:54:02',10),(159,'2022-07-31 07:27:01',31),(160,'2022-07-31 07:44:01',10),(161,'2022-07-31 08:13:02',31),(162,'2022-07-31 08:25:01',3),(163,'2022-07-31 08:47:01',9),(164,'2022-07-31 09:17:01',11),(165,'2022-07-31 09:20:02',9),(166,'2022-07-31 09:39:01',8),(167,'2022-07-31 09:48:01',8),(168,'2022-07-31 10:16:01',4),(169,'2022-07-31 10:40:01',5),(170,'2022-07-31 11:04:01',4),(171,'2022-07-31 11:25:02',11),(172,'2022-07-31 11:39:02',10),(173,'2022-07-31 11:58:02',6),(174,'2022-07-31 12:07:01',10),(175,'2022-07-31 12:11:01',11),(176,'2022-07-31 12:41:02',31),(177,'2022-07-31 13:01:19',6),(178,'2022-07-31 13:28:01',11),(179,'2022-07-31 13:56:01',31),(180,'2022-07-31 14:11:01',11),(181,'2022-07-31 14:14:01',4),(182,'2022-07-31 14:34:01',4),(183,'2022-07-31 14:50:01',4),(184,'2022-07-31 15:12:01',7),(185,'2022-07-31 15:24:01',7),(186,'2022-07-31 15:42:01',11),(187,'2022-07-31 16:33:44',11),(188,'2022-07-31 16:59:01',10),(189,'2022-07-31 17:26:02',4),(190,'2022-07-31 17:50:01',10),(191,'2022-07-31 17:58:02',10),(192,'2022-07-31 18:18:01',9),(193,'2022-07-31 18:25:01',9),(194,'2022-07-31 18:51:01',6),(195,'2022-07-31 19:12:01',11),(196,'2022-07-31 19:16:01',11),(197,'2022-07-31 19:27:01',3),(198,'2022-07-31 19:46:01',8),(199,'2022-07-31 20:13:01',6),(200,'2022-07-31 20:23:02',9),(201,'2022-07-31 20:46:01',6),(202,'2022-07-31 20:51:02',31),(203,'2022-07-31 21:28:01',5),(204,'2022-07-31 21:43:01',9),(205,'2022-07-31 22:16:01',11),(206,'2022-07-31 22:40:02',10),(207,'2022-07-31 22:55:02',4),(208,'2022-07-31 23:10:01',7),(209,'2022-07-31 23:25:01',4),(210,'2022-07-31 23:59:01',10),(211,'2022-08-01 00:00:01',9),(212,'2022-08-01 00:13:01',8),(213,'2022-08-01 00:35:01',10),(214,'2022-08-01 00:47:01',31),(215,'2022-08-01 01:07:01',4),(216,'2022-08-01 01:32:01',10),(217,'2022-08-01 01:38:01',4),(218,'2022-08-01 02:06:01',10),(219,'2022-08-01 02:18:01',7),(220,'2022-08-01 02:56:01',11),(221,'2022-08-01 03:19:01',7),(222,'2022-08-01 03:25:01',8),(223,'2022-08-01 03:53:01',11),(224,'2022-08-01 04:01:01',11),(225,'2022-08-01 04:16:01',6),(226,'2022-08-01 04:36:01',6),(227,'2022-08-01 05:01:02',10),(228,'2022-08-01 05:15:02',31),(229,'2022-08-01 05:40:01',9),(230,'2022-08-01 06:27:01',8),(231,'2022-08-01 06:57:01',10),(232,'2022-08-01 07:13:01',10),(233,'2022-08-01 07:25:02',8),(234,'2022-08-01 07:45:01',3),(235,'2022-08-01 08:20:01',9),(236,'2022-08-01 08:31:01',9),(237,'2022-08-01 08:59:02',26),(238,'2022-08-01 09:22:01',6),(239,'2022-08-01 10:14:01',9),(240,'2022-08-01 10:40:01',5),(241,'2022-08-01 11:03:01',8),(242,'2022-08-01 11:31:01',26),(243,'2022-08-01 12:18:02',9),(244,'2022-08-01 12:24:01',10),(245,'2022-08-01 13:13:44',5),(246,'2022-08-01 13:55:01',31),(247,'2022-08-01 14:00:01',6),(248,'2022-08-01 14:14:01',31),(249,'2022-08-01 14:45:01',10),(250,'2022-08-01 14:49:01',6),(251,'2022-08-01 15:08:01',8),(252,'2022-08-01 15:42:01',26),(253,'2022-08-01 15:53:01',5),(254,'2022-08-01 16:50:01',31),(255,'2022-08-01 17:21:44',11),(256,'2022-08-01 17:28:02',7),(257,'2022-08-01 18:01:01',11),(258,'2022-08-01 18:24:01',10),(259,'2022-08-01 18:44:01',9),(260,'2022-08-01 19:14:01',8),(261,'2022-08-01 19:34:02',31),(262,'2022-08-01 19:50:02',11),(263,'2022-08-01 20:04:01',11),(264,'2022-08-01 20:16:01',3),(265,'2022-08-01 20:41:01',10),(266,'2022-08-01 20:59:02',4),(267,'2022-08-01 21:14:02',7),(268,'2022-08-01 21:23:01',6),(269,'2022-08-01 21:33:01',8),(270,'2022-08-01 22:02:01',4),(271,'2022-08-01 22:09:01',4),(272,'2022-08-01 22:32:01',31),(273,'2022-08-01 23:06:02',10),(274,'2022-08-01 23:29:01',4),(275,'2022-08-01 23:58:02',10),(276,'2022-08-02 00:29:02',31),(277,'2022-08-02 00:57:01',4),(278,'2022-08-02 01:09:02',3),(279,'2022-08-02 01:46:01',3),(280,'2022-08-02 02:12:01',4),(281,'2022-08-02 02:34:01',6),(282,'2022-08-02 02:46:02',11),(283,'2022-08-02 03:11:01',4),(284,'2022-08-02 03:28:01',11),(285,'2022-08-02 03:43:01',10),(286,'2022-08-02 04:24:01',6),(287,'2022-08-02 04:53:01',31),(288,'2022-08-02 04:59:01',11),(289,'2022-08-02 05:20:01',6),(290,'2022-08-02 05:41:01',26),(291,'2022-08-02 05:54:01',8),(292,'2022-08-02 05:55:01',8),(293,'2022-08-02 06:01:01',3),(294,'2022-08-02 06:33:01',7),(295,'2022-08-02 06:38:01',8),(296,'2022-08-02 07:06:01',6),(297,'2022-08-02 07:30:01',4),(298,'2022-08-02 08:09:02',31),(299,'2022-08-02 08:18:01',8),(300,'2022-08-02 08:51:01',11),(301,'2022-08-02 09:05:01',4),(302,'2022-08-02 09:35:01',9),(303,'2022-08-02 10:04:01',11),(304,'2022-08-02 10:32:02',8),(305,'2022-08-02 10:53:01',4),(306,'2022-08-02 11:28:01',11),(307,'2022-08-02 11:41:01',9),(308,'2022-08-02 11:54:01',9),(309,'2022-08-02 12:02:02',7),(310,'2022-08-02 12:57:02',10),(311,'2022-08-02 13:14:01',10),(312,'2022-08-02 13:35:01',7),(313,'2022-08-02 13:49:01',11),(314,'2022-08-02 14:02:01',10),(315,'2022-08-02 14:34:01',8),(316,'2022-08-02 14:37:01',11),(317,'2022-08-02 14:56:02',8),(318,'2022-08-02 15:17:01',9),(319,'2022-08-02 15:36:01',9),(320,'2022-08-02 16:02:02',6),(321,'2022-08-02 16:16:02',5),(322,'2022-08-02 16:48:01',26),(323,'2022-08-02 17:08:01',4),(324,'2022-08-02 17:32:01',4),(325,'2022-08-02 17:40:01',5),(326,'2022-08-02 18:12:01',4),(327,'2022-08-02 18:29:01',26),(328,'2022-08-02 19:08:45',8),(329,'2022-08-02 19:35:01',11),(330,'2022-08-02 20:06:01',11),(331,'2022-08-02 20:22:01',10),(332,'2022-08-02 20:35:01',6),(333,'2022-08-02 21:02:01',3),(334,'2022-08-02 21:27:01',11),(335,'2022-08-02 21:48:01',4),(336,'2022-08-02 22:26:01',6),(337,'2022-08-02 22:58:02',5),(338,'2022-08-02 23:18:01',9),(339,'2022-08-02 23:24:01',4),(340,'2022-08-02 23:28:01',4),(341,'2022-08-02 23:46:01',4),(342,'2022-08-02 23:58:01',4),(343,'2022-08-03 00:22:01',9),(344,'2022-08-03 00:47:01',9),(345,'2022-08-03 01:17:01',7),(346,'2022-08-03 01:56:01',9),(347,'2022-08-03 02:04:01',8),(348,'2022-08-03 02:25:01',7),(349,'2022-08-03 02:43:01',4),(350,'2022-08-03 03:31:01',10),(351,'2022-08-03 04:16:01',11),(352,'2022-08-03 04:47:01',8),(353,'2022-08-03 05:13:01',31),(354,'2022-08-03 05:33:01',10),(355,'2022-08-03 05:57:01',8),(356,'2022-08-03 06:31:01',31),(357,'2022-08-03 06:36:01',5),(358,'2022-08-03 07:10:01',31),(359,'2022-08-03 07:30:01',5),(360,'2022-08-03 07:47:01',26),(361,'2022-08-03 08:00:01',10),(362,'2022-08-03 08:12:01',10),(363,'2022-08-03 08:35:01',31),(364,'2022-08-03 08:45:01',9),(365,'2022-08-03 08:59:01',6),(366,'2022-08-03 09:23:01',6),(367,'2022-08-03 09:43:01',10),(368,'2022-08-03 09:59:01',31),(369,'2022-08-03 10:06:01',5),(370,'2022-08-03 10:17:02',3),(371,'2022-08-03 10:24:01',9),(372,'2022-08-03 10:44:01',6),(373,'2022-08-03 10:49:01',6),(374,'2022-08-03 11:23:02',31),(375,'2022-08-03 12:00:01',8),(376,'2022-08-03 12:32:01',10),(377,'2022-08-03 12:52:02',4),(378,'2022-08-03 12:59:01',4),(379,'2022-08-03 13:38:01',9),(380,'2022-08-03 13:58:01',7),(381,'2022-08-03 14:08:02',6),(382,'2022-08-03 14:11:01',6),(383,'2022-08-03 14:25:01',31),(384,'2022-08-03 14:43:02',11),(385,'2022-08-03 14:51:01',4),(386,'2022-08-03 15:41:45',26),(387,'2022-08-03 15:55:01',3),(388,'2022-08-03 16:23:01',11),(389,'2022-08-03 16:44:01',9),(390,'2022-08-03 16:56:02',11),(391,'2022-08-03 17:22:01',8),(392,'2022-08-03 17:49:01',7),(393,'2022-08-03 18:08:01',11),(394,'2022-08-03 18:17:17',10),(395,'2022-08-03 19:16:46',9),(396,'2022-08-03 19:36:01',6),(397,'2022-08-03 20:02:01',8),(398,'2022-08-03 20:21:01',7),(399,'2022-08-03 20:49:02',9),(400,'2022-08-03 21:15:02',11),(401,'2022-08-03 21:20:01',8),(402,'2022-08-03 22:22:02',4),(403,'2022-08-03 22:54:01',6),(404,'2022-08-03 23:08:01',6),(405,'2022-08-03 23:27:01',7),(406,'2022-08-03 23:49:01',4),(407,'2022-08-04 00:19:01',11),(408,'2022-08-04 00:22:01',6),(409,'2022-08-04 00:55:02',9),(410,'2022-08-04 01:11:02',7),(411,'2022-08-04 01:44:01',4),(412,'2022-08-04 02:35:45',4),(413,'2022-08-04 03:06:46',9),(414,'2022-08-04 03:25:02',6),(415,'2022-08-04 03:55:46',9),(416,'2022-08-04 04:24:46',11),(417,'2022-08-04 04:35:01',6),(418,'2022-08-04 04:45:02',31),(419,'2022-08-04 05:22:01',9),(420,'2022-08-04 05:33:01',9),(421,'2022-08-04 05:56:01',4),(422,'2022-08-04 06:35:46',4),(423,'2022-08-04 07:29:46',5),(424,'2022-08-04 07:45:02',6),(425,'2022-08-04 08:01:02',26),(426,'2022-08-04 08:32:01',6),(427,'2022-08-04 08:54:01',11),(428,'2022-08-04 09:14:01',8),(429,'2022-08-04 09:33:01',8),(430,'2022-08-04 10:06:01',9),(431,'2022-08-04 10:37:01',3),(432,'2022-08-04 10:58:01',4),(433,'2022-08-04 11:31:46',8),(434,'2022-08-04 11:39:01',8),(435,'2022-08-04 12:06:46',7),(436,'2022-08-04 12:31:01',8),(437,'2022-08-04 12:42:02',10),(438,'2022-08-04 13:01:01',9),(439,'2022-08-04 13:46:01',4),(440,'2022-08-04 14:00:01',26),(441,'2022-08-04 14:24:46',27),(442,'2022-08-04 14:30:01',31),(443,'2022-08-04 15:11:45',7),(444,'2022-08-04 15:31:01',8),(445,'2022-08-04 15:45:01',11),(446,'2022-08-04 16:01:01',5),(447,'2022-08-04 16:18:01',4),(448,'2022-08-04 16:56:01',8),(449,'2022-08-04 17:22:02',25),(450,'2022-08-04 17:50:02',6),(451,'2022-08-04 18:14:01',31),(452,'2022-08-04 18:28:01',8),(453,'2022-08-04 18:51:02',8),(454,'2022-08-04 19:03:01',10),(455,'2022-08-04 19:46:01',7),(456,'2022-08-04 20:12:01',6),(457,'2022-08-04 20:26:01',10),(458,'2022-08-04 20:48:01',11),(459,'2022-08-04 20:52:01',4),(460,'2022-08-04 21:20:01',31),(461,'2022-08-04 21:34:01',10),(462,'2022-08-04 21:47:01',7),(463,'2022-08-04 21:58:02',10),(464,'2022-08-04 22:06:01',10),(465,'2022-08-04 22:32:01',31),(466,'2022-08-04 23:15:01',26),(467,'2022-08-04 23:35:01',7),(468,'2022-08-04 23:59:01',11),(469,'2022-08-05 00:08:01',9),(470,'2022-08-05 00:28:02',6),(471,'2022-08-05 00:47:01',6),(472,'2022-08-05 01:07:01',28),(473,'2022-08-05 01:44:02',3),(474,'2022-08-05 01:55:02',8),(475,'2022-08-05 02:05:02',8),(476,'2022-08-05 02:52:46',27),(477,'2022-08-05 03:14:01',11),(478,'2022-08-05 03:21:01',8),(479,'2022-08-05 03:57:01',8),(480,'2022-08-05 04:10:01',8),(481,'2022-08-05 04:37:01',7),(482,'2022-08-05 04:52:02',9),(483,'2022-08-05 05:07:01',4),(484,'2022-08-05 05:45:02',26),(485,'2022-08-05 06:03:02',7),(486,'2022-08-05 06:16:02',4),(487,'2022-08-05 06:30:01',6),(488,'2022-08-05 06:51:01',8),(489,'2022-08-05 07:18:02',10),(490,'2022-08-05 07:53:02',9),(491,'2022-08-05 08:21:01',26),(492,'2022-08-05 08:55:01',5),(493,'2022-08-05 09:06:01',31),(494,'2022-08-05 09:25:01',10),(495,'2022-08-05 09:54:01',8),(496,'2022-08-05 10:17:01',31),(497,'2022-08-05 10:26:01',3),(498,'2022-08-05 10:42:02',6),(499,'2022-08-05 11:16:01',31),(500,'2022-08-05 11:54:01',6),(501,'2022-08-05 12:01:01',6),(502,'2022-08-05 12:24:02',9),(503,'2022-08-05 12:42:01',11),(504,'2022-08-05 13:21:01',5),(505,'2022-08-05 14:02:01',31),(506,'2022-08-05 14:24:01',27),(507,'2022-08-05 14:39:01',11),(508,'2022-08-05 14:49:02',10),(509,'2022-08-05 15:07:01',9),(510,'2022-08-05 15:10:01',10),(511,'2022-08-05 15:21:01',9),(512,'2022-08-05 15:27:01',9),(513,'2022-08-05 15:55:01',4),(514,'2022-08-05 16:15:01',31),(515,'2022-08-05 16:35:01',8),(516,'2022-08-05 16:50:01',7),(517,'2022-08-05 17:20:01',8),(518,'2022-08-05 17:30:02',3),(519,'2022-08-05 18:11:01',6),(520,'2022-08-05 18:20:01',6),(521,'2022-08-05 18:46:01',6),(522,'2022-08-05 19:08:01',6),(523,'2022-08-05 19:18:01',4),(524,'2022-08-05 19:41:01',31),(525,'2022-08-05 19:45:01',8),(526,'2022-08-05 19:53:01',11),(527,'2022-08-05 20:06:01',9),(528,'2022-08-05 20:10:01',4),(529,'2022-08-05 20:15:02',10),(530,'2022-08-05 20:49:46',7),(531,'2022-08-05 21:06:01',10),(532,'2022-08-05 21:07:02',4),(533,'2022-08-05 21:32:01',27),(534,'2022-08-05 22:03:01',11),(535,'2022-08-05 22:14:02',6),(536,'2022-08-05 22:47:02',31),(537,'2022-08-05 23:07:01',28),(538,'2022-08-05 23:38:01',11),(539,'2022-08-06 00:24:01',7),(540,'2022-08-06 00:32:01',6),(541,'2022-08-06 00:54:01',8),(542,'2022-08-06 01:04:01',7),(543,'2022-08-06 01:37:02',8),(544,'2022-08-06 02:05:01',11),(545,'2022-08-06 02:48:01',4),(546,'2022-08-06 02:52:01',11),(547,'2022-08-06 02:59:01',9),(548,'2022-08-06 03:25:01',9),(549,'2022-08-06 03:51:01',4),(550,'2022-08-06 04:16:02',11),(551,'2022-08-06 04:35:01',26),(552,'2022-08-06 04:56:02',7),(553,'2022-08-06 05:00:02',7),(554,'2022-08-06 05:28:02',4),(555,'2022-08-06 06:00:47',27),(556,'2022-08-06 06:27:01',9),(557,'2022-08-06 06:48:01',4),(558,'2022-08-06 07:07:02',8),(559,'2022-08-06 07:35:02',8),(560,'2022-08-06 08:02:01',26),(561,'2022-08-06 08:17:01',22),(562,'2022-08-06 08:30:02',4),(563,'2022-08-06 08:44:01',5),(564,'2022-08-06 09:15:01',3),(565,'2022-08-06 09:34:02',4),(566,'2022-08-06 09:53:01',11),(567,'2022-08-06 10:15:01',11),(568,'2022-08-06 10:38:01',26),(569,'2022-08-06 10:59:01',4),(570,'2022-08-06 11:25:01',10),(571,'2022-08-06 11:54:01',10),(572,'2022-08-06 12:16:01',11),(573,'2022-08-06 12:38:01',26),(574,'2022-08-06 12:54:01',11),(575,'2022-08-06 13:02:01',5),(576,'2022-08-06 13:57:47',7),(577,'2022-08-06 14:15:01',9),(578,'2022-08-06 14:31:02',8),(579,'2022-08-06 22:16:01',8),(580,'2022-08-06 22:48:01',11),(581,'2022-08-06 23:09:01',8),(582,'2022-08-06 23:20:01',8),(583,'2022-08-06 23:45:01',4),(584,'2022-08-07 00:03:01',10),(585,'2022-08-07 00:25:02',10),(586,'2022-08-07 00:56:01',25),(587,'2022-08-07 01:08:01',9),(588,'2022-08-07 01:14:01',27),(589,'2022-08-07 01:40:01',5),(590,'2022-08-07 02:06:01',4),(591,'2022-08-07 02:42:01',4),(592,'2022-08-07 02:45:01',26),(593,'2022-08-07 03:08:01',25),(594,'2022-08-07 03:11:01',11),(595,'2022-08-07 03:42:01',25),(596,'2022-08-07 04:07:01',27),(597,'2022-08-07 04:27:01',11),(598,'2022-08-07 04:48:02',22),(599,'2022-08-07 05:03:01',10),(600,'2022-08-07 05:25:01',7),(601,'2022-08-07 05:59:01',4),(602,'2022-08-07 06:08:01',11),(603,'2022-08-07 06:24:01',11),(604,'2022-08-07 06:40:02',3),(605,'2022-08-07 07:03:02',11),(606,'2022-08-07 07:30:01',8),(607,'2022-08-07 07:54:01',11),(608,'2022-08-07 08:25:01',10),(609,'2022-08-07 08:37:02',9),(610,'2022-08-07 09:03:01',4),(611,'2022-08-07 09:22:01',31),(612,'2022-08-07 09:28:02',6),(613,'2022-08-07 09:45:02',10),(614,'2022-08-07 10:48:01',31),(615,'2022-08-07 11:08:01',25),(616,'2022-08-07 11:29:01',11),(617,'2022-08-07 11:41:01',8),(618,'2022-08-07 12:15:02',7),(619,'2022-08-07 12:49:01',11),(620,'2022-08-07 13:10:02',9),(621,'2022-08-07 13:51:01',6),(622,'2022-08-07 14:22:01',11),(623,'2022-08-07 14:39:01',9),(624,'2022-08-07 14:49:01',3),(625,'2022-08-07 14:56:02',10),(626,'2022-08-07 15:02:01',6),(627,'2022-08-07 15:18:01',6),(628,'2022-08-07 15:41:01',8),(629,'2022-08-07 15:49:01',4),(630,'2022-08-07 15:53:02',5),(631,'2022-08-07 16:06:01',9),(632,'2022-08-07 16:32:02',11),(633,'2022-08-07 16:48:01',10),(634,'2022-08-07 17:03:02',11),(635,'2022-08-07 17:32:02',8),(636,'2022-08-07 17:44:02',11),(637,'2022-08-07 18:05:01',3),(638,'2022-08-07 18:30:01',10),(639,'2022-08-07 18:41:01',9),(640,'2022-08-07 19:18:01',6),(641,'2022-08-07 19:35:01',31),(642,'2022-08-07 20:00:01',4),(643,'2022-08-07 21:05:02',3),(644,'2022-08-07 21:33:02',11),(645,'2022-08-07 21:38:01',8),(646,'2022-08-07 21:53:01',4),(647,'2022-08-07 22:37:01',8),(648,'2022-08-07 22:55:01',6),(649,'2022-08-07 23:24:01',6),(650,'2022-08-07 23:34:01',4),(651,'2022-08-07 23:51:01',5),(652,'2022-08-08 00:02:01',10),(653,'2022-08-08 00:37:01',31),(654,'2022-08-08 01:04:01',8),(655,'2022-08-08 01:28:01',27),(656,'2022-08-08 02:17:02',3),(657,'2022-08-08 02:56:01',26),(658,'2022-08-08 03:03:01',4),(659,'2022-08-08 03:33:02',10),(660,'2022-08-08 03:53:01',26),(661,'2022-08-08 04:30:48',8),(662,'2022-08-08 04:53:01',9),(663,'2022-08-08 05:21:01',9),(664,'2022-08-08 05:51:01',8),(665,'2022-08-08 06:11:02',31),(666,'2022-08-08 06:25:01',9),(667,'2022-08-08 06:33:01',11),(668,'2022-08-08 06:54:01',28),(669,'2022-08-08 07:16:01',4),(670,'2022-08-08 07:29:01',11),(671,'2022-08-08 07:55:01',3),(672,'2022-08-08 07:57:01',7),(673,'2022-08-08 08:05:02',4),(674,'2022-08-08 08:21:01',6),(675,'2022-08-08 08:26:01',6),(676,'2022-08-08 08:59:01',10),(677,'2022-08-08 09:27:01',4),(678,'2022-08-08 10:03:02',27),(679,'2022-08-08 10:35:01',8),(680,'2022-08-08 11:00:01',8),(681,'2022-08-08 11:45:01',31),(682,'2022-08-08 11:53:01',6),(683,'2022-08-08 12:02:01',6),(684,'2022-08-08 12:21:01',31),(685,'2022-08-08 12:25:01',25),(686,'2022-08-08 12:53:01',10),(687,'2022-08-08 13:01:01',10),(688,'2022-08-08 13:07:01',6),(689,'2022-08-08 13:22:02',6),(690,'2022-08-08 13:36:01',11),(691,'2022-08-08 13:56:01',11),(692,'2022-08-08 14:05:02',10),(693,'2022-08-08 14:28:02',26),(694,'2022-08-08 14:45:01',28),(695,'2022-08-08 15:14:02',31),(696,'2022-08-08 15:50:01',27),(697,'2022-08-08 16:26:02',11),(698,'2022-08-08 17:07:01',4),(699,'2022-08-08 17:28:01',9),(700,'2022-08-08 18:03:02',7),(701,'2022-08-08 18:28:01',8),(702,'2022-08-08 18:45:01',7),(703,'2022-08-08 19:23:01',8),(704,'2022-08-08 20:01:01',8),(705,'2022-08-08 20:14:01',9),(706,'2022-08-08 20:39:02',31),(707,'2022-08-08 20:44:01',10),(708,'2022-08-08 21:13:01',31),(709,'2022-08-08 21:51:01',6),(710,'2022-08-08 22:22:01',22),(711,'2022-08-08 22:36:01',5),(712,'2022-08-08 22:44:02',10),(713,'2022-08-08 22:55:02',4),(714,'2022-08-08 23:20:01',8),(715,'2022-08-08 23:46:01',31),(716,'2022-08-08 23:58:01',9),(717,'2022-08-09 00:43:01',32),(718,'2022-08-09 01:09:01',25),(719,'2022-08-09 01:42:01',10),(720,'2022-08-09 02:14:02',5),(721,'2022-08-09 02:28:01',4),(722,'2022-08-09 02:58:01',27),(723,'2022-08-09 03:09:01',4),(724,'2022-08-09 03:41:02',6),(725,'2022-08-09 04:00:01',25),(726,'2022-08-09 04:32:02',9),(727,'2022-08-09 04:40:01',7),(728,'2022-08-09 05:06:01',10),(729,'2022-08-09 05:32:01',8),(730,'2022-08-09 05:36:01',27),(731,'2022-08-09 06:17:47',6),(732,'2022-08-09 06:39:01',9),(733,'2022-08-09 06:56:01',31),(734,'2022-08-09 07:05:01',11),(735,'2022-08-09 07:20:02',8),(736,'2022-08-09 07:53:01',3),(737,'2022-08-09 08:14:01',9),(738,'2022-08-09 08:27:01',11),(739,'2022-08-09 09:10:02',5),(740,'2022-08-09 09:17:01',6),(741,'2022-08-09 09:50:02',6),(742,'2022-08-09 10:04:01',9),(743,'2022-08-09 10:36:15',11),(744,'2022-08-09 10:54:01',10),(745,'2022-08-09 11:14:01',4),(746,'2022-08-09 11:54:02',27),(747,'2022-08-09 12:22:01',31),(748,'2022-08-09 12:45:01',25),(749,'2022-08-09 13:13:01',11),(750,'2022-08-09 13:44:01',26),(751,'2022-08-09 14:01:01',9),(752,'2022-08-09 14:21:01',11),(753,'2022-08-09 15:08:01',7),(754,'2022-08-09 15:25:01',4),(755,'2022-08-09 15:41:01',8),(756,'2022-08-09 16:02:01',25),(757,'2022-08-09 16:26:02',26),(758,'2022-08-09 16:32:01',4),(759,'2022-08-09 17:15:01',26),(760,'2022-08-09 17:26:01',6),(761,'2022-08-09 17:35:02',9),(762,'2022-08-09 17:56:02',3),(763,'2022-08-09 18:19:01',4),(764,'2022-08-09 18:43:01',11),(765,'2022-08-09 19:10:01',26),(766,'2022-08-09 19:32:01',7),(767,'2022-08-09 20:07:01',6),(768,'2022-08-09 20:16:01',10),(769,'2022-08-09 20:56:48',4),(770,'2022-08-09 21:16:48',11),(771,'2022-08-09 21:33:01',26),(772,'2022-08-09 22:11:02',9),(773,'2022-08-09 22:46:01',6),(774,'2022-08-09 23:02:01',3),(775,'2022-08-09 23:14:01',10),(776,'2022-08-09 23:27:01',9),(777,'2022-08-09 23:43:01',5),(778,'2022-08-10 00:03:01',6),(779,'2022-08-10 00:35:02',10),(780,'2022-08-10 00:58:01',31),(781,'2022-08-10 01:34:02',11),(782,'2022-08-10 02:39:01',8),(783,'2022-08-10 02:59:01',28),(784,'2022-08-10 03:36:01',26),(785,'2022-08-10 04:31:01',4),(786,'2022-08-10 04:48:02',4),(787,'2022-08-10 05:30:01',10),(788,'2022-08-10 05:48:01',9),(789,'2022-08-10 06:10:01',25),(790,'2022-08-10 06:35:01',32),(791,'2022-08-10 06:53:02',30),(792,'2022-08-10 07:13:01',4),(793,'2022-08-10 07:19:01',11),(794,'2022-08-10 07:51:01',7),(795,'2022-08-10 08:16:02',7),(796,'2022-08-10 08:47:01',10),(797,'2022-08-10 09:20:01',10),(798,'2022-08-10 09:32:02',9),(799,'2022-08-10 09:58:49',9),(800,'2022-08-10 10:01:01',4),(801,'2022-08-10 10:33:02',10),(802,'2022-08-10 11:07:01',10),(803,'2022-08-10 11:37:01',6),(804,'2022-08-10 11:53:01',8),(805,'2022-08-10 12:19:02',25),(806,'2022-08-10 12:36:01',26),(807,'2022-08-10 12:54:01',6),(808,'2022-08-10 13:12:01',31),(809,'2022-08-10 13:55:02',11),(810,'2022-08-10 14:04:01',8),(811,'2022-08-10 14:18:01',7),(812,'2022-08-10 14:54:01',10),(813,'2022-08-10 15:21:01',8),(814,'2022-08-10 15:38:01',11),(815,'2022-08-10 15:54:01',10),(816,'2022-08-10 16:02:01',6),(817,'2022-08-10 16:04:02',3),(818,'2022-08-10 16:23:01',10),(819,'2022-08-10 16:37:01',26),(820,'2022-08-10 17:16:02',6),(821,'2022-08-10 17:28:01',6),(822,'2022-08-10 17:38:01',31),(823,'2022-08-12 18:38:13',11),(824,'2022-08-12 18:57:01',11),(825,'2022-08-12 19:04:01',9),(826,'2022-08-12 19:09:01',11),(827,'2022-08-12 19:21:01',5),(828,'2022-08-12 20:05:01',10),(829,'2022-08-12 20:17:01',9),(830,'2022-08-12 21:03:02',7),(831,'2022-08-12 21:22:01',10),(832,'2022-08-12 21:44:01',11),(833,'2022-08-12 22:01:01',4),(834,'2022-08-12 22:19:01',8),(835,'2022-08-12 22:46:01',26),(836,'2022-08-12 23:02:02',9),(837,'2022-08-12 23:23:01',8),(838,'2022-08-12 23:44:01',31),(839,'2022-08-13 00:08:01',9),(840,'2022-08-13 00:23:01',9),(841,'2022-08-13 00:45:02',7),(842,'2022-08-13 00:59:01',6),(843,'2022-08-13 01:14:02',8),(844,'2022-08-13 01:31:01',26),(845,'2022-08-13 01:37:02',3),(846,'2022-08-13 02:17:51',10),(847,'2022-08-13 02:34:01',4),(848,'2022-08-13 02:52:01',9),(849,'2022-08-13 03:11:01',31),(850,'2022-08-13 03:35:01',4),(851,'2022-08-13 04:08:02',27),(852,'2022-08-13 04:30:01',9),(853,'2022-08-13 04:51:01',11),(854,'2022-08-13 05:31:01',3),(855,'2022-08-13 05:34:01',11),(856,'2022-08-13 06:00:01',5),(857,'2022-08-13 06:29:01',9),(858,'2022-08-13 06:50:01',10),(859,'2022-08-13 06:57:01',10),(860,'2022-08-13 07:05:01',4),(861,'2022-08-13 07:14:01',9),(862,'2022-08-13 07:21:01',11),(863,'2022-08-13 07:42:01',4),(864,'2022-08-13 08:20:01',11),(865,'2022-08-13 08:31:01',31),(866,'2022-08-13 09:10:01',31),(867,'2022-08-13 09:31:01',32),(868,'2022-08-13 09:53:01',4),(869,'2022-08-13 10:14:01',11),(870,'2022-08-13 10:26:01',4),(871,'2022-08-13 10:48:02',9),(872,'2022-08-13 11:00:02',9),(873,'2022-08-13 11:35:01',3),(874,'2022-08-13 12:22:01',9),(875,'2022-08-13 12:34:01',6),(876,'2022-08-13 12:55:01',4),(877,'2022-08-13 13:07:02',9),(878,'2022-08-13 13:20:01',9),(879,'2022-08-13 13:38:01',3),(880,'2022-08-13 14:15:01',8),(881,'2022-08-13 14:42:01',4),(882,'2022-08-13 15:03:02',9),(883,'2022-08-13 15:29:01',26),(884,'2022-08-13 15:58:01',8),(885,'2022-08-13 16:32:02',4),(886,'2022-08-13 17:01:01',10),(887,'2022-08-13 17:10:02',9),(888,'2022-08-13 17:51:01',11),(889,'2022-08-13 18:19:01',9),(890,'2022-08-13 18:42:01',7),(891,'2022-08-13 19:00:01',10),(892,'2022-08-13 19:13:01',8),(893,'2022-08-13 19:46:01',27),(894,'2022-08-13 20:22:02',5),(895,'2022-08-13 20:40:01',8),(896,'2022-08-13 21:12:02',11),(897,'2022-08-13 21:21:01',9),(898,'2022-08-13 21:32:01',27),(899,'2022-08-13 21:46:01',11),(900,'2022-08-13 22:05:01',11),(901,'2022-08-13 22:28:01',10),(902,'2022-08-13 22:50:01',4),(903,'2022-08-13 23:04:01',7),(904,'2022-08-13 23:20:01',6),(905,'2022-08-13 23:29:01',4),(906,'2022-08-13 23:47:02',31),(907,'2022-08-14 00:16:01',9),(908,'2022-08-14 00:48:01',5),(909,'2022-08-14 00:55:02',10),(910,'2022-08-14 01:14:02',26),(911,'2022-08-14 01:22:01',8),(912,'2022-08-14 01:32:01',11),(913,'2022-08-14 01:46:01',11),(914,'2022-08-14 02:38:50',3),(915,'2022-08-14 02:49:01',4),(916,'2022-08-14 03:07:02',10),(917,'2022-08-14 03:40:01',6),(918,'2022-08-14 04:03:01',31),(919,'2022-08-14 04:33:01',7),(920,'2022-08-14 05:10:02',11),(921,'2022-08-14 05:47:01',4),(922,'2022-08-14 06:16:02',26),(923,'2022-08-14 06:20:01',6),(924,'2022-08-14 06:48:02',9),(925,'2022-08-14 07:04:01',26),(926,'2022-08-14 07:15:01',11),(927,'2022-08-14 07:32:01',11),(928,'2022-08-14 07:58:01',31),(929,'2022-08-14 08:36:01',9),(930,'2022-08-14 09:17:01',8),(931,'2022-08-14 09:58:01',27),(932,'2022-08-14 10:11:02',5),(933,'2022-08-14 10:16:01',6),(934,'2022-08-14 10:32:01',9),(935,'2022-08-14 10:50:01',3),(936,'2022-08-14 11:16:01',8),(937,'2022-08-14 11:17:02',10),(938,'2022-08-14 11:25:01',9),(939,'2022-08-14 11:44:01',11),(940,'2022-08-14 12:16:02',6),(941,'2022-08-14 12:30:01',8),(942,'2022-08-14 13:13:01',27),(943,'2022-08-14 13:45:01',4),(944,'2022-08-14 14:03:01',11),(945,'2022-08-14 14:10:02',5),(946,'2022-08-14 14:22:02',3),(947,'2022-08-14 14:46:01',6),(948,'2022-08-14 15:11:01',9),(949,'2022-08-14 15:48:02',9),(950,'2022-08-14 15:53:01',11),(951,'2022-08-14 16:34:01',8),(952,'2022-08-14 16:48:01',31),(953,'2022-08-14 17:14:02',11),(954,'2022-08-14 17:35:01',10),(955,'2022-08-14 18:07:01',4),(956,'2022-08-14 18:43:01',3),(957,'2022-08-14 19:12:02',6),(958,'2022-08-14 19:54:01',4),(959,'2022-08-14 20:04:02',26),(960,'2022-08-14 20:35:01',31),(961,'2022-08-14 20:45:01',11),(962,'2022-08-14 21:05:01',6),(963,'2022-08-14 21:21:01',6),(964,'2022-08-14 21:59:02',11),(965,'2022-08-14 22:24:01',9),(966,'2022-08-14 22:46:02',8),(967,'2022-08-14 23:05:02',8),(968,'2022-08-14 23:06:01',10),(969,'2022-08-14 23:36:01',10),(970,'2022-08-15 00:03:01',31),(971,'2022-08-15 00:34:01',3),(972,'2022-08-15 00:54:01',9),(973,'2022-08-15 01:12:01',11),(974,'2022-08-15 01:50:01',5),(975,'2022-08-15 01:58:01',11),(976,'2022-08-15 02:14:01',11),(977,'2022-08-15 02:29:01',4),(978,'2022-08-15 02:39:02',9),(979,'2022-08-15 02:57:02',8),(980,'2022-08-15 03:38:01',27),(981,'2022-08-15 03:56:02',9),(982,'2022-08-15 04:17:01',11),(983,'2022-08-15 04:58:01',31),(984,'2022-08-15 05:30:01',26),(985,'2022-08-15 05:50:01',32),(986,'2022-08-15 06:20:02',5),(987,'2022-08-15 06:25:01',6),(988,'2022-08-15 06:41:01',3),(989,'2022-08-15 07:28:01',9),(990,'2022-08-15 07:32:01',8),(991,'2022-08-15 08:12:01',6),(992,'2022-08-15 08:28:01',6),(993,'2022-08-15 08:37:01',10),(994,'2022-08-15 08:54:01',8),(995,'2022-08-15 09:35:01',4),(996,'2022-08-15 10:04:01',11),(997,'2022-08-15 10:24:01',5),(998,'2022-08-15 10:36:02',31),(999,'2022-08-15 11:32:01',27),(1000,'2022-08-15 11:58:01',26),(1001,'2022-08-15 12:21:01',6),(1002,'2022-08-15 12:55:02',9),(1003,'2022-08-15 13:17:01',8),(1004,'2022-08-15 13:26:01',5),(1005,'2022-08-15 13:31:01',8),(1006,'2022-08-15 14:10:02',32),(1007,'2022-08-15 14:41:01',30),(1008,'2022-08-15 15:06:01',26),(1009,'2022-08-15 15:29:02',3),(1010,'2022-08-15 15:42:02',4),(1011,'2022-08-15 16:07:02',11),(1012,'2022-08-15 16:28:01',11),(1013,'2022-08-15 16:58:51',8),(1014,'2022-08-15 17:12:01',27),(1015,'2022-08-15 17:34:01',8),(1016,'2022-08-15 18:10:01',4),(1017,'2022-08-15 18:24:01',4),(1018,'2022-08-15 18:37:01',6),(1019,'2022-08-15 19:23:01',28),(1020,'2022-08-15 19:39:01',9),(1021,'2022-08-15 20:08:01',26),(1022,'2022-08-15 20:36:01',4),(1023,'2022-08-15 20:57:02',11),(1024,'2022-08-15 21:29:01',8),(1025,'2022-08-15 22:05:01',27),(1026,'2022-08-15 22:37:01',3),(1027,'2022-08-15 23:12:01',11),(1028,'2022-08-15 23:36:01',8),(1029,'2022-08-15 23:55:02',4),(1030,'2022-08-16 00:06:02',4),(1031,'2022-08-16 00:46:01',26),(1032,'2022-08-16 01:19:01',4),(1033,'2022-08-16 01:52:01',3),(1034,'2022-08-16 02:15:01',6),(1035,'2022-08-16 02:47:01',11),(1036,'2022-08-16 02:58:02',10),(1037,'2022-08-16 03:25:01',9),(1038,'2022-08-16 03:47:01',11),(1039,'2022-08-16 04:05:01',3),(1040,'2022-08-16 04:19:01',10),(1041,'2022-08-16 04:39:01',11),(1042,'2022-08-16 05:08:01',31),(1043,'2022-08-16 05:33:01',10),(1044,'2022-08-16 05:40:01',3),(1045,'2022-08-16 06:29:01',10),(1046,'2022-08-16 06:33:01',10),(1047,'2022-08-16 06:57:02',9),(1048,'2022-08-16 07:02:02',4),(1049,'2022-08-16 07:16:01',11),(1050,'2022-08-16 07:34:01',31),(1051,'2022-08-16 08:02:01',5),(1052,'2022-08-16 09:02:01',26),(1053,'2022-08-16 09:06:01',27),(1054,'2022-08-16 09:09:01',9),(1055,'2022-08-16 09:43:01',8),(1056,'2022-08-16 10:31:01',31),(1057,'2022-08-16 10:56:01',26),(1058,'2022-08-16 11:17:01',6),(1059,'2022-08-16 11:49:01',5),(1060,'2022-08-16 12:21:02',9),(1061,'2022-08-16 12:25:01',8),(1062,'2022-08-16 12:54:01',27),(1063,'2022-08-16 13:16:01',11),(1064,'2022-08-16 13:37:01',26),(1065,'2022-08-16 14:16:01',9),(1066,'2022-08-16 14:28:01',10),(1067,'2022-08-16 14:49:01',3),(1068,'2022-08-16 15:12:01',8),(1069,'2022-08-16 15:40:01',11),(1070,'2022-08-16 16:28:01',7),(1071,'2022-08-16 17:00:01',11),(1072,'2022-08-16 17:45:53',10),(1073,'2022-08-16 17:51:01',9),(1074,'2022-08-16 18:25:01',31),(1075,'2022-08-16 18:44:01',9),(1076,'2022-08-16 18:56:01',4),(1077,'2022-08-16 19:21:01',10),(1078,'2022-08-16 19:43:01',4),(1079,'2022-08-16 19:53:01',11),(1080,'2022-08-16 20:32:01',4),(1081,'2022-08-16 21:13:01',26),(1082,'2022-08-16 21:39:01',10),(1083,'2022-08-16 22:06:01',31),(1084,'2022-08-16 22:42:02',9),(1085,'2022-08-16 23:25:01',10),(1086,'2022-08-16 23:34:01',25),(1087,'2022-08-16 23:49:02',9),(1088,'2022-08-17 00:43:01',11),(1089,'2022-08-17 01:18:01',9),(1090,'2022-08-17 01:38:01',4),(1091,'2022-08-17 02:26:01',10),(1092,'2022-08-17 02:29:01',7),(1093,'2022-08-17 02:41:01',5),(1094,'2022-08-17 03:06:01',10),(1095,'2022-08-17 03:43:01',4),(1096,'2022-08-17 04:11:01',31),(1097,'2022-08-17 05:03:02',25),(1098,'2022-08-17 05:30:01',10),(1099,'2022-08-17 05:43:01',31),(1100,'2022-08-17 06:01:01',6),(1101,'2022-08-17 06:10:01',10),(1102,'2022-08-17 06:57:01',26),(1103,'2022-08-17 07:09:02',32),(1104,'2022-08-17 07:51:53',31),(1105,'2022-08-17 08:15:01',27),(1106,'2022-08-17 08:45:01',6),(1107,'2022-08-17 09:10:01',9),(1108,'2022-08-17 09:29:02',3),(1109,'2022-08-17 09:57:02',8),(1110,'2022-08-17 10:33:01',10),(1111,'2022-08-17 11:07:01',11),(1112,'2022-08-17 11:55:01',7),(1113,'2022-08-17 12:19:01',6),(1114,'2022-08-17 12:41:01',4),(1115,'2022-08-17 13:25:01',10),(1116,'2022-08-17 13:52:01',31),(1117,'2022-08-17 14:13:01',9),(1118,'2022-08-17 14:29:01',8),(1119,'2022-08-17 14:52:02',8),(1120,'2022-08-17 15:01:01',27),(1121,'2022-08-17 15:51:02',9),(1122,'2022-08-17 16:27:01',7),(1123,'2022-08-17 17:08:01',5),(1124,'2022-08-17 17:31:01',10),(1125,'2022-08-17 18:00:01',4),(1126,'2022-08-17 18:46:01',9),(1127,'2022-08-17 18:58:01',4),(1128,'2022-08-17 19:05:01',31),(1129,'2022-08-17 19:26:01',8),(1130,'2022-08-17 19:28:01',9),(1131,'2022-08-17 20:01:02',11),(1132,'2022-08-17 20:30:01',11),(1133,'2022-08-17 20:41:01',5),(1134,'2022-08-17 21:05:02',4),(1135,'2022-08-17 21:30:01',7),(1136,'2022-08-17 21:46:01',4),(1137,'2022-08-17 22:13:01',8),(1138,'2022-08-17 22:33:01',11),(1139,'2022-08-17 23:09:02',8),(1140,'2022-08-17 23:26:02',10),(1141,'2022-08-18 00:05:01',6),(1142,'2022-08-18 00:25:02',8),(1143,'2022-08-18 00:43:02',11),(1144,'2022-08-18 00:53:01',8),(1145,'2022-08-18 01:15:01',27),(1146,'2022-08-18 01:36:01',9),(1147,'2022-08-18 01:48:01',4),(1148,'2022-08-18 02:04:01',6),(1149,'2022-08-18 02:45:52',31),(1150,'2022-08-18 03:26:02',26),(1151,'2022-08-18 03:32:02',28),(1152,'2022-08-18 03:53:01',25),(1153,'2022-08-18 04:09:02',4),(1154,'2022-08-18 04:48:01',3),(1155,'2022-08-18 04:51:01',10),(1156,'2022-08-18 05:24:01',11),(1157,'2022-08-18 05:51:01',11),(1158,'2022-08-18 06:10:01',6),(1159,'2022-08-18 06:15:01',10),(1160,'2022-08-18 06:35:01',9),(1161,'2022-08-18 06:51:01',4),(1162,'2022-08-18 07:09:01',6),(1163,'2022-08-18 07:18:01',9),(1164,'2022-08-18 07:36:01',7),(1165,'2022-08-18 08:01:01',9),(1166,'2022-08-18 08:40:01',4),(1167,'2022-08-18 09:15:52',7),(1168,'2022-08-18 09:30:02',4),(1169,'2022-08-18 09:57:01',27),(1170,'2022-08-18 10:36:01',25),(1171,'2022-08-18 10:47:01',26),(1172,'2022-08-18 11:40:01',8),(1173,'2022-08-18 11:59:01',6),(1174,'2022-08-18 12:11:01',6),(1175,'2022-08-18 12:29:01',9),(1176,'2022-08-18 12:57:01',9),(1177,'2022-08-18 13:28:01',6),(1178,'2022-08-18 14:34:01',31),(1179,'2022-08-18 14:48:01',4),(1180,'2022-08-18 15:15:01',3),(1181,'2022-08-18 15:27:01',5),(1182,'2022-08-18 15:32:01',11),(1183,'2022-08-18 16:16:01',11),(1184,'2022-08-18 16:39:01',10),(1185,'2022-08-18 16:52:01',10),(1186,'2022-08-18 17:02:02',4),(1187,'2022-08-18 17:40:01',31),(1188,'2022-08-18 18:13:01',8),(1189,'2022-08-18 19:06:01',26),(1190,'2022-08-18 19:23:02',6),(1191,'2022-08-18 19:44:01',11),(1192,'2022-08-18 20:18:01',6),(1193,'2022-08-18 20:42:01',6),(1194,'2022-08-18 20:46:01',9),(1195,'2022-08-18 20:52:01',9),(1196,'2022-08-18 21:00:02',3),(1197,'2022-08-18 21:29:01',9),(1198,'2022-08-18 21:40:01',8),(1199,'2022-08-18 22:02:01',11),(1200,'2022-08-18 22:25:01',7),(1201,'2022-08-18 22:41:02',11),(1202,'2022-08-18 22:50:01',9),(1203,'2022-08-18 23:16:01',26),(1204,'2022-08-18 23:50:02',9),(1205,'2022-08-19 00:01:01',9),(1206,'2022-08-19 00:30:01',11),(1207,'2022-08-19 01:13:53',5),(1208,'2022-08-19 01:29:01',9),(1209,'2022-08-19 02:02:01',6),(1210,'2022-08-19 02:34:01',11),(1211,'2022-08-19 03:09:02',8),(1212,'2022-08-19 03:37:01',26),(1213,'2022-08-19 03:48:01',28),(1214,'2022-08-19 04:09:01',11),(1215,'2022-08-19 04:53:01',8),(1216,'2022-08-19 05:12:01',27),(1217,'2022-08-19 05:41:02',7),(1218,'2022-08-19 06:43:01',9),(1219,'2022-08-19 06:56:01',7),(1220,'2022-08-19 07:20:02',11),(1221,'2022-08-19 07:35:01',6),(1222,'2022-08-19 07:51:01',31),(1223,'2022-08-19 08:17:01',8),(1224,'2022-08-19 08:51:01',9),(1225,'2022-08-19 09:06:01',8),(1226,'2022-08-19 09:21:02',4),(1227,'2022-08-19 09:24:01',10),(1228,'2022-08-19 09:39:02',32),(1229,'2022-08-19 09:59:01',8),(1230,'2022-08-19 10:33:01',7),(1231,'2022-08-19 10:59:01',11),(1232,'2022-08-19 11:15:02',10),(1233,'2022-08-19 11:51:01',11),(1234,'2022-08-19 12:30:53',27),(1235,'2022-08-19 13:00:01',31),(1236,'2022-08-19 13:06:01',6),(1237,'2022-08-19 13:26:01',31),(1238,'2022-08-19 13:36:02',7),(1239,'2022-08-19 14:07:01',11),(1240,'2022-08-19 14:41:01',9),(1241,'2022-08-19 15:02:02',11),(1242,'2022-08-19 15:11:01',10),(1243,'2022-08-19 15:23:01',7),(1244,'2022-08-19 15:36:01',4),(1245,'2022-08-19 16:05:01',4),(1246,'2022-08-19 16:34:01',11),(1247,'2022-08-19 17:14:01',6),(1248,'2022-08-19 17:51:01',31),(1249,'2022-08-19 18:08:02',7),(1250,'2022-08-19 18:49:01',10),(1251,'2022-08-19 19:20:02',9),(1252,'2022-08-19 19:37:02',31),(1253,'2022-08-19 20:04:01',26),(1254,'2022-08-19 20:43:01',4),(1255,'2022-08-19 21:08:01',11),(1256,'2022-08-19 21:44:02',11),(1257,'2022-08-19 22:10:01',4),(1258,'2022-08-19 22:38:01',11),(1259,'2022-08-19 23:09:01',6),(1260,'2022-08-19 23:25:01',10),(1261,'2022-08-19 23:50:01',9),(1262,'2022-08-20 00:51:01',26),(1263,'2022-08-20 01:24:02',4),(1264,'2022-08-20 01:50:01',5),(1265,'2022-08-20 02:45:54',5),(1266,'2022-08-20 03:13:02',28),(1267,'2022-08-20 03:29:02',26),(1268,'2022-08-20 04:03:01',27),(1269,'2022-08-20 04:22:01',32),(1270,'2022-08-20 04:51:01',9),(1271,'2022-08-20 05:02:01',10),(1272,'2022-08-20 05:09:01',9),(1273,'2022-08-20 05:57:01',30),(1274,'2022-08-20 06:15:02',9),(1275,'2022-08-20 06:37:01',22),(1276,'2022-08-20 06:46:01',31),(1277,'2022-08-20 07:03:01',6),(1278,'2022-08-20 07:18:02',11),(1279,'2022-08-20 07:35:01',3),(1280,'2022-08-20 07:37:01',3),(1281,'2022-08-20 07:51:02',10),(1282,'2022-08-20 07:56:01',9),(1283,'2022-08-20 08:14:02',31),(1284,'2022-08-20 08:28:01',10),(1285,'2022-08-20 08:57:01',9),(1286,'2022-08-20 09:08:01',31),(1287,'2022-08-20 09:21:01',11),(1288,'2022-08-20 09:39:01',9),(1289,'2022-08-20 10:02:01',11),(1290,'2022-08-20 10:19:01',5),(1291,'2022-08-20 10:34:02',11),(1292,'2022-08-20 11:18:01',3),(1293,'2022-08-20 11:33:01',9),(1294,'2022-08-20 11:41:01',11),(1295,'2022-08-20 11:59:01',11),(1296,'2022-08-20 12:12:02',4),(1297,'2022-08-20 12:18:02',4),(1298,'2022-08-20 12:51:01',10),(1299,'2022-08-20 13:12:01',9),(1300,'2022-08-20 13:33:01',9),(1301,'2022-08-20 13:58:02',6),(1302,'2022-08-20 14:19:01',26),(1303,'2022-08-20 14:28:01',7),(1304,'2022-08-20 14:49:01',8),(1305,'2022-08-20 14:58:01',8),(1306,'2022-08-20 15:25:01',7),(1307,'2022-08-20 15:27:01',10),(1308,'2022-08-20 15:42:02',11),(1309,'2022-08-20 15:52:01',8),(1310,'2022-08-20 16:46:01',31),(1311,'2022-08-20 17:17:01',4),(1312,'2022-08-20 17:38:01',26),(1313,'2022-08-20 18:08:01',8),(1314,'2022-08-20 18:20:02',25),(1315,'2022-08-20 18:55:01',27),(1316,'2022-08-20 19:08:02',4),(1317,'2022-08-20 19:24:01',6),(1318,'2022-08-20 19:28:01',4),(1319,'2022-08-20 19:50:01',10),(1320,'2022-08-20 20:21:02',9),(1321,'2022-08-20 20:36:01',9),(1322,'2022-08-20 20:46:01',3),(1323,'2022-08-20 21:11:02',4),(1324,'2022-08-20 21:52:01',6),(1325,'2022-08-20 22:16:02',8),(1326,'2022-08-20 22:39:01',27),(1327,'2022-08-20 23:03:01',9),(1328,'2022-08-20 23:06:01',9),(1329,'2022-08-20 23:15:02',4),(1330,'2022-08-21 00:07:01',9),(1331,'2022-08-21 00:21:01',5),(1332,'2022-08-21 00:33:01',11),(1333,'2022-08-21 00:50:01',8),(1334,'2022-08-21 01:38:01',6),(1335,'2022-08-21 01:55:01',9),(1336,'2022-08-21 02:31:01',11),(1337,'2022-08-21 02:55:01',9),(1338,'2022-08-21 03:11:01',5),(1339,'2022-08-21 03:23:01',27),(1340,'2022-08-21 03:36:01',8),(1341,'2022-08-21 04:04:01',26),(1342,'2022-08-21 04:30:01',30),(1343,'2022-08-21 05:17:55',27),(1344,'2022-08-21 05:27:01',31),(1345,'2022-08-21 05:58:01',22),(1346,'2022-08-21 06:41:02',3),(1347,'2022-08-21 07:29:01',11),(1348,'2022-08-21 08:10:02',6),(1349,'2022-08-21 08:33:02',11),(1350,'2022-08-21 08:57:02',8),(1351,'2022-08-21 09:16:01',7),(1352,'2022-08-21 09:52:02',9),(1353,'2022-08-21 10:03:01',6),(1354,'2022-08-21 10:32:01',6),(1355,'2022-08-21 10:51:02',11),(1356,'2022-08-21 11:09:01',11),(1357,'2022-08-21 11:25:01',4),(1358,'2022-08-21 12:14:01',6),(1359,'2022-08-21 12:49:01',10),(1360,'2022-08-21 13:09:01',31),(1361,'2022-08-21 13:17:01',4),(1362,'2022-08-21 13:44:01',25),(1363,'2022-08-21 14:05:01',7),(1364,'2022-08-21 14:21:01',11),(1365,'2022-08-21 14:57:02',4),(1366,'2022-08-21 15:29:01',7),(1367,'2022-08-21 15:31:01',9),(1368,'2022-08-21 15:55:02',11),(1369,'2022-08-21 16:01:02',11),(1370,'2022-08-21 16:32:01',25),(1371,'2022-08-21 16:58:01',10),(1372,'2022-08-21 17:21:02',6),(1373,'2022-08-21 17:32:01',6),(1374,'2022-08-21 17:35:01',10),(1375,'2022-08-21 17:40:01',10),(1376,'2022-08-21 18:00:01',3),(1377,'2022-08-21 18:16:01',8),(1378,'2022-08-21 18:46:01',11),(1379,'2022-08-21 18:54:01',7),(1380,'2022-08-21 19:05:01',8),(1381,'2022-08-21 19:17:01',9),(1382,'2022-08-21 19:56:02',8),(1383,'2022-08-21 20:20:02',8),(1384,'2022-08-21 21:03:01',8),(1385,'2022-08-21 21:20:01',11),(1386,'2022-08-21 21:35:02',8),(1387,'2022-08-21 21:54:02',5),(1388,'2022-08-21 22:00:01',11),(1389,'2022-08-21 22:40:01',22),(1390,'2022-08-21 23:02:02',4),(1391,'2022-08-21 23:36:01',11),(1392,'2022-08-22 00:13:01',8),(1393,'2022-08-22 00:33:01',8),(1394,'2022-08-22 01:08:01',6),(1395,'2022-08-22 01:25:02',7),(1396,'2022-08-22 01:51:01',10),(1397,'2022-08-22 01:56:02',10),(1398,'2022-08-22 02:10:01',31),(1399,'2022-08-22 02:14:02',9),(1400,'2022-08-22 02:44:01',6),(1401,'2022-08-22 02:56:01',5),(1402,'2022-08-22 03:16:02',8),(1403,'2022-08-22 03:24:01',6),(1404,'2022-08-22 03:59:01',8),(1405,'2022-08-22 04:05:01',11),(1406,'2022-08-22 04:40:02',31),(1407,'2022-08-22 04:45:01',6),(1408,'2022-08-22 04:47:01',6),(1409,'2022-08-22 05:04:02',31),(1410,'2022-08-22 05:37:02',8),(1411,'2022-08-22 06:00:02',6),(1412,'2022-08-22 06:26:02',10),(1413,'2022-08-22 06:51:55',4),(1414,'2022-08-22 06:58:01',27),(1415,'2022-08-22 07:17:01',10),(1416,'2022-08-22 07:36:02',31),(1417,'2022-08-22 07:54:02',10),(1418,'2022-08-22 08:04:01',32),(1419,'2022-08-22 08:34:02',31),(1420,'2022-08-22 08:55:01',25),(1421,'2022-08-22 09:00:01',7),(1422,'2022-08-22 09:24:01',11),(1423,'2022-08-22 09:56:01',10),(1424,'2022-08-22 10:45:01',31),(1425,'2022-08-22 10:50:01',25),(1426,'2022-08-22 11:07:01',11),(1427,'2022-08-22 11:38:01',3),(1428,'2022-08-22 12:12:01',6),(1429,'2022-08-22 12:41:01',11),(1430,'2022-08-22 12:45:01',11),(1431,'2022-08-22 12:53:01',8),(1432,'2022-08-22 13:39:02',8),(1433,'2022-08-22 13:57:02',27),(1434,'2022-08-22 14:03:02',10),(1435,'2022-08-22 14:13:01',4),(1436,'2022-08-22 14:38:01',3),(1437,'2022-08-22 15:08:01',11),(1438,'2022-08-22 15:33:01',4),(1439,'2022-08-22 15:54:01',27),(1440,'2022-08-22 16:03:01',10),(1441,'2022-08-22 16:54:55',8),(1442,'2022-08-22 17:32:01',27),(1443,'2022-08-22 17:57:01',25),(1444,'2022-08-22 18:23:01',31),(1445,'2022-08-22 18:41:01',7),(1446,'2022-08-22 19:04:01',9),(1447,'2022-08-22 19:27:01',10),(1448,'2022-08-22 19:43:01',3),(1449,'2022-08-22 19:51:01',11),(1450,'2022-08-22 20:06:01',11),(1451,'2022-08-22 20:28:01',31),(1452,'2022-08-22 21:18:01',4),(1453,'2022-08-22 21:35:01',9),(1454,'2022-08-22 21:45:01',8),(1455,'2022-08-22 21:57:01',11),(1456,'2022-08-22 22:16:01',9),(1457,'2022-08-22 22:46:01',31),(1458,'2022-08-22 23:22:01',26),(1459,'2022-08-23 00:11:01',6),(1460,'2022-08-23 00:45:02',8),(1461,'2022-08-23 00:49:01',8),(1462,'2022-08-23 01:43:01',9),(1463,'2022-08-23 01:53:01',9),(1464,'2022-08-23 02:29:01',6),(1465,'2022-08-23 02:38:02',6),(1466,'2022-08-23 02:51:01',31),(1467,'2022-08-23 03:09:01',11),(1468,'2022-08-23 03:42:01',6),(1469,'2022-08-23 04:01:01',25),(1470,'2022-08-23 04:08:01',31),(1471,'2022-08-23 04:38:01',10),(1472,'2022-08-23 05:22:01',8),(1473,'2022-08-23 05:41:01',31),(1474,'2022-08-23 05:53:01',26),(1475,'2022-08-23 06:42:01',10),(1476,'2022-08-23 07:04:01',7),(1477,'2022-08-23 07:14:01',6),(1478,'2022-08-23 07:35:01',4),(1479,'2022-08-23 07:50:01',4),(1480,'2022-08-23 08:17:01',7),(1481,'2022-08-23 08:31:02',10),(1482,'2022-08-23 08:56:01',27),(1483,'2022-08-23 09:16:02',31),(1484,'2022-08-23 09:32:01',8),(1485,'2022-08-23 10:20:56',4),(1486,'2022-08-23 10:53:01',8),(1487,'2022-08-23 11:24:02',10),(1488,'2022-08-23 12:17:01',4),(1489,'2022-08-23 12:22:01',4),(1490,'2022-08-23 12:43:02',11),(1491,'2022-08-23 13:28:02',27),(1492,'2022-08-23 13:57:02',3),(1493,'2022-08-23 14:19:02',3),(1494,'2022-08-23 14:37:01',6),(1495,'2022-08-23 15:02:01',11),(1496,'2022-08-23 15:17:01',10),(1497,'2022-08-23 16:17:01',10),(1498,'2022-08-23 16:46:01',26),(1499,'2022-08-23 17:21:01',6),(1500,'2022-08-23 18:18:01',31),(1501,'2022-08-23 18:39:01',8),(1502,'2022-08-23 18:54:01',10),(1503,'2022-08-23 19:01:01',9),(1504,'2022-08-23 19:24:01',5),(1505,'2022-08-23 19:52:01',7),(1506,'2022-08-23 20:07:01',6),(1507,'2022-08-23 20:42:01',10),(1508,'2022-08-23 20:59:01',10),(1509,'2022-08-23 21:05:01',30),(1510,'2022-08-23 21:32:01',31),(1511,'2022-08-23 21:56:01',32),(1512,'2022-08-23 22:07:01',26),(1513,'2022-08-23 22:26:02',8),(1514,'2022-08-23 22:35:01',11),(1515,'2022-08-23 22:57:01',7),(1516,'2022-08-23 23:20:01',10),(1517,'2022-08-23 23:48:01',27),(1518,'2022-08-24 00:04:01',9),(1519,'2022-08-24 00:12:01',10),(1520,'2022-08-24 00:29:01',11),(1521,'2022-08-24 00:58:01',11),(1522,'2022-08-24 01:13:01',11),(1523,'2022-08-24 01:20:01',6),(1524,'2022-08-24 02:01:01',6),(1525,'2022-08-24 02:40:01',6),(1526,'2022-08-24 03:16:01',31),(1527,'2022-08-24 03:30:02',7),(1528,'2022-08-24 03:40:01',3),(1529,'2022-08-24 04:05:02',4),(1530,'2022-08-24 04:27:02',11),(1531,'2022-08-24 04:51:01',10),(1532,'2022-08-24 05:24:01',10),(1533,'2022-08-24 05:35:01',10),(1534,'2022-08-24 06:33:01',31),(1535,'2022-08-24 06:47:01',26),(1536,'2022-08-24 07:06:01',8),(1537,'2022-08-24 07:25:02',27),(1538,'2022-08-24 07:51:01',11),(1539,'2022-08-24 08:20:01',3),(1540,'2022-08-24 08:45:01',7),(1541,'2022-08-24 09:00:01',4),(1542,'2022-08-24 09:11:01',6),(1543,'2022-08-24 09:17:01',9),(1544,'2022-08-24 09:29:01',6),(1545,'2022-08-24 10:35:01',9),(1546,'2022-08-24 11:24:01',8),(1547,'2022-08-24 11:39:01',28),(1548,'2022-08-24 12:21:01',25),(1549,'2022-08-24 12:57:01',10),(1550,'2022-08-24 13:08:01',10),(1551,'2022-08-24 13:23:01',31),(1552,'2022-08-24 13:45:01',3),(1553,'2022-08-24 14:08:02',8),(1554,'2022-08-24 14:13:01',5),(1555,'2022-08-24 14:49:01',6),(1556,'2022-08-24 15:13:02',9),(1557,'2022-08-24 15:45:57',11),(1558,'2022-08-24 15:56:57',31),(1559,'2022-08-24 16:44:57',8),(1560,'2022-08-24 17:03:01',9),(1561,'2022-08-24 17:11:01',8),(1562,'2022-08-24 17:36:02',9),(1563,'2022-08-24 18:20:57',7),(1564,'2022-08-24 18:44:01',4),(1565,'2022-08-24 19:06:01',27),(1566,'2022-08-24 19:38:01',7),(1567,'2022-08-24 19:49:02',8),(1568,'2022-08-24 20:03:01',4),(1569,'2022-08-24 20:27:01',8),(1570,'2022-08-24 20:47:01',8),(1571,'2022-08-24 20:55:01',6),(1572,'2022-08-24 21:17:01',8),(1573,'2022-08-24 21:39:01',11),(1574,'2022-08-24 22:01:01',6),(1575,'2022-08-24 22:11:01',3),(1576,'2022-08-24 22:33:01',6),(1577,'2022-08-24 22:50:01',6),(1578,'2022-08-24 23:16:01',8),(1579,'2022-08-24 23:39:01',31),(1580,'2022-08-25 00:17:01',26),(1581,'2022-08-25 00:47:01',27),(1582,'2022-08-25 01:07:01',9),(1583,'2022-08-25 01:29:01',6),(1584,'2022-08-25 01:51:01',10),(1585,'2022-08-25 02:11:01',11),(1586,'2022-08-25 02:34:01',5),(1587,'2022-08-25 03:10:01',9),(1588,'2022-08-25 03:44:01',5),(1589,'2022-08-25 04:16:01',11),(1590,'2022-08-25 04:21:01',4),(1591,'2022-08-25 04:55:01',22),(1592,'2022-08-25 05:27:01',26),(1593,'2022-08-25 05:45:01',27),(1594,'2022-08-25 06:24:55',9),(1595,'2022-08-25 06:51:01',30),(1596,'2022-08-25 07:05:01',32),(1597,'2022-08-25 07:21:01',8),(1598,'2022-08-25 07:53:01',32),(1599,'2022-08-25 08:08:01',10),(1600,'2022-08-25 08:40:02',31),(1601,'2022-08-25 08:55:01',6),(1602,'2022-08-25 09:17:01',7),(1603,'2022-08-25 09:40:01',3),(1604,'2022-08-25 09:45:01',8),(1605,'2022-08-25 10:02:01',11),(1606,'2022-08-25 10:20:01',9),(1607,'2022-08-25 10:47:01',9),(1608,'2022-08-25 11:10:01',10),(1609,'2022-08-25 11:24:01',26),(1610,'2022-08-25 11:40:01',10),(1611,'2022-08-25 12:07:01',31),(1612,'2022-08-25 12:16:02',11),(1613,'2022-08-25 12:38:02',9),(1614,'2022-08-25 13:30:01',10),(1615,'2022-08-25 13:54:01',8),(1616,'2022-08-25 14:21:02',11),(1617,'2022-08-25 14:44:01',3),(1618,'2022-08-25 15:01:01',9),(1619,'2022-08-25 15:17:01',4),(1620,'2022-08-25 15:28:01',4),(1621,'2022-08-25 15:54:01',11),(1622,'2022-08-25 16:24:01',10),(1623,'2022-08-25 17:07:01',31),(1624,'2022-08-25 17:47:56',26),(1625,'2022-08-25 17:59:56',8),(1626,'2022-08-25 18:09:56',8),(1627,'2022-08-25 18:32:01',11),(1628,'2022-08-25 18:51:01',8),(1629,'2022-08-25 19:12:01',10),(1630,'2022-08-25 19:33:02',3),(1631,'2022-08-25 19:49:01',10),(1632,'2022-08-25 20:59:01',7),(1633,'2022-08-25 21:35:01',10),(1634,'2022-08-25 21:59:01',9),(1635,'2022-08-25 22:03:01',4),(1636,'2022-08-25 22:29:01',10),(1637,'2022-08-25 23:19:01',8),(1638,'2022-08-25 23:49:01',27),(1639,'2022-08-26 00:03:01',25),(1640,'2022-08-26 00:46:01',10),(1641,'2022-08-26 01:13:01',11),(1642,'2022-08-26 01:23:01',8),(1643,'2022-08-26 01:33:01',4),(1644,'2022-08-26 01:52:02',11),(1645,'2022-08-26 02:00:01',31),(1646,'2022-08-26 02:06:01',8),(1647,'2022-08-26 02:25:01',7),(1648,'2022-08-26 02:35:02',4),(1649,'2022-08-26 02:48:01',11),(1650,'2022-08-26 02:58:02',10),(1651,'2022-08-26 03:22:01',31),(1652,'2022-08-26 03:43:01',9),(1653,'2022-08-26 03:50:01',6),(1654,'2022-08-26 04:12:02',8),(1655,'2022-08-26 04:30:02',4),(1656,'2022-08-26 04:34:01',9),(1657,'2022-08-26 04:51:01',31),(1658,'2022-08-26 04:59:02',6),(1659,'2022-08-26 05:35:01',4),(1660,'2022-08-26 06:12:01',4),(1661,'2022-08-26 06:18:01',6),(1662,'2022-08-26 06:30:01',31),(1663,'2022-08-26 06:34:01',7),(1664,'2022-08-26 06:57:01',9),(1665,'2022-08-26 07:24:01',8),(1666,'2022-08-26 08:03:01',10),(1667,'2022-08-26 08:40:01',31),(1668,'2022-08-26 08:50:02',3),(1669,'2022-08-26 09:39:01',4),(1670,'2022-08-26 09:44:01',4),(1671,'2022-08-26 10:44:01',11),(1672,'2022-08-26 11:12:02',9),(1673,'2022-08-26 11:44:02',27),(1674,'2022-08-26 12:00:01',11),(1675,'2022-08-26 12:51:01',8),(1676,'2022-08-26 13:08:01',5),(1677,'2022-08-26 13:33:01',9),(1678,'2022-08-26 13:42:01',9),(1679,'2022-08-26 14:05:01',3),(1680,'2022-08-26 14:24:01',8),(1681,'2022-08-26 14:29:01',10),(1682,'2022-08-26 14:36:01',10),(1683,'2022-08-26 15:08:02',9),(1684,'2022-08-26 15:20:01',8),(1685,'2022-08-26 15:32:01',4),(1686,'2022-08-26 15:46:02',10),(1687,'2022-08-26 16:25:02',31),(1688,'2022-08-26 16:51:01',9),(1689,'2022-08-26 17:16:01',5),(1690,'2022-08-26 17:30:01',8),(1691,'2022-08-26 17:43:01',5),(1692,'2022-08-26 18:03:01',10),(1693,'2022-08-26 18:14:01',10),(1694,'2022-08-26 18:33:01',10),(1695,'2022-08-26 18:56:02',26),(1696,'2022-08-26 19:03:02',4),(1697,'2022-08-26 19:24:01',32),(1698,'2022-08-26 19:35:01',31),(1699,'2022-08-26 19:50:01',6),(1700,'2022-08-26 20:16:01',9),(1701,'2022-08-26 20:38:01',26),(1702,'2022-08-26 21:07:01',31),(1703,'2022-08-26 21:35:01',5),(1704,'2022-08-26 21:48:02',4),(1705,'2022-08-26 22:23:02',11),(1706,'2022-08-26 23:01:01',27),(1707,'2022-08-26 23:17:01',25),(1708,'2022-08-26 23:40:01',31),(1709,'2022-08-26 23:56:01',8),(1710,'2022-08-27 00:17:01',32),(1711,'2022-08-27 01:03:01',10),(1712,'2022-08-27 01:23:01',28),(1713,'2022-08-27 01:29:01',3),(1714,'2022-08-27 01:51:01',8),(1715,'2022-08-27 01:56:01',11),(1716,'2022-08-27 02:23:01',4),(1717,'2022-08-27 03:17:01',5),(1718,'2022-08-27 03:53:01',10),(1719,'2022-08-27 04:04:01',9),(1720,'2022-08-27 04:39:01',8),(1721,'2022-08-27 04:59:01',8),(1722,'2022-08-27 05:38:01',26),(1723,'2022-08-27 06:07:01',31),(1724,'2022-08-27 06:46:01',27),(1725,'2022-08-27 07:25:58',6),(1726,'2022-08-27 07:30:01',9),(1727,'2022-08-27 08:08:01',8),(1728,'2022-08-27 08:33:01',11),(1729,'2022-08-27 08:55:01',28),(1730,'2022-08-27 09:19:01',27),(1731,'2022-08-27 09:30:01',3),(1732,'2022-08-27 10:09:01',5),(1733,'2022-08-27 10:30:02',9),(1734,'2022-08-27 11:08:01',31),(1735,'2022-08-27 11:50:01',32),(1736,'2022-08-27 12:17:01',27),(1737,'2022-08-27 12:37:01',11),(1738,'2022-08-27 13:01:01',10),(1739,'2022-08-27 13:39:01',11),(1740,'2022-08-27 14:18:02',9),(1741,'2022-08-27 14:33:01',6),(1742,'2022-08-27 15:17:57',9),(1743,'2022-08-27 15:28:02',26),(1744,'2022-08-27 15:47:02',6),(1745,'2022-08-27 16:08:01',6),(1746,'2022-08-27 16:45:01',4),(1747,'2022-08-27 17:01:01',3),(1748,'2022-08-27 17:27:02',8),(1749,'2022-08-27 17:45:01',10),(1750,'2022-08-27 17:54:01',8),(1751,'2022-08-27 18:20:01',31),(1752,'2022-08-27 18:33:01',7),(1753,'2022-08-27 18:50:02',4),(1754,'2022-08-27 18:56:02',10),(1755,'2022-08-27 19:10:01',26),(1756,'2022-08-27 19:16:01',11),(1757,'2022-08-27 19:45:01',31),(1758,'2022-08-27 20:25:02',6),(1759,'2022-08-27 20:47:01',9),(1760,'2022-08-27 21:19:01',31),(1761,'2022-08-27 21:36:01',11),(1762,'2022-08-27 21:52:01',10),(1763,'2022-08-27 22:02:01',8),(1764,'2022-08-27 22:27:02',8),(1765,'2022-08-27 22:49:01',3),(1766,'2022-08-27 23:16:01',7),(1767,'2022-08-27 23:34:01',10),(1768,'2022-08-27 23:38:02',6),(1769,'2022-08-27 23:42:02',11),(1770,'2022-08-27 23:59:01',6),(1771,'2022-08-28 00:22:01',31),(1772,'2022-08-28 00:36:01',8),(1773,'2022-08-28 01:09:01',27),(1774,'2022-08-28 01:16:01',11),(1775,'2022-08-28 01:40:01',9),(1776,'2022-08-28 02:12:01',11),(1777,'2022-08-28 02:29:02',9),(1778,'2022-08-28 02:55:01',8),(1779,'2022-08-28 03:14:01',8),(1780,'2022-08-28 03:51:01',26),(1781,'2022-08-28 04:23:01',28),(1782,'2022-08-28 04:31:01',5),(1783,'2022-08-28 04:38:01',5),(1784,'2022-08-28 05:13:01',9),(1785,'2022-08-28 05:25:01',8),(1786,'2022-08-28 05:35:01',28),(1787,'2022-08-28 05:56:01',11),(1788,'2022-08-28 06:23:02',9),(1789,'2022-08-28 06:28:01',8),(1790,'2022-08-28 06:32:01',9),(1791,'2022-08-28 07:01:01',8),(1792,'2022-08-28 07:09:01',11),(1793,'2022-08-28 07:30:01',6),(1794,'2022-08-28 07:48:01',7),(1795,'2022-08-28 08:24:01',7),(1796,'2022-08-28 08:50:01',10),(1797,'2022-08-28 09:28:01',10),(1798,'2022-08-28 10:03:01',6),(1799,'2022-08-28 10:28:01',9),(1800,'2022-08-28 10:45:01',8),(1801,'2022-08-28 11:14:01',6),(1802,'2022-08-28 11:27:01',9),(1803,'2022-08-28 11:45:02',4),(1804,'2022-08-28 12:08:01',8),(1805,'2022-08-28 12:40:02',6),(1806,'2022-08-28 13:16:02',31),(1807,'2022-08-28 13:24:01',3),(1808,'2022-08-28 13:29:01',6),(1809,'2022-08-28 13:36:01',6),(1810,'2022-08-28 14:05:01',31),(1811,'2022-08-28 14:26:01',9),(1812,'2022-08-28 14:28:01',7),(1813,'2022-08-28 14:52:01',4),(1814,'2022-08-28 15:12:01',6),(1815,'2022-08-28 15:27:01',9),(1816,'2022-08-28 15:41:01',8),(1817,'2022-08-28 15:53:01',8),(1818,'2022-08-28 16:14:01',31),(1819,'2022-08-28 16:42:01',26),(1820,'2022-08-28 17:10:01',27),(1821,'2022-08-28 17:23:01',25),(1822,'2022-08-28 17:28:02',4),(1823,'2022-08-28 18:05:01',11),(1824,'2022-08-28 18:34:02',9),(1825,'2022-08-28 19:05:01',11),(1826,'2022-08-28 19:25:01',27),(1827,'2022-08-28 20:12:01',5),(1828,'2022-08-28 20:51:01',10),(1829,'2022-08-28 21:10:01',6),(1830,'2022-08-28 21:49:02',25),(1831,'2022-08-28 22:31:01',26),(1832,'2022-08-28 22:39:01',6),(1833,'2022-08-28 23:00:01',10),(1834,'2022-08-28 23:23:01',10),(1835,'2022-08-28 23:47:01',26),(1836,'2022-08-29 00:10:02',5),(1837,'2022-08-29 00:19:01',8),(1838,'2022-08-29 00:37:01',7),(1839,'2022-08-29 00:58:01',6),(1840,'2022-08-29 01:13:01',8),(1841,'2022-08-29 01:39:01',8),(1842,'2022-08-29 01:46:02',8),(1843,'2022-08-29 01:55:01',4),(1844,'2022-08-29 02:29:01',6),(1845,'2022-08-29 02:53:01',6),(1846,'2022-08-29 03:08:01',4),(1847,'2022-08-29 03:46:01',27),(1848,'2022-08-29 03:50:01',9),(1849,'2022-08-29 04:13:57',4),(1850,'2022-08-29 05:00:58',27),(1851,'2022-08-29 05:22:01',25),(1852,'2022-08-29 05:49:01',26),(1853,'2022-08-29 06:02:02',31),(1854,'2022-08-29 07:01:01',5),(1855,'2022-08-29 07:17:01',10),(1856,'2022-08-29 07:38:01',3),(1857,'2022-08-29 07:58:01',9),(1858,'2022-08-29 08:24:01',9),(1859,'2022-08-29 08:30:02',8),(1860,'2022-08-29 08:38:01',4),(1861,'2022-08-29 09:05:01',9),(1862,'2022-08-29 09:13:01',11),(1863,'2022-08-29 09:31:01',4),(1864,'2022-08-29 10:12:01',11),(1865,'2022-08-29 10:21:01',11),(1866,'2022-08-29 10:27:02',4),(1867,'2022-08-29 10:58:02',3),(1868,'2022-08-29 11:18:01',3),(1869,'2022-08-29 11:48:02',6),(1870,'2022-08-29 12:04:01',9),(1871,'2022-08-29 12:13:01',4),(1872,'2022-08-29 12:37:01',9),(1873,'2022-08-29 12:53:01',4),(1874,'2022-08-29 12:59:01',11),(1875,'2022-08-29 13:48:01',11),(1876,'2022-08-29 14:10:01',6),(1877,'2022-08-29 14:33:58',10),(1878,'2022-08-29 14:19:01',4),(1879,'2022-08-29 14:45:01',3),(1880,'2022-08-29 15:22:01',3),(1881,'2022-08-29 15:59:02',8),(1882,'2022-08-29 16:18:01',10),(1883,'2022-08-29 16:39:01',9),(1884,'2022-08-29 16:53:01',8),(1885,'2022-08-29 17:01:02',31),(1886,'2022-08-29 17:36:01',9),(1887,'2022-08-29 18:02:01',6),(1888,'2022-08-29 18:14:01',4),(1889,'2022-08-29 18:53:01',10),(1890,'2022-08-29 19:16:01',6),(1891,'2022-08-29 19:28:01',3),(1892,'2022-08-29 20:06:01',9),(1893,'2022-08-29 20:24:01',6),(1894,'2022-08-29 20:33:01',9),(1895,'2022-08-29 20:44:01',11),(1896,'2022-08-29 21:33:01',8),(1897,'2022-08-29 22:10:01',31),(1898,'2022-08-29 22:22:02',3),(1899,'2022-08-29 22:57:01',10),(1900,'2022-08-29 23:05:01',10),(1901,'2022-08-29 23:23:01',31),(1902,'2022-08-29 23:31:02',4),(1903,'2022-08-29 23:47:01',11),(1904,'2022-08-30 00:39:01',10),(1905,'2022-08-30 01:21:01',8),(1906,'2022-08-30 01:50:01',5),(1907,'2022-08-30 01:58:02',4),(1908,'2022-08-30 02:14:02',9),(1909,'2022-08-30 02:38:01',26),(1910,'2022-08-30 02:59:02',9),(1911,'2022-08-30 03:43:58',9),(1912,'2022-08-30 03:59:01',11),(1913,'2022-08-30 04:23:01',31),(1914,'2022-08-30 04:57:01',8),(1915,'2022-08-30 05:05:01',3),(1916,'2022-08-30 05:14:01',4),(1917,'2022-08-30 05:30:01',9),(1918,'2022-08-30 05:51:01',3),(1919,'2022-08-30 06:20:01',4),(1920,'2022-08-30 06:45:02',4),(1921,'2022-08-30 06:54:01',10),(1922,'2022-08-30 07:31:01',26),(1923,'2022-08-30 07:41:01',4),(1924,'2022-08-30 08:10:01',8),(1925,'2022-08-30 08:26:01',6),(1926,'2022-08-30 08:34:01',31),(1927,'2022-08-30 09:03:01',26),(1928,'2022-08-30 09:35:01',10),(1929,'2022-08-30 09:47:01',10),(1930,'2022-08-30 10:01:02',4),(1931,'2022-08-30 10:20:01',8),(1932,'2022-08-30 10:46:01',6),(1933,'2022-08-30 11:21:01',10),(1934,'2022-08-30 11:37:02',31),(1935,'2022-08-30 12:04:01',11),(1936,'2022-08-30 12:18:02',27),(1937,'2022-08-30 12:50:59',6),(1938,'2022-08-30 12:53:01',11),(1939,'2022-08-30 12:58:02',7),(1940,'2022-08-30 13:18:01',4),(1941,'2022-08-30 13:26:01',4),(1942,'2022-08-30 13:56:01',8),(1943,'2022-08-30 14:23:01',27),(1944,'2022-08-30 14:56:01',8),(1945,'2022-08-30 15:10:01',3),(1946,'2022-08-30 15:30:01',9),(1947,'2022-08-30 16:08:01',11),(1948,'2022-08-30 16:47:02',6),(1949,'2022-08-30 17:02:01',6),(1950,'2022-08-30 17:38:01',26),(1951,'2022-08-30 18:04:01',9),(1952,'2022-08-30 18:30:01',7),(1953,'2022-08-30 18:50:01',9),(1954,'2022-08-30 19:27:01',4),(1955,'2022-08-30 19:43:01',11),(1956,'2022-08-30 20:08:01',8),(1957,'2022-08-30 20:19:01',4),(1958,'2022-08-30 20:32:01',5),(1959,'2022-08-30 21:04:01',26),(1960,'2022-08-30 21:13:01',11),(1961,'2022-08-30 21:40:02',31),(1962,'2022-08-30 21:45:02',8),(1963,'2022-08-30 22:00:02',7),(1964,'2022-08-30 22:17:01',11),(1965,'2022-08-30 22:25:01',10),(1966,'2022-08-30 22:35:01',6),(1967,'2022-08-30 22:57:01',10),(1968,'2022-08-30 23:53:59',31),(1969,'2022-08-31 00:29:59',9),(1970,'2022-08-31 00:43:01',7),(1971,'2022-08-31 00:54:01',8),(1972,'2022-08-31 00:59:01',6),(1973,'2022-08-31 01:06:01',8),(1974,'2022-08-31 01:22:01',8),(1975,'2022-08-31 01:25:02',3),(1976,'2022-08-31 01:49:01',4),(1977,'2022-08-31 02:24:01',27),(1978,'2022-08-31 02:56:01',4),(1979,'2022-08-31 03:18:01',11),(1980,'2022-08-31 03:43:01',8),(1981,'2022-08-31 03:56:01',8),(1982,'2022-08-31 04:16:01',7),(1983,'2022-08-31 04:32:01',4),(1984,'2022-08-31 04:36:01',10),(1985,'2022-08-31 05:00:02',11),(1986,'2022-08-31 05:12:01',6),(1987,'2022-08-31 05:25:01',26),(1988,'2022-08-31 05:51:01',11),(1989,'2022-08-31 06:13:01',9),(1990,'2022-08-31 06:24:01',6),(1991,'2022-08-31 06:47:01',5),(1992,'2022-08-31 07:22:01',6),(1993,'2022-08-31 07:40:02',8),(1994,'2022-08-31 07:55:01',27),(1995,'2022-08-31 08:00:01',6),(1996,'2022-08-31 08:34:01',8),(1997,'2022-08-31 09:09:01',27),(1998,'2022-08-31 10:06:59',31),(1999,'2022-08-31 10:26:01',5),(2000,'2022-08-31 10:42:01',26),(2001,'2022-08-31 11:05:01',11),(2002,'2022-08-31 11:18:01',5),(2003,'2022-08-31 11:46:02',4),(2004,'2022-08-31 11:54:01',6),(2005,'2022-08-31 12:31:00',4),(2006,'2022-08-31 12:53:01',10),(2007,'2022-08-31 13:27:01',28),(2008,'2022-08-31 13:51:01',25),(2009,'2022-08-31 13:52:01',31),(2010,'2022-08-31 14:01:01',10),(2011,'2022-08-31 14:25:01',31),(2012,'2022-08-31 14:36:01',8),(2013,'2022-08-31 14:58:01',11),(2014,'2022-08-31 15:26:01',4),(2015,'2022-08-31 15:56:01',11),(2016,'2022-08-31 16:11:01',10),(2017,'2022-08-31 16:37:01',26),(2018,'2022-08-31 16:55:01',8),(2019,'2022-08-31 17:31:01',32),(2020,'2022-08-31 17:33:01',9),(2021,'2022-08-31 18:18:00',4),(2022,'2022-08-31 18:39:01',10),(2023,'2022-08-31 18:56:01',6),(2024,'2022-08-31 19:07:01',25),(2025,'2022-08-31 19:27:01',7),(2026,'2022-08-31 20:04:02',3),(2027,'2022-08-31 20:34:01',9),(2028,'2022-08-31 21:08:01',6),(2029,'2022-08-31 21:20:01',8),(2030,'2022-08-31 22:06:01',31),(2031,'2022-08-31 22:27:02',11),(2032,'2022-08-31 22:45:01',27),(2033,'2022-08-31 23:05:02',6),(2034,'2022-08-31 23:14:01',6),(2035,'2022-08-31 23:40:01',6),(2036,'2022-09-01 00:12:01',4),(2037,'2022-09-01 00:29:01',11),(2038,'2022-09-01 00:46:01',8),(2039,'2022-09-01 00:51:01',9),(2040,'2022-09-01 01:09:01',26),(2041,'2022-09-01 01:50:02',27),(2042,'2022-09-01 02:21:01',31),(2043,'2022-09-01 02:49:00',5),(2044,'2022-09-01 03:09:01',31),(2045,'2022-09-01 03:34:01',7),(2046,'2022-09-01 03:36:01',10),(2047,'2022-09-01 03:42:01',4),(2048,'2022-09-01 03:56:02',8),(2049,'2022-09-01 04:23:02',31),(2050,'2022-09-01 04:53:01',27),(2051,'2022-09-01 05:04:01',10),(2052,'2022-09-01 05:11:01',4),(2053,'2022-09-01 05:24:01',6),(2054,'2022-09-01 05:27:01',3),(2055,'2022-09-01 05:42:01',10),(2056,'2022-09-01 06:15:01',10),(2057,'2022-09-01 06:34:01',31),(2058,'2022-09-01 07:00:01',8),(2059,'2022-09-01 07:17:01',8),(2060,'2022-09-01 07:24:01',7),(2061,'2022-09-01 07:43:01',8),(2062,'2022-09-01 08:13:01',27),(2063,'2022-09-01 08:18:01',10),(2064,'2022-09-01 08:25:01',6),(2065,'2022-09-01 09:03:01',31),(2066,'2022-09-01 09:30:02',10),(2067,'2022-09-01 09:58:02',7),(2068,'2022-09-01 10:29:01',10),(2069,'2022-09-01 10:41:01',6),(2070,'2022-09-01 11:01:01',31),(2071,'2022-09-01 11:24:02',27),(2072,'2022-09-01 11:49:02',9),(2073,'2022-09-01 11:56:01',10),(2074,'2022-09-01 12:13:01',7),(2075,'2022-09-01 12:28:01',8),(2076,'2022-09-01 13:13:02',8),(2077,'2022-09-01 13:37:01',10),(2078,'2022-09-01 14:01:02',5),(2079,'2022-09-01 14:22:01',10),(2080,'2022-09-01 14:41:01',11),(2081,'2022-09-01 15:06:01',4),(2082,'2022-09-01 15:11:01',8),(2083,'2022-09-01 15:21:01',11),(2084,'2022-09-01 15:29:01',10),(2085,'2022-09-01 15:38:01',6),(2086,'2022-09-01 16:10:01',31),(2087,'2022-09-01 16:37:02',9),(2088,'2022-09-01 17:21:01',3),(2089,'2022-09-01 17:50:01',9),(2090,'2022-09-01 18:04:02',6),(2091,'2022-09-01 18:08:01',6),(2092,'2022-09-01 18:19:01',4),(2093,'2022-09-01 18:40:01',7),(2094,'2022-09-01 19:07:01',11),(2095,'2022-09-01 19:38:01',6),(2096,'2022-09-01 19:49:01',6),(2097,'2022-09-01 19:53:01',9),(2098,'2022-09-01 19:59:01',10),(2099,'2022-09-01 20:07:02',8),(2100,'2022-09-01 20:36:01',9),(2101,'2022-09-01 20:49:01',27),(2102,'2022-09-01 21:13:01',9),(2103,'2022-09-01 21:32:01',31),(2104,'2022-09-01 21:38:02',30),(2105,'2022-09-01 21:47:01',4),(2106,'2022-09-01 22:23:01',9),(2107,'2022-09-01 22:35:01',11),(2108,'2022-09-01 22:40:01',10),(2109,'2022-09-01 23:09:01',6),(2110,'2022-09-01 23:17:01',4),(2111,'2022-09-01 23:53:01',4),(2112,'2022-09-02 00:04:01',11),(2113,'2022-09-02 00:27:59',11),(2114,'2022-09-02 00:55:02',26),(2115,'2022-09-02 01:10:01',4),(2116,'2022-09-02 01:39:01',31),(2117,'2022-09-02 01:51:01',4),(2118,'2022-09-02 02:02:01',7),(2119,'2022-09-02 02:34:01',5),(2120,'2022-09-02 02:55:01',9),(2121,'2022-09-02 03:02:02',6),(2122,'2022-09-02 03:18:01',26),(2123,'2022-09-02 03:44:01',31),(2124,'2022-09-02 04:08:01',8),(2125,'2022-09-02 04:26:01',8),(2126,'2022-09-02 04:53:01',27),(2127,'2022-09-02 05:07:02',4),(2128,'2022-09-02 05:18:02',25),(2129,'2022-09-02 06:07:01',6),(2130,'2022-09-02 06:19:01',5),(2131,'2022-09-02 06:43:01',27),(2132,'2022-09-02 06:58:01',10),(2133,'2022-09-02 07:16:01',3),(2134,'2022-09-02 08:06:01',11),(2135,'2022-09-02 08:57:02',6),(2136,'2022-09-02 09:16:01',6),(2137,'2022-09-02 09:26:01',6),(2138,'2022-09-02 09:43:01',10),(2139,'2022-09-02 09:51:01',11),(2140,'2022-09-02 10:42:02',6),(2141,'2022-09-02 11:13:01',8),(2142,'2022-09-02 11:22:02',4),(2143,'2022-09-02 11:40:02',4),(2144,'2022-09-02 11:53:02',4),(2145,'2022-09-02 12:34:02',25),(2146,'2022-09-02 13:16:01',9),(2147,'2022-09-02 13:48:01',30),(2148,'2022-09-02 14:07:01',22),(2149,'2022-09-02 14:16:02',27),(2150,'2022-09-02 14:37:01',26),(2151,'2022-09-02 14:49:01',31),(2152,'2022-09-02 15:11:01',6),(2153,'2022-09-02 15:16:01',11),(2154,'2022-09-02 15:48:01',9),(2155,'2022-09-02 16:25:00',11),(2156,'2022-09-02 17:02:01',8),(2157,'2022-09-02 17:22:01',31),(2158,'2022-09-02 17:55:02',6),(2159,'2022-09-02 18:16:01',4),(2160,'2022-09-02 18:42:01',3),(2161,'2022-09-02 19:12:01',9),(2162,'2022-09-02 19:51:01',6),(2163,'2022-09-02 20:04:01',4),(2164,'2022-09-02 20:13:01',5),(2165,'2022-09-02 20:40:01',9),(2166,'2022-09-02 21:07:01',11),(2167,'2022-09-02 21:17:01',31),(2168,'2022-09-02 21:43:01',8),(2169,'2022-09-02 22:12:01',11),(2170,'2022-09-02 22:20:01',32),(2171,'2022-09-02 22:35:01',11),(2172,'2022-09-02 22:50:02',28),(2173,'2022-09-02 23:32:01',26),(2174,'2022-09-02 23:58:01',5),(2175,'2022-09-03 00:32:01',4),(2176,'2022-09-03 00:45:01',4),(2177,'2022-09-03 01:10:01',30),(2178,'2022-09-03 01:26:01',22),(2179,'2022-09-03 02:01:01',3),(2180,'2022-09-03 02:47:01',10),(2181,'2022-09-03 03:03:01',10),(2182,'2022-09-03 03:26:01',8),(2183,'2022-09-03 03:29:01',9),(2184,'2022-09-03 03:53:01',27),(2185,'2022-09-03 03:56:01',3),(2186,'2022-09-03 04:37:00',10),(2187,'2022-09-03 05:01:01',10),(2188,'2022-09-03 05:45:01',11),(2189,'2022-09-03 05:52:02',11),(2190,'2022-09-03 06:14:02',7),(2191,'2022-09-03 06:19:01',9),(2192,'2022-09-03 06:26:01',6),(2193,'2022-09-03 06:31:01',6),(2194,'2022-09-03 07:02:01',6),(2195,'2022-09-03 07:46:01',27),(2196,'2022-09-03 07:50:02',26),(2197,'2022-09-03 08:23:01',31),(2198,'2022-09-03 08:40:01',8),(2199,'2022-09-03 09:12:01',10),(2200,'2022-09-03 09:27:01',8),(2201,'2022-09-03 09:39:01',9),(2202,'2022-09-03 10:12:01',4),(2203,'2022-09-03 10:24:02',3),(2204,'2022-09-03 10:36:01',5),(2205,'2022-09-03 10:43:01',11),(2206,'2022-09-03 10:55:01',11),(2207,'2022-09-03 11:11:02',8),(2208,'2022-09-03 11:27:02',10),(2209,'2022-09-03 12:00:01',31),(2210,'2022-09-03 12:27:01',8),(2211,'2022-09-03 12:50:01',9),(2212,'2022-09-03 13:04:01',9),(2213,'2022-09-03 13:29:01',6),(2214,'2022-09-03 13:48:02',7),(2215,'2022-09-03 14:15:01',10),(2216,'2022-09-03 14:40:01',5),(2217,'2022-09-03 14:50:01',11),(2218,'2022-09-03 15:31:01',4),(2219,'2022-09-03 15:38:01',9),(2220,'2022-09-03 16:03:01',27),(2221,'2022-09-03 16:30:01',6),(2222,'2022-09-03 16:45:01',11),(2223,'2022-09-03 17:12:01',6),(2224,'2022-09-03 17:34:01',8),(2225,'2022-09-03 17:45:01',3),(2226,'2022-09-03 18:06:01',11),(2227,'2022-09-03 18:36:01',8),(2228,'2022-09-03 19:09:01',6),(2229,'2022-09-03 19:33:01',10),(2230,'2022-09-03 19:51:01',26),(2231,'2022-09-03 20:41:02',31),(2232,'2022-09-03 20:44:01',9),(2233,'2022-09-03 20:55:01',9),(2234,'2022-09-03 21:03:01',11),(2235,'2022-09-03 21:17:01',4),(2236,'2022-09-03 21:42:01',3),(2237,'2022-09-03 22:12:01',5),(2238,'2022-09-03 22:48:01',32),(2239,'2022-09-03 23:14:02',9),(2240,'2022-09-03 23:19:02',4),(2241,'2022-09-04 00:06:01',27),(2242,'2022-09-04 00:17:01',6),(2243,'2022-09-04 00:47:01',10),(2244,'2022-09-04 01:10:01',6),(2245,'2022-09-04 01:37:01',4),(2246,'2022-09-04 01:43:01',9),(2247,'2022-09-04 02:22:01',27),(2248,'2022-09-04 02:38:01',26),(2249,'2022-09-04 03:05:01',31),(2250,'2022-09-04 03:33:02',8),(2251,'2022-09-04 03:45:01',25),(2252,'2022-09-04 03:55:01',3),(2253,'2022-09-04 04:01:01',4),(2254,'2022-09-04 04:20:01',3),(2255,'2022-09-04 04:38:01',6),(2256,'2022-09-04 05:24:02',6),(2257,'2022-09-04 05:52:02',9),(2258,'2022-09-04 06:33:01',10),(2259,'2022-09-04 06:46:01',4),(2260,'2022-09-04 07:11:01',6),(2261,'2022-09-04 07:31:01',31),(2262,'2022-09-04 08:01:02',11),(2263,'2022-09-04 08:09:01',8),(2264,'2022-09-04 08:39:02',4),(2265,'2022-09-04 08:56:01',11),(2266,'2022-09-04 09:33:01',4),(2267,'2022-09-04 10:01:01',5),(2268,'2022-09-04 10:18:01',9),(2269,'2022-09-04 10:31:01',6),(2270,'2022-09-04 10:59:01',10),(2271,'2022-09-04 11:17:01',3),(2272,'2022-09-04 11:48:01',10),(2273,'2022-09-04 12:14:01',8),(2274,'2022-09-04 12:53:01',9),(2275,'2022-09-04 13:43:02',11),(2276,'2022-09-04 13:56:01',8),(2277,'2022-09-04 14:37:01',10),(2278,'2022-09-04 15:01:01',7),(2279,'2022-09-04 15:46:01',11),(2280,'2022-09-04 15:56:02',6),(2281,'2022-09-04 16:19:01',6),(2282,'2022-09-04 16:56:01',4),(2283,'2022-09-04 17:11:01',27),(2284,'2022-09-04 17:24:01',31),(2285,'2022-09-04 17:48:01',6),(2286,'2022-09-04 18:06:02',5),(2287,'2022-09-08 10:43:01',10);

--
-- Table structure for table `Holding`
--

CREATE TABLE `Holding` (
  `cd` int NOT NULL,
  `shortnm` varchar(8) DEFAULT NULL,
  `longnm` varchar(20) DEFAULT NULL,
  `init` int DEFAULT NULL,
  `max` int DEFAULT NULL,
  `cost` double DEFAULT NULL,
  PRIMARY KEY (`cd`)
) ENGINE=InnoDB DEFAULT CHARSET=utf8mb4 COLLATE=utf8mb4_0900_ai_ci;

--
-- Dumping data for table `Holding`
--

INSERT INTO `Holding` VALUES (1,'node','Staking Nodes',50,500,5000000),(2,'mfac','Mining Facilities',25,250,10000000),(3,'jets','Private Jets',0,40,100000000);

--
-- Table structure for table `Location`
--

CREATE TABLE `Location` (
  `id` int NOT NULL,
  `shortnm` char(4) DEFAULT NULL,
  `longnm` varchar(20) DEFAULT NULL,
  `bonus_mult` double DEFAULT NULL,
  PRIMARY KEY (`id`)
) ENGINE=InnoDB DEFAULT CHARSET=utf8mb4 COLLATE=utf8mb4_0900_ai_ci;

--
-- Dumping data for table `Location`
--

INSERT INTO `Location` VALUES (1,'SF','San Francisco',0),(2,'NY','New York',0),(3,'MIA','Miami',0),(4,'VBC','Vancouver',0),(5,'LDN','London',0),(6,'HK','Hong Kong',0),(7,'AMS','Amsterdam',0),(8,'ELSL','El Salvador',0),(9,'MSK','Moscow',0);

--
-- Table structure for table `Player`
--

CREATE TABLE `Player` (
  `login_id` int NOT NULL,
  `pid` int NOT NULL,
  `sid` int DEFAULT NULL,
  `slot` int DEFAULT NULL,
  `charnm` varchar(16) NOT NULL,
  `chartag` varchar(40) DEFAULT NULL,
  `loc` int DEFAULT NULL,
  `glob_rank` int DEFAULT NULL,
  `loc_rank` int DEFAULT NULL,
  `turns` int DEFAULT NULL,
  `turns_queue` int DEFAULT NULL,
  `turns_faucet` int DEFAULT NULL,
  `outs` int DEFAULT NULL,
  `ins` int DEFAULT NULL,
  `market` double DEFAULT NULL,
  `cash` double DEFAULT NULL,
  `bank` double DEFAULT NULL,
  `sk_funding` int DEFAULT NULL,
  `sk_strength` int DEFAULT NULL,
  `sk_marketing` int DEFAULT NULL,
  `sk_techanal` int DEFAULT NULL,
  `sk_intuition` int DEFAULT NULL,
  `sk_cunning` int DEFAULT NULL,
  `sk_debate` int DEFAULT NULL,
  `sk_re` int DEFAULT NULL,
  `upg_insurance` int DEFAULT NULL,
  `upg_accountant` int DEFAULT NULL,
  `upg_degree` int DEFAULT NULL,
  `upg_advert` int DEFAULT NULL,
  `upg_lawyer` int DEFAULT NULL,
  `upg_rally` int DEFAULT NULL,
  `f_newb` int DEFAULT NULL,
  `f_hodler` int DEFAULT NULL,
  `f_whale` int DEFAULT NULL,
  `f_shill` int DEFAULT NULL,
  `f_youtuber` int DEFAULT NULL,
  `f_redditor` int DEFAULT NULL,
  `f_anon` int DEFAULT NULL,
  `f_karen` int DEFAULT NULL,
  `f_reporter` int DEFAULT NULL,
  `f_politician` int DEFAULT NULL,
  `it_fails` int DEFAULT NULL,
  `it_by` varchar(16) DEFAULT NULL,
  `it_exp` int DEFAULT NULL,
  `51_fails` int DEFAULT NULL,
  `51_by` varchar(16) DEFAULT NULL,
  `51_exp` int DEFAULT NULL,
  `fud_fails` int DEFAULT NULL,
  `fud_by` varchar(16) DEFAULT NULL,
  `fud_exp` int DEFAULT NULL,
  `att_won` int DEFAULT NULL,
  `att_lost` int DEFAULT NULL,
  `investors_killed` int DEFAULT NULL,
  `shills_killed` int DEFAULT NULL,
  `def_kills` int DEFAULT NULL,
  `loot_stole` double DEFAULT NULL,
  `influencers_stole` int DEFAULT NULL,
  `doubters_stole` int DEFAULT NULL,
  `flight_exp` int DEFAULT NULL,
  `casopt` int DEFAULT NULL,
  PRIMARY KEY (`pid`)
) ENGINE=InnoDB DEFAULT CHARSET=utf8mb4 COLLATE=utf8mb4_0900_ai_ci;

--
-- Dumping data for table `Player`
--

INSERT INTO `Player` VALUES (2,201,1,1,'Chill01',NULL,1,0,0,5000,0,0,0,0,1175003000,13.3095564842224,0,48,7776,2,5,18,14,17,2,0,0,0,0,0,0,6000,5000,4000,0,0,0,0,0,0,0,0,'',-651600,0,'',-651600,0,'',-651600,0,0,0,0,0,0,0,0,0,0),(2,202,1,2,'Chill02',NULL,1,0,0,5000,0,0,0,0,33352945.62306932,0.195259846746922,0,106,7714,12,12,4,2,20,12,0,0,0,0,0,0,6000,5000,4000,0,0,0,0,0,0,0,0,'',-691560,0,'',-691560,0,'',-691560,0,0,0,0,0,0,0,0,0,0),(2,203,1,3,'Chill03',NULL,1,0,0,5000,0,0,0,0,33305369000,16450000.7119903,0,75,7853,2,4,15,0,17,3,0,0,0,0,0,0,6000,5000,4000,0,0,0,0,0,0,0,0,'',-658800,0,'',-658800,0,'',-658800,0,0,0,0,0,0,0,0,0,0),(2,204,1,4,'Chill04',NULL,1,0,0,5000,0,0,0,0,37560003.458511814,0.00704315304756165,0,111,7166,4,11,4,5,16,4,0,0,0,0,0,0,6000,5000,4000,0,0,0,0,0,0,0,0,'',-662400,0,'',-662400,0,'',-662400,0,0,0,0,0,0,0,0,0,0),(2,205,1,5,'Chill05',NULL,1,0,0,5000,0,0,0,0,32618976000,16450000.493527,0,191,5916,6,3,16,14,3,10,0,0,0,0,0,0,6000,5000,4000,0,0,0,0,0,0,0,0,'',-680400,0,'',-680400,0,'',-680400,0,0,0,0,0,0,0,0,0,0),(2,206,1,6,'Chill06',NULL,1,0,0,5000,0,0,0,0,32369149000,16450000.5138436,0,82,5408,3,11,4,6,19,16,0,0,0,0,0,0,6000,5000,4000,0,0,0,0,0,0,0,0,'',-662400,0,'',-662400,0,'',-662400,0,0,0,0,0,0,0,0,0,0),(2,207,1,7,'Chill07',NULL,1,0,0,5000,0,0,0,0,32332949000,16450000.6399374,0,209,6934,15,19,11,16,10,1,0,0,0,0,0,0,6000,5000,4000,0,0,0,0,0,0,0,0,'',-676800,0,'',-676800,0,'',-676800,0,0,0,0,0,0,0,0,0,0),(2,208,1,8,'Chill08',NULL,1,0,0,5000,0,0,0,0,37481306.7116186,0.0323601439595222,0,85,8186,17,11,8,5,2,13,0,0,0,0,0,0,6000,5000,4000,0,0,0,0,0,0,0,0,'',-655200,0,'',-655200,0,'',-655200,0,0,0,0,0,0,0,0,0,0),(2,209,1,9,'Chill09',NULL,1,0,0,5000,0,0,0,0,30903099000,16450000.1751972,0,102,7914,13,10,13,14,13,20,0,0,0,0,0,0,6000,5000,4000,0,0,0,0,0,0,0,0,'',-658800,0,'',-658800,0,'',-658800,0,0,0,0,0,0,0,0,0,0),(2,210,1,10,'Chill10',NULL,1,0,0,5000,0,0,0,0,39998746000,16450000.6222224,0,3,7369,8,3,9,15,10,5,0,0,0,0,0,0,6000,5000,4000,0,0,0,0,0,0,0,0,'',-669600,0,'',-669600,0,'',-669600,0,0,0,0,0,0,0,0,0,0),(2,211,NULL,11,'Chill11',NULL,1,0,0,5000,0,0,0,0,56641005559.637276,0.105247497558594,0,38,7359,20,16,0,14,7,16,0,0,0,0,0,0,6000,5000,4000,0,0,0,0,0,0,0,0,'',-658800,0,'',-658800,0,'',-658800,0,0,0,0,0,0,0,0,0,0),(2,212,NULL,12,'Chill12',NULL,1,0,0,5000,0,0,0,0,34237670000,9400000.29469221,0,40,7523,20,17,8,7,10,9,0,0,0,0,0,0,6000,5000,4000,0,0,0,0,0,0,0,0,'',-658800,0,'',-658800,0,'',-658800,0,0,0,0,0,0,0,0,0,0),(2,213,NULL,13,'Chill13',NULL,1,0,0,5000,0,0,0,0,93357768000,9400000.90018104,0,45,7331,10,10,17,14,2,8,0,0,0,0,0,0,6000,5000,4000,0,0,0,0,0,0,0,0,'',-658800,0,'',-658800,0,'',-658800,0,0,0,0,0,0,0,0,0,0),(2,214,NULL,14,'Chill14',NULL,1,0,0,5000,0,0,0,0,39624919000,9400000.25701777,0,30,8396,6,3,14,4,17,12,0,0,0,0,0,0,6000,5000,4000,0,0,0,0,0,0,0,0,'',-662400,0,'',-662400,0,'',-662400,0,0,0,0,0,0,0,0,0,0),(2,215,NULL,15,'Chill15',NULL,1,0,0,5000,0,0,0,0,90297188000,9400000.01392767,0,22,5861,17,18,19,3,18,1,0,0,0,0,0,0,6000,5000,4000,0,0,0,0,0,0,0,0,'',-658800,0,'',-658800,0,'',-658800,0,0,0,0,0,0,0,0,0,0),(2,216,NULL,16,'Chill16',NULL,1,0,0,5000,0,0,0,0,83388587000,9400000.06976737,0,24,7051,2,13,17,5,14,16,0,0,0,0,0,0,6000,5000,4000,0,0,0,0,0,0,0,0,'',-687600,0,'',-687600,0,'',-687600,0,0,0,0,0,0,0,0,0,0),(2,217,NULL,17,'Chill17',NULL,1,0,0,5000,0,0,0,0,37270084000,9400000.17002941,0,46,7719,20,11,13,13,8,19,0,0,0,0,0,0,6000,5000,4000,0,0,0,0,0,0,0,0,'',-658800,0,'',-658800,0,'',-658800,0,0,0,0,0,0,0,0,0,0),(2,218,NULL,18,'Chill18',NULL,1,0,0,5000,0,0,0,0,55368395000,9400000.2255936,0,26,8238,5,18,17,9,15,10,0,0,0,0,0,0,6000,5000,4000,0,0,0,0,0,0,0,0,'',-655200,0,'',-655200,0,'',-655200,0,0,0,0,0,0,0,0,0,0),(2,219,NULL,19,'Chill19',NULL,1,0,0,5000,0,0,0,0,120393648000,9400000.50161356,0,9,8536,7,11,14,17,2,0,0,0,0,0,0,0,6000,5000,4000,0,0,0,0,0,0,0,0,'',-655200,0,'',-655200,0,'',-655200,0,0,0,0,0,0,0,0,0,0),(2,220,NULL,20,'Chill20',NULL,1,0,0,5000,0,0,0,0,121812365000,9400000.19844761,0,37,6732,2,10,6,19,15,19,0,0,0,0,0,0,6000,5000,4000,0,0,0,0,0,0,0,0,'',-658800,0,'',-658800,0,'',-658800,0,0,0,0,0,0,0,0,0,0),(2,221,NULL,21,'Chill21',NULL,1,0,0,5000,0,0,0,0,57430442000,9400000.8163728,0,24,9042,8,5,1,11,11,1,0,0,0,0,0,0,6000,5000,4000,0,0,0,0,0,0,0,0,'',-669600,0,'',-669600,0,'',-669600,0,0,0,0,0,0,0,0,0,0),(2,222,NULL,22,'Chill22',NULL,1,0,0,5000,0,0,0,0,58980668000,9400000.15020213,0,29,6936,2,2,7,8,18,5,0,0,0,0,0,0,6000,5000,4000,0,0,0,0,0,0,0,0,'',-680400,0,'',-680400,0,'',-680400,0,0,0,0,0,0,0,0,0,0),(2,223,NULL,23,'Chill23',NULL,1,0,0,5000,0,0,0,0,54843344000,9400000.28483999,0,30,8446,12,3,0,11,14,17,0,0,0,0,0,0,6000,5000,4000,0,0,0,0,0,0,0,0,'',-680400,0,'',-680400,0,'',-680400,0,0,0,0,0,0,0,0,0,0),(2,224,NULL,24,'Chill24',NULL,1,0,0,4255,0,0,0,0,141947128504.7626,23500.081451416,0,179,7185,17,17,13,16,19,9,0,0,0,0,0,0,6000,5000,4000,0,0,0,0,0,0,0,0,'',-720000,0,'',-720000,0,'',-720000,0,0,0,0,0,0,0,0,0,0),(2,225,NULL,25,'Chill25',NULL,1,0,0,5000,0,0,0,0,26112754000,9400000.19485685,0,17,7161,18,9,9,18,1,14,0,0,0,0,0,0,6000,5000,4000,0,0,0,0,0,0,0,0,'',-684000,0,'',-684000,0,'',-684000,0,0,0,0,0,0,0,0,0,0);

--
-- Table structure for table `Player_Crypto`
--

CREATE TABLE `Player_Crypto` (
  `pid` int DEFAULT NULL,
  `cd` int DEFAULT NULL,
  `units` bigint DEFAULT NULL,
  `basis` double DEFAULT NULL,
  UNIQUE KEY `pid` (`pid`,`cd`)
) ENGINE=InnoDB DEFAULT CHARSET=utf8mb4 COLLATE=utf8mb4_0900_ai_ci;

--
-- Dumping data for table `Player_Crypto`
--

INSERT INTO `Player_Crypto` VALUES (203,4,33305369,33305369),(205,4,32618976,32618976),(206,4,32369149,32369149),(207,4,32332949,32332949),(209,4,30903099,30903099),(210,4,39998746,39998746),(212,4,34237670,34237670),(213,4,93357768,93357768),(214,4,39624919,39624919),(215,4,90297188,90297188),(216,4,83388587,83388587),(217,4,37270084,37270084),(218,4,55368395,55368395),(219,4,120393648,120393648),(220,4,121812365,121812365),(221,4,57430442,57430442),(222,4,58980668,58980668),(223,4,54843344,54843344),(225,4,26112754,26112754),(202,8,181003789,41882891.5036492),(204,8,203835158,47165895.5556073),(208,8,203408077,47067072.2807738),(211,9,317280184898,56499957000.5647),(201,4,1175003,1175003000),(224,9,795130854983,141593648940.933);

--
-- Table structure for table `Session`
--

CREATE TABLE `Session` (
  `sess_hash` char(32) NOT NULL,
  `login_id` int DEFAULT NULL,
  PRIMARY KEY (`sess_hash`)
) ENGINE=InnoDB DEFAULT CHARSET=utf8mb4 COLLATE=utf8mb4_0900_ai_ci;

--
-- Dumping data for table `Session`
--

INSERT INTO `Session` VALUES ('375CF278FDBB280A53BA21421B077FD4',2),('4A5AE51080F02F11412292D847C9BDFA',2),('556D4E6CA2D6788B625386F96463F396',6),('6F2A261A9AB92233C5BABACCE8DD1E91',2),('89F5E1B4820A1B7330C8FF162D095CC2',2),('A21459E0E9D2F9170CE784CF918CE7E8',2),('DCC76752AF84E32FA39457C98500E446',2),('FD187FC3D680A43B6AB307C7E48256CB',2);

--
-- Table structure for table `Squad`
--

CREATE TABLE `Squad` (
  `sid` int NOT NULL AUTO_INCREMENT,
  `squadnm` varchar(16) DEFAULT NULL,
  `godfather` int DEFAULT NULL,
  `underboss` int DEFAULT NULL,
  `myfriends` varchar(400) DEFAULT NULL,
  `myenemies` varchar(400) DEFAULT NULL,
  `myignore` varchar(400) DEFAULT NULL,
  `bank` double DEFAULT NULL,
  `openopt` int DEFAULT NULL,
  `att_won` int DEFAULT NULL,
  `att_lost` int DEFAULT NULL,
  `investors_killed` int DEFAULT NULL,
  `shills_killed` int DEFAULT NULL,
  `def_kills` int DEFAULT NULL,
  `loot_stole` double DEFAULT NULL,
  `influencers_stole` int DEFAULT NULL,
  `doubters_stole` int DEFAULT NULL,
  PRIMARY KEY (`sid`)
) ENGINE=InnoDB AUTO_INCREMENT=3 DEFAULT CHARSET=utf8mb4 COLLATE=utf8mb4_0900_ai_ci;

--
-- Dumping data for table `Squad`
--

INSERT INTO `Squad` VALUES (1,'Saturnine',NULL,NULL,NULL,NULL,NULL,0,1,0,0,0,0,0,0,0,0),(2,'Tthugs',NULL,NULL,NULL,NULL,NULL,0,1,0,0,0,0,0,0,0,0);

--
-- Table structure for table `Squad_Holding`
--

CREATE TABLE `Squad_Holding` (
  `sid` int DEFAULT NULL,
  `cd` int DEFAULT NULL,
  `loc` int DEFAULT NULL,
  `amt` int DEFAULT NULL
) ENGINE=InnoDB DEFAULT CHARSET=utf8mb4 COLLATE=utf8mb4_0900_ai_ci;

--
-- Dumping data for table `Squad_Holding`
--


--
-- Table structure for table `Squad_Invite`
--

CREATE TABLE `Squad_Invite` (
  `id` int NOT NULL AUTO_INCREMENT,
  `sid` int DEFAULT NULL,
  `pid` int DEFAULT NULL,
  `itype` char(8) DEFAULT NULL,
  PRIMARY KEY (`id`),
  UNIQUE KEY `sid` (`sid`,`pid`)
) ENGINE=InnoDB AUTO_INCREMENT=3 DEFAULT CHARSET=utf8mb4 COLLATE=utf8mb4_0900_ai_ci;

--
-- Dumping data for table `Squad_Invite`
--

INSERT INTO `Squad_Invite` VALUES (1,1,211,'invite'),(2,1,225,'request');

--
-- Table structure for table `Squad_Rank`
--

CREATE TABLE `Squad_Rank` (
  `sid` int DEFAULT NULL,
  `loc` int DEFAULT NULL,
  `loc_rank` int DEFAULT NULL,
  `value` double DEFAULT NULL,
  `hourly_pct` double DEFAULT NULL,
  `daily_pct` double DEFAULT NULL,
  `hourly_ref` double DEFAULT NULL,
  `daily_ref` double DEFAULT NULL
) ENGINE=InnoDB DEFAULT CHARSET=utf8mb4 COLLATE=utf8mb4_0900_ai_ci;

--
-- Dumping data for table `Squad_Rank`
--

INSERT INTO `Squad_Rank` VALUES (1,0,0,1000000,0,0,1000000,1000000);


